{"id":48,"date":"2024-04-04T07:15:53","date_gmt":"2024-04-04T04:15:53","guid":{"rendered":"https:\/\/sisu.ut.ee\/ope\/taotlemine\/"},"modified":"2024-04-04T07:17:32","modified_gmt":"2024-04-04T04:17:32","slug":"taotlemine","status":"publish","type":"page","link":"https:\/\/sisu.ut.ee\/ope\/taotlemine\/","title":{"rendered":"II. Taotlemine"},"content":{"rendered":"<p style=\"text-align: justify\">\n\t<br><strong>II. Taotlemine<\/strong><\/p>\n<p>10. Varasemate \u00f5pingute ja t\u00f6\u00f6kogemuse arvestamist taotlev isik (edaspidi: taotleja) esitab taotluse \u00f5ppekava V\u00d5TA komisjoni esimehele. Valdkonna n\u00f5ukogu v\u00f5ib valdkonnas kehtestada korra, millega piiratakse taotluste esitamise kordade arvu \u00fcli\u00f5pilase kohta semestris, arvestades, et \u00fcli\u00f5pilasele j\u00e4\u00e4b v\u00f5imalus esitada taotlus v\u00e4hemalt \u00fcks kord semestris.\n<\/p>\n<p style=\"text-align: justify\">\n\t11. Taotleja lisab taotlusele varasemaid \u00f5pinguid ja\/v\u00f5i t\u00f6\u00f6kogemust t\u00f5endavad dokumendid ja muud materjalid, v\u00e4lja arvatud juhul, kui \u00fclikooli \u00f5ppeinfos\u00fcsteemis on \u00f5ppeaine sooritamine kajastatud. Taotleja vastutab esitatud dokumentide ja muude materjalide \u00f5igsuse eest.\n<\/p>\n<p style=\"text-align: justify\">\n\t12. Varasemaid \u00f5pinguid arvestatakse ilma V\u00d5TA taotluseta, kui\n<\/p>\n<p style=\"text-align: justify;margin-left: 40px\">\n\t12.1. \u00fcli\u00f5pilaskandidaat on t\u00e4ies mahus t\u00e4itnud \u00f5ppekava, mis kuulub komisjoni kinnitatud nimekirja \u00fclikooli v\u00f5i teiste k\u00f5rgkoolide \u00f5ppekavadest, mis oma sisult vastavad magistri\u00f5ppesse astumise eelduseks olevatele \u00fclikooli \u00f5ppekavadele;\n<\/p>\n<p style=\"text-align: justify;margin-left: 40px\">\n\t12.2. \u00fcli\u00f5pilane soovib \u00fcle kanda k\u00fclalis\u00fcli\u00f5pilasena teises k\u00f5rgkoolis l\u00e4bitud ja enne \u00f5ppeplaanis v\u00f5i doktorandi individuaalplaanis kinnitatud \u00f5ppeaineid;\n<\/p>\n<p style=\"text-align: justify;margin-left: 40px\">\n\t12.3. \u00f5pingute tunnustamine on \u00fclikooli ja teise \u00f5ppeasutuse vahelises \u00fchis\u00f5ppe koost\u00f6\u00f6lepingus kokku lepitud;\n<\/p>\n<p style=\"text-align: justify;margin-left: 40px\">\n\t12.4. \u00fcli\u00f5pilane reimmatrikuleeritakse \u00f5ppima sama \u00f5ppekava versiooni j\u00e4rgi, mille alusel ta varem \u00f5ppis;\n<\/p>\n<p style=\"text-align: justify;margin-left: 40px\">\n\t12.5. \u00fcli\u00f5pilane viiakse \u00fcle teise \u00f5ppekava \u00f5ppekohale.<\/p>\n","protected":false},"excerpt":{"rendered":"<p>II. Taotlemine 10. Varasemate \u00f5pingute ja t\u00f6\u00f6kogemuse arvestamist taotlev isik (edaspidi: taotleja) esitab taotluse \u00f5ppekava V\u00d5TA komisjoni esimehele. Valdkonna n\u00f5ukogu v\u00f5ib valdkonnas kehtestada korra, millega piiratakse taotluste esitamise kordade arvu \u00fcli\u00f5pilase kohta semestris, arvestades, et \u00fcli\u00f5pilasele j\u00e4\u00e4b v\u00f5imalus esitada taotlus &#8230;<\/p>\n","protected":false},"author":228,"featured_media":0,"parent":0,"menu_order":0,"comment_status":"closed","ping_status":"closed","template":"","meta":{"_acf_changed":false,"inline_featured_image":false,"footnotes":""},"class_list":["post-48","page","type-page","status-publish","hentry"],"acf":[],"_links":{"self":[{"href":"https:\/\/sisu.ut.ee\/ope\/wp-json\/wp\/v2\/pages\/48","targetHints":{"allow":["GET"]}}],"collection":[{"href":"https:\/\/sisu.ut.ee\/ope\/wp-json\/wp\/v2\/pages"}],"about":[{"href":"https:\/\/sisu.ut.ee\/ope\/wp-json\/wp\/v2\/types\/page"}],"author":[{"embeddable":true,"href":"https:\/\/sisu.ut.ee\/ope\/wp-json\/wp\/v2\/users\/228"}],"replies":[{"embeddable":true,"href":"https:\/\/sisu.ut.ee\/ope\/wp-json\/wp\/v2\/comments?post=48"}],"version-history":[{"count":1,"href":"https:\/\/sisu.ut.ee\/ope\/wp-json\/wp\/v2\/pages\/48\/revisions"}],"predecessor-version":[{"id":698,"href":"https:\/\/sisu.ut.ee\/ope\/wp-json\/wp\/v2\/pages\/48\/revisions\/698"}],"wp:attachment":[{"href":"https:\/\/sisu.ut.ee\/ope\/wp-json\/wp\/v2\/media?parent=48"}],"curies":[{"name":"wp","href":"https:\/\/api.w.org\/{rel}","templated":true}]}}