{"id":31,"date":"2024-04-04T07:15:51","date_gmt":"2024-04-04T04:15:51","guid":{"rendered":"https:\/\/sisu.ut.ee\/ope\/tagasiside-andmine\/"},"modified":"2024-04-17T16:43:06","modified_gmt":"2024-04-17T13:43:06","slug":"tagasiside-andmine","status":"publish","type":"page","link":"https:\/\/sisu.ut.ee\/ope\/tagasiside-andmine\/","title":{"rendered":"VII.4. Tagasiside andmine"},"content":{"rendered":"<p style=\"text-align: justify;\">\n<strong>VII.4. Tagasiside andmine<\/strong><\/p>\n<p>116. \u00d5ppet\u00f6\u00f6 kvaliteedi tagamise eesm\u00e4rgil k\u00fcsitakse \u00fcli\u00f5pilastelt tagasisidet regulaarsete \u00fcle\u00fclikooliliste k\u00fcsitluste abil vastavalt rektori kehtestatud <a href=\"https:\/\/adr.ut.ee\/?page=pub_get_ttxt_dokv_file&amp;pid=2226163440&amp;lang=est&amp;u=20240417134921&amp;desktop=57835&amp;r_url=%2F%3Fpage%3Dpub_list_dynobj%26pid%3D%26tid%3D69329%26u%3D20240417134921\" target=\"_blank\" rel=\"noopener\">tagasiside k\u00fcsimise ja arvestamise korrale<\/a>.<\/p>\n","protected":false},"excerpt":{"rendered":"<p>VII.4. Tagasiside andmine 116. \u00d5ppet\u00f6\u00f6 kvaliteedi tagamise eesm\u00e4rgil k\u00fcsitakse \u00fcli\u00f5pilastelt tagasisidet regulaarsete \u00fcle\u00fclikooliliste k\u00fcsitluste abil vastavalt rektori kehtestatud tagasiside k\u00fcsimise ja arvestamise korrale.<\/p>\n","protected":false},"author":228,"featured_media":0,"parent":0,"menu_order":0,"comment_status":"closed","ping_status":"closed","template":"","meta":{"_acf_changed":false,"inline_featured_image":false,"footnotes":""},"class_list":["post-31","page","type-page","status-publish","hentry"],"acf":[],"_links":{"self":[{"href":"https:\/\/sisu.ut.ee\/ope\/wp-json\/wp\/v2\/pages\/31","targetHints":{"allow":["GET"]}}],"collection":[{"href":"https:\/\/sisu.ut.ee\/ope\/wp-json\/wp\/v2\/pages"}],"about":[{"href":"https:\/\/sisu.ut.ee\/ope\/wp-json\/wp\/v2\/types\/page"}],"author":[{"embeddable":true,"href":"https:\/\/sisu.ut.ee\/ope\/wp-json\/wp\/v2\/users\/228"}],"replies":[{"embeddable":true,"href":"https:\/\/sisu.ut.ee\/ope\/wp-json\/wp\/v2\/comments?post=31"}],"version-history":[{"count":2,"href":"https:\/\/sisu.ut.ee\/ope\/wp-json\/wp\/v2\/pages\/31\/revisions"}],"predecessor-version":[{"id":1501,"href":"https:\/\/sisu.ut.ee\/ope\/wp-json\/wp\/v2\/pages\/31\/revisions\/1501"}],"wp:attachment":[{"href":"https:\/\/sisu.ut.ee\/ope\/wp-json\/wp\/v2\/media?parent=31"}],"curies":[{"name":"wp","href":"https:\/\/api.w.org\/{rel}","templated":true}]}}