{"id":28,"date":"2024-04-04T07:15:51","date_gmt":"2024-04-04T04:15:51","guid":{"rendered":"https:\/\/sisu.ut.ee\/ope\/teavitamine\/"},"modified":"2024-04-04T07:17:33","modified_gmt":"2024-04-04T04:17:33","slug":"teavitamine","status":"publish","type":"page","link":"https:\/\/sisu.ut.ee\/ope\/teavitamine\/","title":{"rendered":"VII.1. Teavitamine"},"content":{"rendered":"<p style=\"text-align: justify\">\n\t<br><strong>VII.1. Teavitamine<\/strong><\/p>\n<p>107. \u00d5pingutega seoses kasutab \u00fcli\u00f5pilane \u00fclikooli e-posti aadressi. \u00dclikool teavitab \u00f5ppeinfos\u00fcsteemi ja \u00fclikooli e-posti aadressi kaudu \u00fcli\u00f5pilast teda puudutavatest korraldustest, n\u00e4iteks eksmatrikuleerimine, akadeemiline puhkus ja \u00f5ppeaja pikendamine. \u00d5ppeinfos\u00fcsteemi kaudu ja \u00fclikooli e-posti aadressile edastatud korraldused ja teated loeb \u00fclikool \u00fcli\u00f5pilasele edastatuks.\n<\/p>\n<p style=\"text-align: justify\">\n\t108. \u00dcli\u00f5pilasesinduse juhatus teavitab \u00f5ppeinfos\u00fcsteemi kaudu \u00fcli\u00f5pilasi \u00fclikooli esinduskogudesse kandideerimise ja esindajate valimise tingimustest vastavalt \u00fcli\u00f5pilasesinduse \u00fcldisele valimiseeskirjale.\n<\/p>\n<p style=\"text-align: justify\">\n\t109. \u00dcli\u00f5pilasel on \u00f5igus saada \u00f5ppej\u00f5ult, kelle \u00f5ppeaines ta osaleb, ning \u00f5ppekorraldusega tegelevalt \u00fclikooli t\u00f6\u00f6tajalt oma e-kirjale vastus kolme t\u00f6\u00f6p\u00e4eva jooksul.\n<\/p>\n<p style=\"text-align: justify\">\n\t110. \u00dcli\u00f5pilasel on kohustus viivitamata teavitada \u00f5ppeinfos\u00fcsteemi kaudu \u00fclikooli oma kontaktandmete muutusest.\n<\/p>\n<p style=\"text-align: justify\">\n\t111. \u00dcli\u00f5pilane on \u00f5ppet\u00f6\u00f6st t\u00e4ielikult vabastatud ajal, kui ta osaleb kaitsev\u00e4e \u00f5ppekogunemisel v\u00f5i lisa\u00f5ppekogunemisel v\u00f5i kui ta ei saa mobilisatsiooni t\u00f5ttu \u00f5ppet\u00f6\u00f6s osaleda. Vastava kutse saamisel on \u00fcli\u00f5pilasel kohustus programmijuhti eemalolekust teavitada. \u00d5ppej\u00f5ul on kohustus korraldada vabastuse saanud \u00fcli\u00f5pilase \u00f5ppet\u00f6\u00f6 nii, et \u00f5ppekogunemisel v\u00f5i lisa\u00f5ppekogunemisel osalenu saab samal semestril v\u00f5lgnevused likvideerida.<\/p>\n","protected":false},"excerpt":{"rendered":"<p>VII.1. Teavitamine 107. \u00d5pingutega seoses kasutab \u00fcli\u00f5pilane \u00fclikooli e-posti aadressi. \u00dclikool teavitab \u00f5ppeinfos\u00fcsteemi ja \u00fclikooli e-posti aadressi kaudu \u00fcli\u00f5pilast teda puudutavatest korraldustest, n\u00e4iteks eksmatrikuleerimine, akadeemiline puhkus ja \u00f5ppeaja pikendamine. \u00d5ppeinfos\u00fcsteemi kaudu ja \u00fclikooli e-posti aadressile edastatud korraldused ja teated loeb &#8230;<\/p>\n","protected":false},"author":228,"featured_media":0,"parent":0,"menu_order":0,"comment_status":"closed","ping_status":"closed","template":"","meta":{"_acf_changed":false,"inline_featured_image":false,"footnotes":""},"class_list":["post-28","page","type-page","status-publish","hentry"],"acf":[],"_links":{"self":[{"href":"https:\/\/sisu.ut.ee\/ope\/wp-json\/wp\/v2\/pages\/28","targetHints":{"allow":["GET"]}}],"collection":[{"href":"https:\/\/sisu.ut.ee\/ope\/wp-json\/wp\/v2\/pages"}],"about":[{"href":"https:\/\/sisu.ut.ee\/ope\/wp-json\/wp\/v2\/types\/page"}],"author":[{"embeddable":true,"href":"https:\/\/sisu.ut.ee\/ope\/wp-json\/wp\/v2\/users\/228"}],"replies":[{"embeddable":true,"href":"https:\/\/sisu.ut.ee\/ope\/wp-json\/wp\/v2\/comments?post=28"}],"version-history":[{"count":1,"href":"https:\/\/sisu.ut.ee\/ope\/wp-json\/wp\/v2\/pages\/28\/revisions"}],"predecessor-version":[{"id":715,"href":"https:\/\/sisu.ut.ee\/ope\/wp-json\/wp\/v2\/pages\/28\/revisions\/715"}],"wp:attachment":[{"href":"https:\/\/sisu.ut.ee\/ope\/wp-json\/wp\/v2\/media?parent=28"}],"curies":[{"name":"wp","href":"https:\/\/api.w.org\/{rel}","templated":true}]}}