{"id":25,"date":"2024-04-04T07:15:51","date_gmt":"2024-04-04T04:15:51","guid":{"rendered":"https:\/\/sisu.ut.ee\/ope\/vaba-oppekoha-taitmine-0\/"},"modified":"2024-04-04T07:17:33","modified_gmt":"2024-04-04T04:17:33","slug":"vaba-oppekoha-taitmine-0","status":"publish","type":"page","link":"https:\/\/sisu.ut.ee\/ope\/vaba-oppekoha-taitmine-0\/","title":{"rendered":"VI.1. Vaba \u00f5ppekoha t\u00e4itmine"},"content":{"rendered":"<p style=\"text-align: justify\">\n\t<br><strong>VI.1. Vaba \u00f5ppekoha t\u00e4itmine<\/strong><\/p>\n<p>92. Vaba \u00f5ppekoha v\u00f5ib v\u00e4lja kuulutada, kui \u00fche \u00f5ppekava \u00f5ppekohtadel \u00f5ppivaid samal aastal immatrikuleeritud \u00fcli\u00f5pilasi on v\u00e4hem kui selleks \u00f5ppeaastaks \u00f5ppekava alusel moodustatud \u00f5ppekohti.\n<\/p>\n<p style=\"text-align: justify\">\n\t93. \u00d5ppeosakond peab \u00f5ppekohtade arvestust ja annab vabanenud \u00f5ppekohtadest teada \u00fclikooli veebilehel iga semestri alguses. \u00d5ppekohtade arvestamisel j\u00e4lgitakse eraldi igal \u00f5ppeaastal vabanevaid \u00f5ppekohti, l\u00e4htuvalt vastava \u00f5ppekava nominaalkestusest.\n<\/p>\n<p style=\"text-align: justify\">\n\t94. Vaba \u00f5ppekoht t\u00e4idetakse avaliku konkursi korras nelja n\u00e4dala jooksul alates semestri algusest. Konkursitingimused ja kandideerimise t\u00e4htaja kehtestab valdkonna n\u00f5ukogu.\n<\/p>\n<p style=\"text-align: justify\">\n\t95. Esimese \u00f5ppeaasta s\u00fcgissemestril \u00f5ppekava vabu \u00f5ppekohti ei t\u00e4ideta.\n<\/p>\n<p style=\"text-align: justify\">\n\t96. Vabale \u00f5ppekohale on \u00f5igus kandideerida isikutel, kes on t\u00e4itnud vastava \u00f5ppekava alusel \u00f5ppima asumiseks vajaliku eelneva haridustaseme n\u00f5uded ja \u00f5ppekavas m\u00e4\u00e4ratud eeldusained ning vastavad konkursitingimustele.\n<\/p>\n<p style=\"text-align: justify\">\n\t97. Vabale \u00f5ppekohale kandideerimisel arvestatakse varasemaid \u00f5pinguid ja t\u00f6\u00f6kogemust lisas 3 kehtestatud V\u00d5TA tingimuste ja korra kohaselt. Kandideerija peab t\u00f5endama \u00f5ppekava \u00f5ppekeele oskust v\u00e4hemalt Euroopa keele\u00f5ppe raamdokumendis m\u00e4\u00e4ratletud B2-tasemel.\n<\/p>\n<p style=\"text-align: justify\">\n\t98. \u00d5ppekava, \u00f5ppevormi ja\/v\u00f5i \u00f5ppet\u00f6\u00f6 asukoha vahetust taotlev \u00fcli\u00f5pilane saab vabale \u00f5ppekohale kandideerida vastava \u00f5ppekava nominaalkestusest l\u00e4htuvalt samal v\u00f5i sellele eelneva(te)l \u00f5ppeaasta(te)l, millel vaba \u00f5ppekoht tekkis. Pikendusajal \u00f5ppivad \u00fcli\u00f5pilased ei saa vabale \u00f5ppekohale kandideerida.\n<\/p>\n<p style=\"text-align: justify\">\n\t99. Immatrikuleerimist vabale \u00f5ppekohale saab isik taotleda juhul, kui tal on t\u00e4idetud osakoormusega \u00f5ppesse immatrikuleerimise taotlemisel v\u00e4hemalt 50% v\u00f5i t\u00e4iskoormusega \u00f5ppesse immatrikuleerimise taotlemisel v\u00e4hemalt 75% \u00f5ppekava t\u00e4itmise nominaalmahust. Esimese \u00f5ppeaasta kevadsemestril saab isik immatrikuleerimist t\u00e4is- v\u00f5i osakoormusega \u00f5ppesse taotleda juhul, kui ta on l\u00e4binud \u00f5ppeaineid v\u00e4hemalt 15 EAP mahus. Kursuses\u00fcsteemi alusel toimuvas \u00f5ppes saab isik immatrikuleerimist taotleda juhul, kui ta on \u00f5ppekava j\u00e4rgi eelneval semestril t\u00e4itmisele kuuluva kohustusliku \u00f5ppe mahust t\u00e4itnud 100%. Isik saab immatrikuleerimist taotleda juhul, kui tal ei ole \u00fclikooli ees \u00f5ppetasu v\u00f5lgnevusi.\n<\/p>\n<p style=\"text-align: justify\">\n\t100. Vaba \u00f5ppekoht t\u00e4idetakse \u00f5ppeprodekaani esildise alusel \u00f5ppeprorektori korraldusega, kahe valdkonna vahel \u00f5ppekava vahetades m\u00f5lema valdkonna \u00f5ppeprodekaani n\u00f5usolekul.<\/p>\n","protected":false},"excerpt":{"rendered":"<p>VI.1. Vaba \u00f5ppekoha t\u00e4itmine 92. Vaba \u00f5ppekoha v\u00f5ib v\u00e4lja kuulutada, kui \u00fche \u00f5ppekava \u00f5ppekohtadel \u00f5ppivaid samal aastal immatrikuleeritud \u00fcli\u00f5pilasi on v\u00e4hem kui selleks \u00f5ppeaastaks \u00f5ppekava alusel moodustatud \u00f5ppekohti. 93. \u00d5ppeosakond peab \u00f5ppekohtade arvestust ja annab vabanenud \u00f5ppekohtadest teada \u00fclikooli veebilehel &#8230;<\/p>\n","protected":false},"author":228,"featured_media":0,"parent":0,"menu_order":0,"comment_status":"closed","ping_status":"closed","template":"","meta":{"_acf_changed":false,"inline_featured_image":false,"footnotes":""},"class_list":["post-25","page","type-page","status-publish","hentry"],"acf":[],"_links":{"self":[{"href":"https:\/\/sisu.ut.ee\/ope\/wp-json\/wp\/v2\/pages\/25","targetHints":{"allow":["GET"]}}],"collection":[{"href":"https:\/\/sisu.ut.ee\/ope\/wp-json\/wp\/v2\/pages"}],"about":[{"href":"https:\/\/sisu.ut.ee\/ope\/wp-json\/wp\/v2\/types\/page"}],"author":[{"embeddable":true,"href":"https:\/\/sisu.ut.ee\/ope\/wp-json\/wp\/v2\/users\/228"}],"replies":[{"embeddable":true,"href":"https:\/\/sisu.ut.ee\/ope\/wp-json\/wp\/v2\/comments?post=25"}],"version-history":[{"count":1,"href":"https:\/\/sisu.ut.ee\/ope\/wp-json\/wp\/v2\/pages\/25\/revisions"}],"predecessor-version":[{"id":712,"href":"https:\/\/sisu.ut.ee\/ope\/wp-json\/wp\/v2\/pages\/25\/revisions\/712"}],"wp:attachment":[{"href":"https:\/\/sisu.ut.ee\/ope\/wp-json\/wp\/v2\/media?parent=25"}],"curies":[{"name":"wp","href":"https:\/\/api.w.org\/{rel}","templated":true}]}}