{"id":19,"date":"2024-04-04T07:15:50","date_gmt":"2024-04-04T04:15:50","guid":{"rendered":"https:\/\/sisu.ut.ee\/ope\/lopueksam\/"},"modified":"2024-04-04T07:17:34","modified_gmt":"2024-04-04T04:17:34","slug":"lopueksam","status":"publish","type":"page","link":"https:\/\/sisu.ut.ee\/ope\/lopueksam\/","title":{"rendered":"IV.4. L\u00f5pueksam"},"content":{"rendered":"<p style=\"text-align: justify\">\n\t<br><strong>IV.4. L\u00f5pueksam<\/strong><\/p>\n<p>67. L\u00f5pueksamile lubamise eeldus on \u00f5ppekava k\u00f5igi \u00fclej\u00e4\u00e4nud \u00f5ppeainete l\u00e4bimine.\n<\/p>\n<p style=\"text-align: justify\">\n\t68. L\u00f5pueksami sisulised n\u00f5uded, lopueksamit hindava komisjoni koosseisu moodustamise korra ja lopueksami tegemise korra kehtestab valdkonna n\u00f5ukogu. L\u00f5pueksami tegemise t\u00e4htajad ja lopueksamit hindava komisjoni koosseisu kinnitab \u00f5ppekava haldava instituudi juht v\u00f5i \u00f5ppekava haldava valdkonna \u00f5ppeprodekaan. Kui \u00f5ppekava t\u00e4itjale antakse kutse, tuleb lopueksami komisjoni koosseis koosk\u00f5lastada kutsekomisjoniga. L\u00f5pueksami hindamiskorraldusele ei rakendu punktides 50, 51, 53 ja 54.3 kehtestatud n\u00f5uded.\n<\/p>\n<p style=\"text-align: justify\">\n\t69. L\u00f5pueksami komisjon on hindamisel otsustusv\u00f5imeline, kui kohal on \u00fcle poole komisjoni koosseisust. Enne lopueksami algust teatab komisjoni esimees \u00fcli\u00f5pilastele lopueksami tulemuste teatavakstegemise aja.\n<\/p>\n<p style=\"text-align: justify\">\n\t70. L\u00f5pueksamile mitteilmumisel tehakse \u00fcli\u00f5pilase kohta protokolli m\u00e4rge \u201emitteilmunud\u201c. M\u00e4rge \u201emitteilmunud\u201c t\u00fchistatakse, kui \u00fcli\u00f5pilane ei ilmunud lopueksamile m\u00f5juval p\u00f5hjusel ja esitab komisjoni esimehele viie t\u00f6\u00f6p\u00e4eva jooksul alates eksami toimumisest m\u00f5juva p\u00f5hjuse kohta t\u00f5endi. M\u00f5juval p\u00f5hjusel lopueksamile ilmumata j\u00e4tnud \u00fcli\u00f5pilasel on komisjoni otsusel \u00f5igus teha lopueksam komisjoni esimehe m\u00e4\u00e4ratud ajal.\n<\/p>\n<p style=\"text-align: justify\">\n\t71. L\u00f5pueksami korduseksamit on \u00fcli\u00f5pilasel v\u00f5imalik teha \u00fcks kord valdkonna n\u00f5ukogu kehtestatud korras.<\/p>\n","protected":false},"excerpt":{"rendered":"<p>IV.4. L\u00f5pueksam 67. L\u00f5pueksamile lubamise eeldus on \u00f5ppekava k\u00f5igi \u00fclej\u00e4\u00e4nud \u00f5ppeainete l\u00e4bimine. 68. L\u00f5pueksami sisulised n\u00f5uded, lopueksamit hindava komisjoni koosseisu moodustamise korra ja lopueksami tegemise korra kehtestab valdkonna n\u00f5ukogu. L\u00f5pueksami tegemise t\u00e4htajad ja lopueksamit hindava komisjoni koosseisu kinnitab \u00f5ppekava haldava &#8230;<\/p>\n","protected":false},"author":228,"featured_media":0,"parent":0,"menu_order":0,"comment_status":"closed","ping_status":"closed","template":"","meta":{"_acf_changed":false,"inline_featured_image":false,"footnotes":""},"class_list":["post-19","page","type-page","status-publish","hentry"],"acf":[],"_links":{"self":[{"href":"https:\/\/sisu.ut.ee\/ope\/wp-json\/wp\/v2\/pages\/19","targetHints":{"allow":["GET"]}}],"collection":[{"href":"https:\/\/sisu.ut.ee\/ope\/wp-json\/wp\/v2\/pages"}],"about":[{"href":"https:\/\/sisu.ut.ee\/ope\/wp-json\/wp\/v2\/types\/page"}],"author":[{"embeddable":true,"href":"https:\/\/sisu.ut.ee\/ope\/wp-json\/wp\/v2\/users\/228"}],"replies":[{"embeddable":true,"href":"https:\/\/sisu.ut.ee\/ope\/wp-json\/wp\/v2\/comments?post=19"}],"version-history":[{"count":1,"href":"https:\/\/sisu.ut.ee\/ope\/wp-json\/wp\/v2\/pages\/19\/revisions"}],"predecessor-version":[{"id":725,"href":"https:\/\/sisu.ut.ee\/ope\/wp-json\/wp\/v2\/pages\/19\/revisions\/725"}],"wp:attachment":[{"href":"https:\/\/sisu.ut.ee\/ope\/wp-json\/wp\/v2\/media?parent=19"}],"curies":[{"name":"wp","href":"https:\/\/api.w.org\/{rel}","templated":true}]}}