{"id":17,"date":"2024-04-04T07:15:50","date_gmt":"2024-04-04T04:15:50","guid":{"rendered":"https:\/\/sisu.ut.ee\/ope\/opivaljundite-hindamise-skaalad\/"},"modified":"2024-04-04T07:17:33","modified_gmt":"2024-04-04T04:17:33","slug":"opivaljundite-hindamise-skaalad","status":"publish","type":"page","link":"https:\/\/sisu.ut.ee\/ope\/opivaljundite-hindamise-skaalad\/","title":{"rendered":"IV.1. \u00d5piv\u00e4ljundite hindamise skaalad"},"content":{"rendered":"<p style=\"text-align: justify\">\n\t<br><strong>IV.1. \u00d5piv\u00e4ljundite hindamise skaalad<\/strong><\/p>\n<p>44. \u00d5piv\u00e4ljundite hindamine v\u00f5ib olla eristav (hinded A, B, C, D, E, F) ja eristamata (hinded \u201earvestatud\u201c ja \u201emittearvestatud\u201c). L\u00f5put\u00f6\u00f6d hinnatakse eristavalt.\n<\/p>\n<p style=\"text-align: justify\">\n\t45. \u00d5ppeaine loetakse l\u00e4bituks p\u00e4rast \u00f5piv\u00e4ljundite hindamisel positiivse tulemuse saamist. Positiivsed tulemused on hinded A, B, C, D, E ning \u201earvestatud\u201c ning negatiivsed tulemused on F, \u201emittearvestatud\u201c ja \u201emitteilmunud\u201c.\n<\/p>\n<p style=\"text-align: justify\">\n\t46. Keskmise hinde arvutamisel arvestatakse t\u00e4hed numbriteks j\u00e4rgmiselt: A = 5, B = 4, C = 3, D = 2, E = 1, F = 0, eristavale hindamisele m\u00f5juva p\u00f5hjuseta mitteilmunud = 0.\n<\/p>\n<p style=\"text-align: justify\">\n\t<\/p><div class=\"accordion mb-3\">\n        <div class=\"accordion-item accordion-item--white\">\n        <h2 class=\"accordion-header\" id=\"accordion-69d5f8d588cfe-heading\">\n            <button class=\"accordion-button collapsed\" type=\"button\" data-bs-toggle=\"collapse\" data-bs-target=\"#accordion-69d5f8d588cfe-collapse\" aria-expanded=\"true\" aria-controls=\"accordion-69d5f8d588cfe-collapse\">Vaata lisaks<\/button>\n        <\/h2>\n        <div id=\"accordion-69d5f8d588cfe-collapse\" class=\"accordion-collapse collapse\" aria-labelledby=\"accordion-69d5f8d588cfe-heading\">\n            <div class=\"accordion-body\">\u00d5piv\u00e4ljundite hindamise skaala on lahti seletatud <a data-url=\"https:\/\/www.riigiteataja.ee\/akt\/122092021005?leiaKehtiv\" href=\"https:\/\/www.riigiteataja.ee\/akt\/122092021005?leiaKehtiv\" target=\"_blank\" title=\"\" rel=\"noopener\"><span style=\"color:#0000ff\">haridus- ja teadusministri m\u00e4\u00e4ruses<\/span><\/a>\n\n<p style=\"text-align: justify\">\n\tLoe ka \u00fclikooli v\u00e4lisveebist <a data-url=\"https:\/\/ut.ee\/et\/sisu\/eksamid-ja-arvestused\" href=\"https:\/\/ut.ee\/et\/sisu\/eksamid-ja-arvestused\" target=\"_blank\" title=\"\" rel=\"noopener\"><span style=\"color:#0000ff\">eksamite ja arvestuste kohta<\/span><\/a><\/p><\/div>\n        <\/div>\n        <\/div>\n    <\/div>\n","protected":false},"excerpt":{"rendered":"<p>IV.1. \u00d5piv\u00e4ljundite hindamise skaalad 44. \u00d5piv\u00e4ljundite hindamine v\u00f5ib olla eristav (hinded A, B, C, D, E, F) ja eristamata (hinded \u201earvestatud\u201c ja \u201emittearvestatud\u201c). L\u00f5put\u00f6\u00f6d hinnatakse eristavalt. 45. \u00d5ppeaine loetakse l\u00e4bituks p\u00e4rast \u00f5piv\u00e4ljundite hindamisel positiivse tulemuse saamist. Positiivsed tulemused on hinded &#8230;<\/p>\n","protected":false},"author":228,"featured_media":0,"parent":0,"menu_order":0,"comment_status":"closed","ping_status":"closed","template":"","meta":{"_acf_changed":false,"inline_featured_image":false,"footnotes":""},"class_list":["post-17","page","type-page","status-publish","hentry"],"acf":[],"_links":{"self":[{"href":"https:\/\/sisu.ut.ee\/ope\/wp-json\/wp\/v2\/pages\/17","targetHints":{"allow":["GET"]}}],"collection":[{"href":"https:\/\/sisu.ut.ee\/ope\/wp-json\/wp\/v2\/pages"}],"about":[{"href":"https:\/\/sisu.ut.ee\/ope\/wp-json\/wp\/v2\/types\/page"}],"author":[{"embeddable":true,"href":"https:\/\/sisu.ut.ee\/ope\/wp-json\/wp\/v2\/users\/228"}],"replies":[{"embeddable":true,"href":"https:\/\/sisu.ut.ee\/ope\/wp-json\/wp\/v2\/comments?post=17"}],"version-history":[{"count":1,"href":"https:\/\/sisu.ut.ee\/ope\/wp-json\/wp\/v2\/pages\/17\/revisions"}],"predecessor-version":[{"id":723,"href":"https:\/\/sisu.ut.ee\/ope\/wp-json\/wp\/v2\/pages\/17\/revisions\/723"}],"wp:attachment":[{"href":"https:\/\/sisu.ut.ee\/ope\/wp-json\/wp\/v2\/media?parent=17"}],"curies":[{"name":"wp","href":"https:\/\/api.w.org\/{rel}","templated":true}]}}