{"id":105,"date":"2024-04-04T07:15:59","date_gmt":"2024-04-04T04:15:59","guid":{"rendered":"https:\/\/sisu.ut.ee\/ope\/uhisjuhendamise-lepingu-solmimine\/"},"modified":"2025-05-19T16:40:34","modified_gmt":"2025-05-19T13:40:34","slug":"uhisjuhendamise-lepingu-solmimine","status":"publish","type":"page","link":"https:\/\/sisu.ut.ee\/ope\/uhisjuhendamise-lepingu-solmimine\/","title":{"rendered":"III.8.1. \u00dchisjuhendamise lepingu s\u00f5lmimine"},"content":{"rendered":"<p style=\"text-align: justify;\"><strong><br>\n158.<\/strong> Doktorandi \u00fchisjuhendamise leping s\u00f5lmitakse \u00fclikooli doktorandi, \u00fclikooli ja v\u00e4lisk\u00f5rgkooli vahel. \u00dchisjuhendamise leping v\u00f5imaldab doktorit\u00f6\u00f6d kaitsta lepingus kokku lepitud tingimustel \u00fclikooli ja v\u00e4lisk\u00f5rgkooli \u00fchisn\u00f5ukogu ees ning anda \u00fchisn\u00f5ukogu otsuse alusel doktorikraadi taotlejale \u00fclikooli ja v\u00e4lisk\u00f5rgkooli l\u00f5pudokumendid ja akadeemilised kraadid.<\/p>\n<p style=\"text-align: justify;\"><\/p><div class=\"accordion mb-3\">\n        <div class=\"accordion-item accordion-item--white\">\n        <h2 class=\"accordion-header\" id=\"accordion-69d9f0b8b96b5-heading\">\n            <button class=\"accordion-button collapsed\" type=\"button\" data-bs-toggle=\"collapse\" data-bs-target=\"#accordion-69d9f0b8b96b5-collapse\" aria-expanded=\"true\" aria-controls=\"accordion-69d9f0b8b96b5-collapse\">Lisainfo<\/button>\n        <\/h2>\n        <div id=\"accordion-69d9f0b8b96b5-collapse\" class=\"accordion-collapse collapse\" aria-labelledby=\"accordion-69d9f0b8b96b5-heading\">\n            <div class=\"accordion-body\">\u00dchisjuhendamise lepingu eesm\u00e4rgiks on koost\u00f6\u00f6 doktorandi juhendamisel ning doktorit\u00f6\u00f6ga seotud uurimist\u00f6\u00f6 l\u00e4biviimisel kahes \u00fclikoolis. Tulemuseks on \u00fcks doktorit\u00f6\u00f6, mille kaitsmine toimub kahe \u00fclikooli poolt moodustatud \u00fchise komisjoni ees. Eduka kaitsmise puhul annavad m\u00f5lemad \u00fclikoolid v\u00e4lja diplomi, millel on viide ka teise \u00fclikooli poolt antud kraadi kohta.\n<p style=\"text-align: justify;\">Lepingu s\u00f5lmimise eeltingimused:<\/p>\n<ul>\n<li style=\"text-align: justify;\">Juhendatav on lepingu s\u00f5lmimise ehk allkirjastamise hetkel m\u00f5lemas \u00fclikoolis doktori\u00f5ppe \u00fcli\u00f5pilane;<\/li>\n<li style=\"text-align: justify;\">Eksterniga lepingut ei s\u00f5lmita, kuid \u00fcli\u00f5pilasega s\u00f5lmitud lepingu alusel v\u00f5ib kaitsmine toimuda eksternina.<\/li>\n<\/ul>\n<p style=\"text-align: justify;\">Kui juhendatav on partner\u00fclikooli vastu v\u00f5etud ja ta kandideerib Tartu \u00dclikoolis tegevustoetuse v\u00e4lisele doktori\u00f5ppekohale, pole vajalik tavap\u00e4rast vastuv\u00f5tukonkurssi l\u00e4bi viia. Sellisel juhul piisab vastuv\u00f5tuks vajalike dokumentide esitamisest, mille vastavust Tartu \u00dclikooli tingimustele kontrollib \u00f5ppeosakond. Tegevustoetusega \u00f5ppekoha puhul tuleb l\u00e4bida tavap\u00e4rane vastuv\u00f5tukonkurss.\u00a0<\/p><\/div>\n        <\/div>\n        <\/div>\n    <\/div>\n<p style=\"text-align: justify;\"><strong>159.<\/strong> \u00dchisjuhendamise lepingu allkirjastavad doktorant, m\u00f5lema k\u00f5rgkooli esindajad ja doktorandi juhendajad. Enne allkirjastamist saadab juhendaja \u00fchisjuhendamise lepingu elektroonselt \u00fclikooli doktorikraadi andvale n\u00f5ukogule, kes esitab selle eeskirjas kehtestatud n\u00f5uetele vastavuse kontrollimiseks \u00f5ppeosakonnale.<\/p>\n<p style=\"text-align: justify;\"><strong>160. <\/strong>Kui \u00fchisjuhendamise lepingus kokku lepitud doktorit\u00f6\u00f6 kaitsmise tingimused ja kord ei vasta eeskirjas kehtestatud doktorit\u00f6\u00f6de kaitsmise tingimustele ja korrale, peab lepingu s\u00f5lmimise heaks kiitma \u00fclikooli doktorikraadi andev n\u00f5ukogu. Seej\u00e4rel otsustab senat, kas lubada erisusi eeskirjas s\u00e4testatud doktorit\u00f6\u00f6 kaitsmise tingimustest ja korrast.<\/p>\n<p style=\"text-align: justify;\"><strong>161. <\/strong>Kui \u00fchisjuhendamise lepingus kokku lepitud doktorit\u00f6\u00f6 kaitsmise tingimused ja kord vastavad eeskirjas kehtestatud doktorit\u00f6\u00f6de kaitsmise tingimustele ja korrale, peab lepingu s\u00f5lmimise heaks kiitma \u00fclikooli doktorikraadi andev n\u00f5ukogu.<\/p>\n<p style=\"text-align: justify;\"><\/p><div class=\"accordion mb-3\">\n        <div class=\"accordion-item accordion-item--white\">\n        <h2 class=\"accordion-header\" id=\"accordion-69d9f0b8b96bd-heading\">\n            <button class=\"accordion-button collapsed\" type=\"button\" data-bs-toggle=\"collapse\" data-bs-target=\"#accordion-69d9f0b8b96bd-collapse\" aria-expanded=\"true\" aria-controls=\"accordion-69d9f0b8b96bd-collapse\">Lisainfo<\/button>\n        <\/h2>\n        <div id=\"accordion-69d9f0b8b96bd-collapse\" class=\"accordion-collapse collapse\" aria-labelledby=\"accordion-69d9f0b8b96bd-heading\">\n            <div class=\"accordion-body\"><strong>Lepingu s\u00f5lmimise protsess<\/strong>\n<p style=\"text-align: justify;\">Lepingu s\u00f5lmimise algatab juhendaja. Juhendaja teavitab instituuti \u00fchisjuhendamise lepingu s\u00f5lmimise soovist ning vajadusel lepib kokku doktori\u00f5ppe \u00f5ppekoha taotlemise juhul, kui juhendatav tuleb teisest \u00fclikoolist.<\/p>\n<p style=\"text-align: justify;\">Juhendaja p\u00f6\u00f6rdub \u00f5ppeosakonda doktori\u00f5ppe peaspetsialisti poole, et valmistada ette \u00fchisjuhendamise leping.\u00a0 Juhendaja edastab lepingu jaoks vajaliku info: partner\u00fclikooli nimi, kontakt partner\u00fclikoolist, millises \u00fclikoolis on planeeritud kaitsmine. \u00dclej\u00e4\u00e4nud k\u00fcsimused t\u00e4psustatakse lepingu koostamise k\u00e4igus koos partner\u00fclikooliga.<\/p>\n<p style=\"text-align: justify;\">Doktori\u00f5ppe peaspetsialist koosk\u00f5lastab partner\u00fclikooli esindajaga lepingukavandi sisu ja saadab l\u00f5pliku versiooni juhendajale, kes esitab lepingu kraadi andvale n\u00f5ukogule. Lepingu kinnitab kas kraadi andev n\u00f5ukogu (kui leping vastab doktori\u00f5ppe eeskirjale) v\u00f5i senat ja seej\u00e4rel kraadi andev n\u00f5ukogu (kui leping ei vasta doktori\u00f5ppe eeskirjale).<\/p>\n<p style=\"text-align: justify;\">\u00dcldjuhul s\u00f5lmitakse \u00fchisjuhendamise leping doktorandi esimesel v\u00f5i teisel \u00f5ppeaastal. Paljudel v\u00e4lis\u00fclikoolidel on reguleeritud \u00fchisjuhendamise lepingute s\u00f5lmimise t\u00e4htajad.<\/p><\/div>\n        <\/div>\n        <\/div>\n    <\/div>\n<p style=\"text-align: justify;\">\n<\/p>","protected":false},"excerpt":{"rendered":"<p>158. Doktorandi \u00fchisjuhendamise leping s\u00f5lmitakse \u00fclikooli doktorandi, \u00fclikooli ja v\u00e4lisk\u00f5rgkooli vahel. \u00dchisjuhendamise leping v\u00f5imaldab doktorit\u00f6\u00f6d kaitsta lepingus kokku lepitud tingimustel \u00fclikooli ja v\u00e4lisk\u00f5rgkooli \u00fchisn\u00f5ukogu ees ning anda \u00fchisn\u00f5ukogu otsuse alusel doktorikraadi taotlejale \u00fclikooli ja v\u00e4lisk\u00f5rgkooli l\u00f5pudokumendid ja akadeemilised kraadid. Lisainfo &#8230;<\/p>\n","protected":false},"author":228,"featured_media":0,"parent":0,"menu_order":0,"comment_status":"closed","ping_status":"closed","template":"","meta":{"_acf_changed":false,"inline_featured_image":false,"footnotes":""},"class_list":["post-105","page","type-page","status-publish","hentry"],"acf":[],"_links":{"self":[{"href":"https:\/\/sisu.ut.ee\/ope\/wp-json\/wp\/v2\/pages\/105","targetHints":{"allow":["GET"]}}],"collection":[{"href":"https:\/\/sisu.ut.ee\/ope\/wp-json\/wp\/v2\/pages"}],"about":[{"href":"https:\/\/sisu.ut.ee\/ope\/wp-json\/wp\/v2\/types\/page"}],"author":[{"embeddable":true,"href":"https:\/\/sisu.ut.ee\/ope\/wp-json\/wp\/v2\/users\/228"}],"replies":[{"embeddable":true,"href":"https:\/\/sisu.ut.ee\/ope\/wp-json\/wp\/v2\/comments?post=105"}],"version-history":[{"count":5,"href":"https:\/\/sisu.ut.ee\/ope\/wp-json\/wp\/v2\/pages\/105\/revisions"}],"predecessor-version":[{"id":1894,"href":"https:\/\/sisu.ut.ee\/ope\/wp-json\/wp\/v2\/pages\/105\/revisions\/1894"}],"wp:attachment":[{"href":"https:\/\/sisu.ut.ee\/ope\/wp-json\/wp\/v2\/media?parent=105"}],"curies":[{"name":"wp","href":"https:\/\/api.w.org\/{rel}","templated":true}]}}