{"id":28,"date":"2024-04-04T03:42:26","date_gmt":"2024-04-04T00:42:26","guid":{"rendered":"https:\/\/sisu.ut.ee\/nutiturva\/kaheksas-turvakiht-lulita-sisse-krupteerimine\/"},"modified":"2024-04-04T03:42:45","modified_gmt":"2024-04-04T00:42:45","slug":"kaheksas-turvakiht-lulita-sisse-krupteerimine","status":"publish","type":"page","link":"https:\/\/sisu.ut.ee\/nutiturva\/kaheksas-turvakiht-lulita-sisse-krupteerimine\/","title":{"rendered":"Kaheksas turvakiht: l\u00fclita sisse kr\u00fcpteerimine"},"content":{"rendered":"<p>Nutiseadmetel saab<strong>\u00a0kr\u00fcpteerida nutiseadme sisu<\/strong>. Kr\u00fcpteerimine t\u00e4hendab siinkohal seda, et enne andmete salvestamist nutiseadmesse need kr\u00fcpteeritakse, andmete lugemisel dekr\u00fcpteeritakse. Kr\u00fcpteerimine on v\u00f5imalik sisse l\u00fclitada uuemate Androidi nutiseadmetega ja iOSi seadmetega. Kui kr\u00fcpteerimine on sisse l\u00fclitatud, siis toimub see taustal, kasutaja jaoks n\u00e4htamatult.<\/p>\n<p>Kr\u00fcptimine <strong>takistab pahalase juurdep\u00e4\u00e4su nutiseadme sisule<\/strong>\u00a0\u2013 ilma v\u00f5tmeta on seadmes olev kr\u00fcpteeritud info m\u00f5istetamatu. Seega on see v\u00e4ga hea ennetav meede juhuks, kui Sinu seade peaks \u00e4ra kaduma.<\/p>\n<p>Nutiseadme kr\u00fcpteerimiseks on vajalik sisestada kr\u00fcpteerimise v\u00f5ti (parool), mille abil kr\u00fcpteeritakse seade ja edaspidi saab kr\u00fcpteeritud andmed kasutamiseks lahti kr\u00fcpteerida ainult selle v\u00f5tmega. Kr\u00fcpteerimise sissel\u00fclitamine on \u00fchekordne tegevus ja see v\u00f5ib aega v\u00f5tta mitu tundi. Kr\u00fcpteerimist ei tohi katkestada, seep\u00e4rast soovitatakse nutiseade selleks ajaks laadima panna.<\/p>\n<p>Kui kr\u00fcpteerimine on sisse l\u00fclitatud, siis kr\u00fcpteerimise v\u00f5tit k\u00fcsitakse nutiseadme k\u00e4ivitamisel ekraanilukuna.<\/p>\n<p>Kui Sa kasutad seadmes <strong>m\u00e4lukaarti<\/strong>, siis saab ka selle eraldi kr\u00fcptida. M\u00e4lukaarti pole m\u00f5tet kr\u00fcpteerida, kui hoiad seal filme v\u00f5i muusikat, aga kui hoiad seal tundlikku infot, siis on m\u00f5istlik m\u00e4lukaart kr\u00fcpteerida. Kr\u00fcptitud m\u00e4lukaarti ei saa teises seadmes lugeda \u2013 selleks tuleb m\u00e4lukaart eelnevalt lahti dekr\u00fcpteerida.<\/p>\n<p>Seadme kr\u00fcpteerimise sissel\u00fclitamine:<\/p>\n<ul>\n<li>\u00fchenda nutiseade vooluv\u00f5rku,<\/li>\n<li>vali <strong>Seaded &gt; Turvalisus &gt; Kr\u00fcpti seade &gt; l\u00fclita sisse<\/strong>.<\/li>\n<\/ul>\n<p><img loading=\"lazy\" decoding=\"async\" width=\"1078\" height=\"960\" class=\"alignnone wp-image-55\" src=\"https:\/\/sisu.ut.ee\/wp-content\/uploads\/sites\/247\/er_pilt_ti-05c_krupteerimine.png\" title=\"Kr\u00fcpteerimise sissel\u00fclitamine\" alt=\"Kr\u00fcpteerimise sissel\u00fclitamine\" srcset=\"https:\/\/sisu.ut.ee\/wp-content\/uploads\/sites\/247\/er_pilt_ti-05c_krupteerimine.png 1078w, https:\/\/sisu.ut.ee\/wp-content\/uploads\/sites\/247\/er_pilt_ti-05c_krupteerimine-300x267.png 300w, https:\/\/sisu.ut.ee\/wp-content\/uploads\/sites\/247\/er_pilt_ti-05c_krupteerimine-1024x912.png 1024w, https:\/\/sisu.ut.ee\/wp-content\/uploads\/sites\/247\/er_pilt_ti-05c_krupteerimine-768x684.png 768w\" sizes=\"auto, (max-width: 1078px) 100vw, 1078px\"><\/p>\n\n<p><\/p><div class=\"accordion mb-3\">\n        <div class=\"accordion-item accordion-item--white\">\n        <h2 class=\"accordion-header\" id=\"accordion-69dc1a94de1da-heading\">\n            <button class=\"accordion-button collapsed\" type=\"button\" data-bs-toggle=\"collapse\" data-bs-target=\"#accordion-69dc1a94de1da-collapse\" aria-expanded=\"true\" aria-controls=\"accordion-69dc1a94de1da-collapse\">\u00dclesanne 12<\/button>\n        <\/h2>\n        <div id=\"accordion-69dc1a94de1da-collapse\" class=\"accordion-collapse collapse\" aria-labelledby=\"accordion-69dc1a94de1da-heading\">\n            <div class=\"accordion-body\">L\u00fclita oma seadmes kr\u00fcpteerimine sisse.\n<p>T\u00e4ienda t\u00f6\u00f6lehelt \u00fclesannet nr 2: lisa infovarasid, nendele ligip\u00e4\u00e4sejaid, ohte, n\u00f5rkusi, kahjusid ja turvameetmeid, mis varem j\u00e4id m\u00e4rkamata.<\/p><\/div>\n        <\/div>\n        <\/div>\n    <\/div>\n","protected":false},"excerpt":{"rendered":"<p>Nutiseadmetel saab\u00a0kr\u00fcpteerida nutiseadme sisu. Kr\u00fcpteerimine t\u00e4hendab siinkohal seda, et enne andmete salvestamist nutiseadmesse need kr\u00fcpteeritakse, andmete lugemisel dekr\u00fcpteeritakse. Kr\u00fcpteerimine on v\u00f5imalik sisse l\u00fclitada uuemate Androidi nutiseadmetega ja iOSi seadmetega. Kui kr\u00fcpteerimine on sisse l\u00fclitatud, siis toimub see taustal, kasutaja jaoks &#8230;<\/p>\n","protected":false},"author":6,"featured_media":0,"parent":0,"menu_order":0,"comment_status":"closed","ping_status":"closed","template":"","meta":{"_acf_changed":false,"inline_featured_image":false,"footnotes":""},"class_list":["post-28","page","type-page","status-publish","hentry"],"acf":[],"_links":{"self":[{"href":"https:\/\/sisu.ut.ee\/nutiturva\/wp-json\/wp\/v2\/pages\/28","targetHints":{"allow":["GET"]}}],"collection":[{"href":"https:\/\/sisu.ut.ee\/nutiturva\/wp-json\/wp\/v2\/pages"}],"about":[{"href":"https:\/\/sisu.ut.ee\/nutiturva\/wp-json\/wp\/v2\/types\/page"}],"author":[{"embeddable":true,"href":"https:\/\/sisu.ut.ee\/nutiturva\/wp-json\/wp\/v2\/users\/6"}],"replies":[{"embeddable":true,"href":"https:\/\/sisu.ut.ee\/nutiturva\/wp-json\/wp\/v2\/comments?post=28"}],"version-history":[{"count":1,"href":"https:\/\/sisu.ut.ee\/nutiturva\/wp-json\/wp\/v2\/pages\/28\/revisions"}],"predecessor-version":[{"id":145,"href":"https:\/\/sisu.ut.ee\/nutiturva\/wp-json\/wp\/v2\/pages\/28\/revisions\/145"}],"wp:attachment":[{"href":"https:\/\/sisu.ut.ee\/nutiturva\/wp-json\/wp\/v2\/media?parent=28"}],"curies":[{"name":"wp","href":"https:\/\/api.w.org\/{rel}","templated":true}]}}