{"id":18,"date":"2024-04-04T03:42:26","date_gmt":"2024-04-04T00:42:26","guid":{"rendered":"https:\/\/sisu.ut.ee\/nutiturva\/esimene-turvakiht-aktiveeri-ekraanilukk\/"},"modified":"2024-04-04T03:42:45","modified_gmt":"2024-04-04T00:42:45","slug":"esimene-turvakiht-aktiveeri-ekraanilukk","status":"publish","type":"page","link":"https:\/\/sisu.ut.ee\/nutiturva\/esimene-turvakiht-aktiveeri-ekraanilukk\/","title":{"rendered":"Esimene turvakiht: aktiveeri ekraanilukk"},"content":{"rendered":"<p>&lt;img class=\"alignnone wp-image-44\" style=\"float: right;\" src=\"https:\/\/sisu.ut.ee\/wp-content\/uploads\/sites\/247\/er_pilt_lukuauk_exploration-2564861_640.jpg\" title=\"Ekraanilukk kaitseb Sinu infovarasid <br> [val=Allikas href=https:\/\/pixabay.com\/en\/exploration-adventure-lock-hole-2564861\/]\u201d alt=\u201dEkraanilukk kaitseb Sinu infovarasid\u201d&gt;Google\u2019i andmetel on maailmas <a href=\"https:\/\/security.googleblog.com\/2017\/03\/diverse-protections-for-diverse.html\" target=\"_blank\" rel=\"noopener\">1,4 miljardit Androidi telefoni<\/a>\u00a0(Ludwig &amp; Miller, 2017), mis moodustab <em>ca<\/em> <a href=\"https:\/\/www.statista.com\/statistics\/266136\/global-market-share-held-by-smartphone-operating-systems\/\" target=\"_blank\" rel=\"noopener\">86% k\u00f5igist nutitelefonidest<\/a>\u00a0(Statista, 2017). <a href=\"https:\/\/duo.com\/blog\/looking-back-at-android-in-2016\" target=\"_blank\" rel=\"noopener\">Duo Labs<\/a> (Anise, 2017)\u00a0ja <a href=\"http:\/\/www.pewresearch.org\/fact-tank\/2017\/03\/15\/many-smartphone-owners-dont-take-steps-to-secure-their-devices\/\" target=\"_blank\" rel=\"noopener\">Pew Research Center<\/a> (Anderson &amp; Olmstead, 2017) andmetel ei ole <em>ca<\/em> 30%-l Androidi telefonidel aktiveeritud ekraanilukku. Sarnase info leiab ka <a href=\"https:\/\/www.gov.uk\/government\/publications\/reducing-mobile-phone-theft-and-improving-security-paper-2\" target=\"_blank\" rel=\"noopener\">\u00dchendkuningriikide valitsuse publikatsioonide lehelt<\/a>\u00a0(UK Ministerial department Home Office, 2016).<\/p>\n<h2>Ohud<\/h2>\n<p>Oht, mis v\u00f5ib realiseeruda ja tekitada kahju, kui Sinu nutiseadme n\u00f5rkuseks on ekraaniluku puudumine:<\/p>\n<ul>\n<li>\n<p>keegi v\u00f5ib saada Sinu nutiseadmele t\u00e4ieliku ligip\u00e4\u00e4su.<\/p>\n<\/li>\n<\/ul>\n<p>Selle tulemusena v\u00f5ib pahalane teha k\u00f5ike seda, mida Sinagi oma nutiseadmega. Aga ta teeb t\u00f5en\u00e4oliselt k\u00f5ike seda, mida Sina ei teeks.<\/p>\n<ul>\n<li>\n<p>Sinu nutiseadme sisu v\u00f5idakse h\u00e4vitada, rikkuda v\u00f5i avalikustada,<\/p>\n<\/li>\n<li>\n<p>Sa ei saa enam oma andmetele ligi,<\/p>\n<\/li>\n<li>\n<p>keegi v\u00f5ib \u00fcle v\u00f5tta Sinu digitaalse identiteedi,<\/p>\n<\/li>\n<li>\n<p>Sinu kulul saab tellida tasulisi teenuseid,<\/p>\n<\/li>\n<li>\n<p>nutiseadmesse v\u00f5idakse paigaldada pahavara ja see Sulle tagastada,<\/p>\n<\/li>\n<li>pahalane v\u00f5ib alustada seadmes oleva info p\u00f5hjal v\u00e4ljapressimist, valmistada ette r\u00f6\u00f6vi Sinu koju.<\/li>\n<\/ul>\n<h2>Aga mul pole nutiseadmes midagi olulist<\/h2>\n<p>T\u00f5en\u00e4oliselt sidusid Sa oma seadme kasutuselev\u00f5tul sellega oma <strong>meilikonto<\/strong>, et teenuseid mugavamalt kasutada. Samuti on v\u00f5imalik, et Sa saad oma seadmest lugeda meili ja\u00a0<strong>suhelda sotsiaalmeedias<\/strong>. Sul on telefonis <strong>m\u00f5nisada pilti<\/strong> Sinu jaoks olulistest inimestest ja kohtadest (piltidel v\u00f5ivad juures olla <strong>asukohakoordinaadid<\/strong>). Lisaks veel <strong>sajad kontaktid<\/strong> telefonis ja <strong>sotsiaalmeedias<\/strong> ning <strong>dokumendid<\/strong> (nii isiklikud kui ka t\u00f6\u00f6alased). V\u00f5imalik, et Sul on veeblehitsejas meelde j\u00e4etud m\u00f5nede <strong>veebilehtede paroolid<\/strong>, et veebiteenuseid oleks lihtsam kasutada. V\u00f5imalik, et Sinu telefon salvestab <strong>Sinu asukoha ajalugu<\/strong>.\u00a0<\/p>\n<p>V\u00f5rdlusena n\u00e4iteks rahakotis on Sul t\u00f5en\u00e4oliselt oluliselt v\u00e4hem vara v\u00f5rredes nutiseadmega: m\u00f5ned pildid Sinu jaoks olulistest inimestest, m\u00f5ned m\u00e4rkmed ja telefoninumbrid, visiitkaardid, v\u00e4heses koguses sularaha, pangakaart (ilma PIN-koodita), kliendikaardid, juhiload, ID-kaart ja ostut\u0161ekid.<\/p>\n<h2>N\u00e4ited<\/h2>\n<p>V\u00f5imalikud tekkida v\u00f5ivad olukorrad, mis on seotud ekraaniluku kasutamisega\/mittekasutamisega.<\/p>\n<table class=\"table table-hover\" style=\"width: 800px;height: 160px;border-width: 1px;background-color: #ffffff;border-style: solid;border-color: #f5f5f5\" border=\"1\" cellpadding=\"1\" cellspacing=\"1\">\n<tbody>\n<tr style=\"background-color: #ddf2ff\">\n<td><strong>N\u00f5rkus<\/strong><\/td>\n<td><strong>Oht<\/strong><\/td>\n<td><strong>V\u00f5imalik kahju<\/strong><\/td>\n<\/tr>\n<tr>\n<td>Nutiseadmel ei kasutata ekraanilukku.<\/td>\n<td>\n<p>Pahalane v\u00f5ib ligi p\u00e4\u00e4seda Sinu isiklikele andmetele (pildid, videod, Facebooki konto, isiklikud vestlused ja s\u00f5numid), ta v\u00f5ib neid jagada Sinu konto alt (v\u00f5\u00f5ra identiteedi kasutamine) pahatahtlikult v\u00f5i lihtsalt l\u00f5bu p\u00e4rast.<\/p>\n<p>Sinu kontot v\u00f5idakse kasutada kolleegidelt asutusesisese info k\u00e4ttesaamiseks.<\/p>\n<\/td>\n<td rowspan=\"4\">\n<p>Kahju mainele koolis, s\u00f5prade, tuttavate seas.<\/p>\n<p>Isiklike v\u00f5i t\u00f6\u00f6andja andmete avalikuks saamisega kaasnevad kahjud.<\/p>\n<p>Ajakulu tekkinud olukorra lahendamiseks.<\/p>\n<p>Tasuliste teenuste tellimisest tekkinud rahaline kahju.<\/p>\n<p>Andmete kustutamisest v\u00f5i rikkumisest (pildid, videod, \u00f5ppematerjalid, kontaktid, ametidokumendid) \u00a0tekkinud kahju.<\/p>\n<\/td>\n<\/tr>\n<tr>\n<td>Nutiseadme lukk sisestatakse teistele n\u00e4htavalt.<\/td>\n<td>Lisaks eelnevale v\u00f5ib pahalane kasutada Sinu telefoni j\u00e4rjepidevalt Sinu teadmata.<\/td>\n<\/tr>\n<tr>\n<td>Kasutaja j\u00e4tab mustrilukuga nutiseadme j\u00e4relvalveta.<\/td>\n<td>Lisaks eelnevale, kui kasutada ekraanilukuks mustrikoodi, siis saab pahalane seadme ekraani pinda uurides ja m\u00f5ned korrad proovides mustrikoodi teada.<\/td>\n<\/tr>\n<tr>\n<td>Kasutaja kaotab oma nutiseadme v\u00f5i see varastatakse, telefonil on ekraanilukk, aga telefoni sisu ei ole kr\u00fcpteeritud<\/td>\n<td>Seadme leidja saab ligi seadmes olevatele v\u00f5i seadme kaudu ligip\u00e4\u00e4setavatele isiklikele andmetele.<\/td>\n<\/tr>\n<\/tbody>\n<\/table>\n<h2>Milliseid turvameetmeid rakendada?<\/h2>\n<ul>\n<li>\n<p>\u00c4ra j\u00e4ta oma seadet j\u00e4relvalveta.<\/p>\n<\/li>\n<li>\n<p>\u00c4ra anna oma seadet teisele isikule kasutada.<\/p>\n<\/li>\n<li>\n<p>Kasuta ekraanilukuna turvalist parooli mustri v\u00f5i PIN-koodi asemel.<\/p>\n<\/li>\n<li>\n<p>V\u00f5imalusel kasuta ekraanilukuna s\u00f5rmej\u00e4ljelugejat parooli asemel.<\/p>\n<\/li>\n<li>\n<p>Sisesta oma nutiseadme ekraaniluku parooli nii, et teised seda ei n\u00e4eks v\u00f5i filmida ei saaks.<\/p>\n<\/li>\n<li>\n<p>L\u00fclita v\u00e4lja parooli n\u00e4htavus seadmel.<\/p>\n<\/li>\n<li>\n<p>Kahtluse korral vaheta ekraaniluku kood esimesel v\u00f5imalusel \u00e4ra.<\/p>\n<\/li>\n<li>\n<p>Vaheta regulaarselt ekraaniluku koodi.<\/p>\n<\/li>\n<li>\n<p>Kr\u00fcpteeri telefoni sisu ennetavalt.<\/p>\n<\/li>\n<li>\n<p>L\u00fclita sisse seadme kaugjuhtimise v\u00f5imalus (asukoha m\u00e4\u00e4ramine, sisu kustutamine).<\/p>\n<\/li>\n<li>\n<p>Kasuta kaotatud telefoni leidmiseks ja sisu kustutamiseks veebip\u00f5hist haldusliidest.<\/p>\n<\/li>\n<li>\n<p>Oma rakenduste ja seadete ladusaks taastamiseks uues telefonis on asjakohane sisse l\u00fclitada varundamine.<\/p>\n<\/li>\n<li>\n<p>Telefoni kadumisel sulge SIM-kaart operaatori kaudu.<\/p>\n<\/li>\n<li>\n<p>Vajadusel p\u00f6\u00f6rdu abi saamiseks valdkonnas p\u00e4deva isiku poole (haridustehnoloog, infojuht).<\/p>\n<\/li>\n<\/ul>\n<h2>Ekraaniluku sissel\u00fclitamine<\/h2>\n<p>Ekraaniluku sissel\u00fclitamiseks vali: <strong>Seaded &gt; Lukustuskuva &gt; Ekraanilukk &gt; Vali lukuks Parool<\/strong><\/p>\n<p><img loading=\"lazy\" decoding=\"async\" width=\"1619\" height=\"960\" class=\"alignnone wp-image-45\" src=\"https:\/\/sisu.ut.ee\/wp-content\/uploads\/sites\/247\/er_pilt_ti-13c_ekraanilukk.png\" title=\"Parooliga ekraaniluku sissel\u00fclitamine\" alt=\"Parooliga ekraaniluku sissel\u00fclitamine\" srcset=\"https:\/\/sisu.ut.ee\/wp-content\/uploads\/sites\/247\/er_pilt_ti-13c_ekraanilukk.png 1619w, https:\/\/sisu.ut.ee\/wp-content\/uploads\/sites\/247\/er_pilt_ti-13c_ekraanilukk-300x178.png 300w, https:\/\/sisu.ut.ee\/wp-content\/uploads\/sites\/247\/er_pilt_ti-13c_ekraanilukk-1024x607.png 1024w, https:\/\/sisu.ut.ee\/wp-content\/uploads\/sites\/247\/er_pilt_ti-13c_ekraanilukk-768x455.png 768w, https:\/\/sisu.ut.ee\/wp-content\/uploads\/sites\/247\/er_pilt_ti-13c_ekraanilukk-1536x911.png 1536w\" sizes=\"auto, (max-width: 1619px) 100vw, 1619px\"><\/p>\n<p><\/p><div class=\"accordion mb-3\">\n        <div class=\"accordion-item accordion-item--white\">\n        <h2 class=\"accordion-header\" id=\"accordion-69dee9a6283ff-heading\">\n            <button class=\"accordion-button collapsed\" type=\"button\" data-bs-toggle=\"collapse\" data-bs-target=\"#accordion-69dee9a6283ff-collapse\" aria-expanded=\"true\" aria-controls=\"accordion-69dee9a6283ff-collapse\">\u00dclesanne 3. Pahalase rollis<\/button>\n        <\/h2>\n        <div id=\"accordion-69dee9a6283ff-collapse\" class=\"accordion-collapse collapse\" aria-labelledby=\"accordion-69dee9a6283ff-heading\">\n            <div class=\"accordion-body\">Aseta ennast pahalase rolli ja m\u00f5tiskle, mida ta v\u00f5iks Sinu v\u00f5i Sinu t\u00f6\u00f6koha infovaradega teha. T\u00e4ienda tekkinud m\u00f5tetega t\u00f6\u00f6lehel \u00fclesannet nr 2.<\/div>\n        <\/div>\n        <\/div>\n    <\/div>\n","protected":false},"excerpt":{"rendered":"<p>&lt;img class=&#8221;alignnone wp-image-44&#8243; style=&#8221;float: right;&#8221; src=&#8221;https:\/\/sisu.ut.ee\/wp-content\/uploads\/sites\/247\/er_pilt_lukuauk_exploration-2564861_640.jpg&#8221; title=&#8221;Ekraanilukk kaitseb Sinu infovarasid [val=Allikas href=https:\/\/pixabay.com\/en\/exploration-adventure-lock-hole-2564861\/]\u201d alt=\u201dEkraanilukk kaitseb Sinu infovarasid\u201d&gt;Google\u2019i andmetel on maailmas 1,4 miljardit Androidi telefoni\u00a0(Ludwig &amp; Miller, 2017), mis moodustab ca 86% k\u00f5igist nutitelefonidest\u00a0(Statista, 2017). Duo Labs (Anise, 2017)\u00a0ja Pew Research Center &#8230;<\/p>\n","protected":false},"author":6,"featured_media":0,"parent":0,"menu_order":0,"comment_status":"closed","ping_status":"closed","template":"","meta":{"_acf_changed":false,"inline_featured_image":false,"footnotes":""},"class_list":["post-18","page","type-page","status-publish","hentry"],"acf":[],"_links":{"self":[{"href":"https:\/\/sisu.ut.ee\/nutiturva\/wp-json\/wp\/v2\/pages\/18","targetHints":{"allow":["GET"]}}],"collection":[{"href":"https:\/\/sisu.ut.ee\/nutiturva\/wp-json\/wp\/v2\/pages"}],"about":[{"href":"https:\/\/sisu.ut.ee\/nutiturva\/wp-json\/wp\/v2\/types\/page"}],"author":[{"embeddable":true,"href":"https:\/\/sisu.ut.ee\/nutiturva\/wp-json\/wp\/v2\/users\/6"}],"replies":[{"embeddable":true,"href":"https:\/\/sisu.ut.ee\/nutiturva\/wp-json\/wp\/v2\/comments?post=18"}],"version-history":[{"count":1,"href":"https:\/\/sisu.ut.ee\/nutiturva\/wp-json\/wp\/v2\/pages\/18\/revisions"}],"predecessor-version":[{"id":135,"href":"https:\/\/sisu.ut.ee\/nutiturva\/wp-json\/wp\/v2\/pages\/18\/revisions\/135"}],"wp:attachment":[{"href":"https:\/\/sisu.ut.ee\/nutiturva\/wp-json\/wp\/v2\/media?parent=18"}],"curies":[{"name":"wp","href":"https:\/\/api.w.org\/{rel}","templated":true}]}}