{"id":12,"date":"2024-04-04T06:42:24","date_gmt":"2024-04-04T03:42:24","guid":{"rendered":"https:\/\/sisu.ut.ee\/nordplus3\/e-undervisning-teori-praktik-och-tips\/"},"modified":"2024-04-04T06:42:28","modified_gmt":"2024-04-04T03:42:28","slug":"e-undervisning-teori-praktik-och-tips","status":"publish","type":"page","link":"https:\/\/sisu.ut.ee\/nordplus3\/e-undervisning-teori-praktik-och-tips\/","title":{"rendered":"E-undervisning: teori, praktik och tips"},"content":{"rendered":"<p>\n\t<strong>St\u00f6dmaterial f\u00f6r distansundervisning:<\/strong>\u00a0<a data-auth=\"NotApplicable\" data-linkindex=\"0\" href=\"https:\/\/www.myh.se\/Nyhetsrum\/Nyheter\/2020\/Stodmaterial-for-distansundervisning\/\" rel=\"noopener noreferrer\" target=\"_blank\">https:\/\/www.myh.se\/Nyhetsrum\/Nyheter\/2020\/Stodmaterial-for-distansundervisning\/<\/a>\u00a0(St\u00f6dmaterial f\u00f6r distansundervisning)\n<\/p>\n<p>\n\t\u00a0\n<\/p>\n<p>\n\t<strong>Forskningsbaserat st\u00f6d vid onlineundervisning:\u00a0<\/strong><a data-auth=\"NotApplicable\" data-linkindex=\"1\" href=\"https:\/\/www.skolahemma.se\/forskningsbaserat-stod-for-att-hantera-onlineundervisning-i-samband-med-coronapandemin\/\" rel=\"noopener noreferrer\" target=\"_blank\">https:\/\/www.skolahemma.se\/forskningsbaserat-stod-for-att-hantera-onlineundervisning-i-samband-med-coronapandemin\/<\/a>\u00a0(Forskningsbaserat st\u00f6d vid onlineundervisning)\n<\/p>\n<p>\n\t<strong>Tips f\u00f6r att minska belastningen:<\/strong>\u00a0<a data-auth=\"NotApplicable\" data-linkindex=\"2\" href=\"https:\/\/www.myh.se\/Documents\/Om-oss\/Remisser-och-yttranden\/2020\/Tips-och-trix-vid-belastning-version-1-SEI-23mars2020-1.pdf\" rel=\"noopener noreferrer\" target=\"_blank\">https:\/\/www.myh.se\/Documents\/Om-oss\/Remisser-och-yttranden\/2020\/Tips-och-trix-vid-belastning-version-1-SEI-23mars2020-1.pdf<\/a>\u00a0(Tips f\u00f6r att minska belastningen)\n<\/p>\n<p>\n\t\u00a0\n<\/p>\n<p>\n\t<a data-auth=\"NotApplicable\" data-linkindex=\"0\" href=\"https:\/\/oppimateriaalit.jamk.fi\/svenskaforarbetslivet\/\" rel=\"noopener noreferrer\" target=\"_blank\">https:\/\/oppimateriaalit.jamk.fi\/svenskaforarbetslivet\/<\/a>\u00a0(B\u00e4ttre pedagogik p\u00e5 n\u00e4tet)\n<\/p>\n<p>\n\t<a data-auth=\"NotApplicable\" data-linkindex=\"1\" href=\"https:\/\/www.theseus.fi\/bitstream\/handle\/10024\/156842\/Wallenius_Lehto_Votkin_Halsas.pdf?sequence=1&amp;isAllowed=y\" rel=\"noopener noreferrer\" target=\"_blank\">https:\/\/www.theseus.fi\/bitstream\/handle\/10024\/156842\/Wallenius_Lehto_Votkin_Halsas.pdf?sequence=1&amp;isAllowed=y<\/a>\u00a0 (Online Platform for digital multi-disciplinary language learning).\n<\/p>\n<p>\n\t\u00a0<\/p>\n","protected":false},"excerpt":{"rendered":"<p>St\u00f6dmaterial f\u00f6r distansundervisning:\u00a0https:\/\/www.myh.se\/Nyhetsrum\/Nyheter\/2020\/Stodmaterial-for-distansundervisning\/\u00a0(St\u00f6dmaterial f\u00f6r distansundervisning) \u00a0 Forskningsbaserat st\u00f6d vid onlineundervisning:\u00a0https:\/\/www.skolahemma.se\/forskningsbaserat-stod-for-att-hantera-onlineundervisning-i-samband-med-coronapandemin\/\u00a0(Forskningsbaserat st\u00f6d vid onlineundervisning) Tips f\u00f6r att minska belastningen:\u00a0https:\/\/www.myh.se\/Documents\/Om-oss\/Remisser-och-yttranden\/2020\/Tips-och-trix-vid-belastning-version-1-SEI-23mars2020-1.pdf\u00a0(Tips f\u00f6r att minska belastningen) \u00a0 https:\/\/oppimateriaalit.jamk.fi\/svenskaforarbetslivet\/\u00a0(B\u00e4ttre pedagogik p\u00e5 n\u00e4tet) https:\/\/www.theseus.fi\/bitstream\/handle\/10024\/156842\/Wallenius_Lehto_Votkin_Halsas.pdf?sequence=1&amp;isAllowed=y\u00a0 (Online Platform for digital multi-disciplinary language learning). \u00a0<\/p>\n","protected":false},"author":28,"featured_media":0,"parent":0,"menu_order":0,"comment_status":"closed","ping_status":"closed","template":"","meta":{"_acf_changed":false,"inline_featured_image":false,"footnotes":""},"class_list":["post-12","page","type-page","status-publish","hentry"],"acf":[],"_links":{"self":[{"href":"https:\/\/sisu.ut.ee\/nordplus3\/wp-json\/wp\/v2\/pages\/12","targetHints":{"allow":["GET"]}}],"collection":[{"href":"https:\/\/sisu.ut.ee\/nordplus3\/wp-json\/wp\/v2\/pages"}],"about":[{"href":"https:\/\/sisu.ut.ee\/nordplus3\/wp-json\/wp\/v2\/types\/page"}],"author":[{"embeddable":true,"href":"https:\/\/sisu.ut.ee\/nordplus3\/wp-json\/wp\/v2\/users\/28"}],"replies":[{"embeddable":true,"href":"https:\/\/sisu.ut.ee\/nordplus3\/wp-json\/wp\/v2\/comments?post=12"}],"version-history":[{"count":1,"href":"https:\/\/sisu.ut.ee\/nordplus3\/wp-json\/wp\/v2\/pages\/12\/revisions"}],"predecessor-version":[{"id":41,"href":"https:\/\/sisu.ut.ee\/nordplus3\/wp-json\/wp\/v2\/pages\/12\/revisions\/41"}],"wp:attachment":[{"href":"https:\/\/sisu.ut.ee\/nordplus3\/wp-json\/wp\/v2\/media?parent=12"}],"curies":[{"name":"wp","href":"https:\/\/api.w.org\/{rel}","templated":true}]}}