{"id":26,"date":"2025-08-05T23:41:08","date_gmt":"2025-08-05T20:41:08","guid":{"rendered":"https:\/\/sisu.ut.ee\/noortevaimseterviseuuring\/?page_id=26"},"modified":"2025-12-16T17:17:03","modified_gmt":"2025-12-16T15:17:03","slug":"uuringust","status":"publish","type":"page","link":"https:\/\/sisu.ut.ee\/noortevaimseterviseuuring\/uuringust\/","title":{"rendered":"Uuringust"},"content":{"rendered":"<p><\/p>\n\n\n\n<p>Uuringut\u00a0 juhivad ja korraldavad Tartu \u00dclikooli peremeditsiini ja rahvatervishoiu instituudi teadlased. Tegemist on \u00fche osaga suuremast teadusprojektist \u201cS\u00f5ltuvust tekitavate ps\u00fchhotroopsete retseptiravimite tarvitamine ja v\u00e4\u00e4rtarvitamine ning vaimne tervis Eesti noorte hulgas 2003-2024: mitme meetodi p\u00f5hine l\u00e4henemine\u201d <a href=\"https:\/\/www.etis.ee\/Portal\/Projects\/Display\/c985adfa-8456-495a-9735-bd8623c39baa\" data-type=\"link\" data-id=\"https:\/\/www.etis.ee\/Portal\/Projects\/Display\/c985adfa-8456-495a-9735-bd8623c39baa\">(PRG2018)<\/a>, mida rahastab Eesti Teadusagentuur.\u00a0\u00a0<\/p>\n\n\n\n<p>Uuringu eesm\u00e4rk on v\u00e4lja selgitada, kui h\u00e4sti sobivad enda kohta t\u00e4idetavad k\u00fcsimustikud Eesti noorte vaimse tervise hindamiseks.<\/p>\n\n\n\n<p>Uuringus saab osaleda kuni 700 noort Eesti eri piirkondade koolide 7.\u201311. klasside \u00f5pilaste hulgast. Uuring koosneb kahest osast: iseseisev veebik\u00fcsimustiku t\u00e4itmine ja intervjuul osalemine.\u00a0<\/p>\n\n\n\n<p><strong>UURINGU L\u00c4BIVIIMINE<\/strong>\u00a0<\/p>\n\n\n\n<p>Uuring viiakse l\u00e4bi ajavahemikus 01.09.2025\u201331.12.2026. K\u00f5igepealt lepitakse uuringu toimumine kokku kooli juhiga, kes m\u00e4\u00e4rab uuringu\u00a0koordinaatori koolis. Koolikoordinaator teavitab \u00f5pilasi ja lapsevanemaid \u00f5ppeinfos\u00fcsteemi kaudu uuringust ning aitab uuringut koolis korraldada. Uuringu viib koolis l\u00e4bi kliiniline ps\u00fchholoog.\u00a0<\/p>\n\n\n\n<p><strong>Uuring toimub<\/strong> koolimaja privaatses ruumis, kus viibivad ainult \u00f5pilane ja kliiniline ps\u00fchholoog.\u00a0 Esmalt t\u00e4idab \u00f5pilane iseseisvalt\u00a0 veebik\u00fcsimustiku vaimse tervise kohta. Ps\u00fchholoog \u00f5pilase poolt t\u00e4idetud k\u00fcsimustiku vastuseid ei n\u00e4e. Seej\u00e4rel toimub intervjuu vaimse tervise teemadel, et hinnata, kui t\u00e4pset infot annab kasutatud k\u00fcsimustik. Intervjuu ajal t\u00e4idab ps\u00fchholoog intervjuuvihikut. K\u00fcsimustikku ja intervjuuvihikusse ei kirjutata \u00f5pilase nime. K\u00fcsimustiku t\u00e4itmiseks ja intervjuuks kokku kulub kuni 90 minutit. K\u00f5iki uuringus osalejaid t\u00e4natakse e-kinkekaardiga.\u00a0<\/p>\n\n\n\n<p><strong>UURINGUKS N\u00d5USOLEKU ANDMINE<\/strong>\u00a0<\/p>\n\n\n\n<p>Uuringus osalemine on <strong>vabatahtlik<\/strong>. Alla 15-aastase \u00f5pilase uuringus osalemiseks on lapsevanemal vaja t\u00e4ita teadliku n\u00f5usoleku vorm, v\u00e4hemalt 15-aastasel \u00f5pilasel tuleb see t\u00e4ita ise.* Teadliku n\u00f5usoleku vormi lingi leiab kooli \u00f5ppeinfos\u00fcsteemi saadetud uuringukutsest. \u00d5pilastele, kelle n\u00f5usolekuvormid on t\u00e4idetud, luuakse uuringukoodid.\u00a0\u00a0<\/p>\n\n\n\n<p>\u00d5pilane kinnitab vahetult enne veebik\u00fcsimustiku t\u00e4itmise alustamist, et on n\u00f5us uuringus\u00a0 osalema. K\u00fcsimustiku t\u00e4itmisel ja intervjuu ajal on \u00f5pilasel \u00f5igus j\u00e4tta vastamata ebamugavatele k\u00fcsimustele v\u00f5i uuringus osalemine katkestada ilma seda p\u00f5hjendamata.\u00a0<\/p>\n\n\n\n<p><strong>ANDMEKAITSE<\/strong><\/p>\n\n\n\n<p>Teadliku n\u00f5usoleku vormis k\u00fcsitakse \u00f5pilase nime ja e-posti aadressi, mida vajatakse andmekogumise etapis, n\u00e4iteks \u00f5pilase v\u00f5i vanema n\u00f5usoleku kontrollimiseks ja uuringu aja kokkuleppimiseks. K\u00fcsimustikku ja intervjuuvihikusse \u00f5pilase nime ei kirjutata, uuringus osalejate andmed on t\u00e4histatud vaid uuringukoodiga.<\/p>\n\n\n\n<p>K\u00fcsimustiku t\u00e4itmine korraldatakse ja viiakse l\u00e4bi Tartu \u00dclikooli piiratud juurdep\u00e4\u00e4suga teaduslike andmekogude loomiseks ja haldamiseks m\u00f5eldud veebirakenduses REDCap (Research Electronic Data Capture), samasse sisestatakse ka intervjuu vastused. Andmeid hoitakse turvaliselt: \u00f5pilase nime ja e-posti aadressi sisaldavat faili hoitakse k\u00fcsimustiku ja intervjuu vastustest eraldi. \u00d5pilase nime ja e-posti aadressi sisaldav fail h\u00e4vitatakse hiljemalt projekti l\u00f5puks 31.12.2028.\u00a0 P\u00e4rast nime ja e-posti aadressi sisaldava faili kustutamist pole k\u00fcsimustiku ja intervjuu andmed isikustatavad ning neid s\u00e4ilitatakse andmebaasis t\u00e4htajatult. Uuringu tulemused esitatakse \u00fcldistatud kujul ning neid ei seostata konkreetsete koolide ega vastajatega. Uuringu l\u00e4biviimisel l\u00e4htutakse heast teadustavast ning uuring on koosk\u00f5lastatud Tervise Arengu Instituudi inimuuringute eetikakomiteega.<\/p>\n\n\n\n<p>Hoolime iga uuringus osaleja turvalisusest ja heaolust. Kui ps\u00fchholoog m\u00e4rkab intervjuu ajal, et noor vajab abi, siis aitab ta noorel seda leida. Vastavalt lastekaitseseadusele on iga\u00fchel kohustus teatada abivajavast lapsest, aga seda tehakse alati noorega eelnevalt kokku leppides.<\/p>\n\n\n\n<p>* Alates 29.10.2025 kaasame\u00a015\u201317-aastased \u00f5pilased uuringusse ilma seadusliku esindaja n\u00f5usolekuta (alus:\u00a0<a href=\"https:\/\/www.riigiteataja.ee\/akt\/112072025001\">teadus- ja arendustegevuse ning innovatsiooni korralduse seadus<\/a>\u00a0\u00a7 28 l\u00f5ige 4; Tervise Arengu Instituudi inimuuringute eetikakomitee otsus nr 1512, 28.10.2025).<\/p>\n","protected":false},"excerpt":{"rendered":"<p>Uuringut\u00a0 juhivad ja korraldavad Tartu \u00dclikooli peremeditsiini ja rahvatervishoiu instituudi teadlased. Tegemist on \u00fche osaga suuremast teadusprojektist \u201cS\u00f5ltuvust tekitavate ps\u00fchhotroopsete retseptiravimite tarvitamine ja v\u00e4\u00e4rtarvitamine ning vaimne tervis Eesti noorte hulgas 2003-2024: mitme meetodi p\u00f5hine l\u00e4henemine\u201d (PRG2018), mida rahastab Eesti Teadusagentuur.\u00a0\u00a0 &#8230;<\/p>\n","protected":false},"author":871,"featured_media":0,"parent":0,"menu_order":0,"comment_status":"closed","ping_status":"closed","template":"","meta":{"_acf_changed":false,"inline_featured_image":false,"footnotes":""},"class_list":["post-26","page","type-page","status-publish","hentry"],"acf":[],"_links":{"self":[{"href":"https:\/\/sisu.ut.ee\/noortevaimseterviseuuring\/wp-json\/wp\/v2\/pages\/26","targetHints":{"allow":["GET"]}}],"collection":[{"href":"https:\/\/sisu.ut.ee\/noortevaimseterviseuuring\/wp-json\/wp\/v2\/pages"}],"about":[{"href":"https:\/\/sisu.ut.ee\/noortevaimseterviseuuring\/wp-json\/wp\/v2\/types\/page"}],"author":[{"embeddable":true,"href":"https:\/\/sisu.ut.ee\/noortevaimseterviseuuring\/wp-json\/wp\/v2\/users\/871"}],"replies":[{"embeddable":true,"href":"https:\/\/sisu.ut.ee\/noortevaimseterviseuuring\/wp-json\/wp\/v2\/comments?post=26"}],"version-history":[{"count":6,"href":"https:\/\/sisu.ut.ee\/noortevaimseterviseuuring\/wp-json\/wp\/v2\/pages\/26\/revisions"}],"predecessor-version":[{"id":381,"href":"https:\/\/sisu.ut.ee\/noortevaimseterviseuuring\/wp-json\/wp\/v2\/pages\/26\/revisions\/381"}],"wp:attachment":[{"href":"https:\/\/sisu.ut.ee\/noortevaimseterviseuuring\/wp-json\/wp\/v2\/media?parent=26"}],"curies":[{"name":"wp","href":"https:\/\/api.w.org\/{rel}","templated":true}]}}