{"id":4,"date":"2024-04-04T08:29:59","date_gmt":"2024-04-04T05:29:59","guid":{"rendered":"https:\/\/sisu.ut.ee\/noorlingvist\/tutvustus\/"},"modified":"2026-01-07T14:57:16","modified_gmt":"2026-01-07T12:57:16","slug":"tutvustus","status":"publish","type":"page","link":"https:\/\/sisu.ut.ee\/noorlingvist\/tutvustus\/","title":{"rendered":"Tutvustus"},"content":{"rendered":"<h2 class=\"wp-block-heading\"><span style=\"color: #f34213;\"><strong>Tutvustus<\/strong><\/span><\/h2>\n\n\n\n<div style=\"height:34px\" aria-hidden=\"true\" class=\"wp-block-spacer\"><\/div>\n\n\n\n<div class=\"wp-block-columns is-layout-flex wp-container-core-columns-is-layout-9d6595d7 wp-block-columns-is-layout-flex\">\n<div class=\"wp-block-column is-layout-flow wp-block-column-is-layout-flow\" style=\"flex-basis:66.66%\">\n<p><span style=\"font-size: 16px;\"><span style=\"color: black;\"><b>Noorlingvistide keeleklubi<\/b><\/span><span style=\"color: black;\"> on igakuine \u00fcritustesari, mille eesm\u00e4rk on \u00e4ratada koolinoorte huvi keeleteaduse kui uurimisvaldkonna vastu. Keeleklubi raames kohtuvad keelehuvilised g\u00fcmnaasiumi\u00f5pilased <\/span><a href=\"https:\/\/sisu.ut.ee\/noorlingvist\/keel.ut.ee\" target=\"_blank\" rel=\"noopener\">Tartu \u00fclikooli (ja m\u00f5nikord ka teiste) keeleteadlastega<span style=\"color: black;\">, kes kohtumiste k\u00e4igus tutvustavad, mida k\u00f5ike saab keele p\u00f5hjal uurida. Igal kuul keskendutakse \u00fcheskoos \u00fchele kindlale uurimisteemale; lisaks teadmistepagasi rikastamisele saavad koolinoored k\u00e4tt proovida keeleandmete anal\u00fc\u00fcsimises. Keeleklubi sihib toetada ema- ja v\u00f5\u00f5rkeeletundides omandatud teadmisi<\/span><\/a><\/span><a href=\"https:\/\/sisu.ut.ee\/noorlingvist\/keel.ut.ee\" target=\"_blank\" rel=\"noopener\">.<\/a><\/p>\n\n\n\n<p><span style=\"font-size: 16px;\"><span style=\"color: black;\">Keeleklubisse ootame k\u00f5iki <strong>9.\u201312. klassi \u00f5pilasi<\/strong>, kellel keeleteemad panevad silmad s\u00e4rama. Oled sa aktiivne emakeele- ja lingvistikaol\u00fcmpiaadidel osaleja, osav s\u00f5naseadja, rutiinne S\u00f5nuri lahendaja, keeleainete f\u00e4nn v\u00f5i lihtsalt uudishimutseja \u2013 liituma on teretulnud k\u00f5ik keelehuvilised!<\/span><\/span><\/p>\n\n\n\n<p><span style=\"font-size: 16px;\"><span style=\"color: black;\">Keeleteadlaste ja noorlingvistide <b>kohtumispaigaks <\/b>on Tartu \u00fclikooli eesti ja \u00fcldkeeleteaduse instituut. Keeleklubi tuleb kokku <b>kord kuus<\/b> laup\u00e4eviti, \u00fche kohtumise pikkus on orienteeruvalt kolm tundi.<\/span><\/span><\/p>\n\n\n\n<p><span style=\"\"><font color=\"#000000\">Projekti koordineerib T\u00dc mitmekeelsuse keskuse teadmussiirde koordinaator Mari-Liis Korkus. K\u00fcsimuste korral v\u00f5ta \u00fchendust aadressil <\/font><em style=\"\"><font color=\"#000000\">adele.vaks <\/font><em style=\"\"><font color=\"#000000\">[\u00e4tt] ut.ee<\/font><\/em><\/em><\/span><span style=\"font-size: 16px;\"><span style=\"color: black;\"> <\/span><\/span><span style=\"font-size: 16px;\"><span style=\"color: black;\">v\u00f5i<\/span><\/span> <span style=\"font-size: 16px;\"><span style=\"color: black;\">mari-liis.korkus [\u00e4tt] ut.ee.<\/span><\/span><\/p>\n\n\n\n<p><em><span style=\"font-size: 16px;\"><span style=\"color: black;\"><em>Noorlingvistide keeleklubi korraldab Tartu \u00dclikooli eesti ja \u00fcldkeeleteaduse instituut. Igakuiseid t\u00f6\u00f6tube rahastab Haridus- ja Teadusministeerium, 2026. aasta laagrit toetab Eesti Teadusagentuuri teaduse populariseerimise riiklik projektikonkurss.<\/em><\/span><\/span><\/em><\/p>\n<\/div>\n\n\n\n<div class=\"wp-block-column is-layout-flow wp-block-column-is-layout-flow\" style=\"flex-basis:33.33%\">\n<figure class=\"wp-block-image size-large\"><img loading=\"lazy\" decoding=\"async\" width=\"1024\" height=\"768\" src=\"https:\/\/sisu.ut.ee\/wp-content\/uploads\/sites\/617\/IMG_8381-1-1024x768.jpg\" alt=\"\" class=\"wp-image-122\" srcset=\"https:\/\/sisu.ut.ee\/wp-content\/uploads\/sites\/617\/IMG_8381-1-1024x768.jpg 1024w, https:\/\/sisu.ut.ee\/wp-content\/uploads\/sites\/617\/IMG_8381-1-300x225.jpg 300w, https:\/\/sisu.ut.ee\/wp-content\/uploads\/sites\/617\/IMG_8381-1-768x576.jpg 768w, https:\/\/sisu.ut.ee\/wp-content\/uploads\/sites\/617\/IMG_8381-1-1536x1152.jpg 1536w, https:\/\/sisu.ut.ee\/wp-content\/uploads\/sites\/617\/IMG_8381-1-2048x1536.jpg 2048w, https:\/\/sisu.ut.ee\/wp-content\/uploads\/sites\/617\/IMG_8381-1-1920x1440.jpg 1920w\" sizes=\"auto, (max-width: 1024px) 100vw, 1024px\"><\/figure>\n<\/div>\n<\/div>\n\n\n\n<div class=\"wp-block-group is-layout-constrained wp-block-group-is-layout-constrained\">\n<div class=\"wp-block-columns is-layout-flex wp-container-core-columns-is-layout-9d6595d7 wp-block-columns-is-layout-flex\">\n<div class=\"wp-block-column is-layout-flow wp-block-column-is-layout-flow\">\n<figure class=\"wp-block-image size-large is-resized\"><img loading=\"lazy\" decoding=\"async\" width=\"1024\" height=\"321\" src=\"https:\/\/sisu.ut.ee\/wp-content\/uploads\/sites\/617\/tu-logo1-3-1024x321.png\" alt=\"\" class=\"wp-image-154\" style=\"width:245px;height:auto\" srcset=\"https:\/\/sisu.ut.ee\/wp-content\/uploads\/sites\/617\/tu-logo1-3-1024x321.png 1024w, https:\/\/sisu.ut.ee\/wp-content\/uploads\/sites\/617\/tu-logo1-3-300x94.png 300w, https:\/\/sisu.ut.ee\/wp-content\/uploads\/sites\/617\/tu-logo1-3-768x240.png 768w, https:\/\/sisu.ut.ee\/wp-content\/uploads\/sites\/617\/tu-logo1-3-1536x481.png 1536w, https:\/\/sisu.ut.ee\/wp-content\/uploads\/sites\/617\/tu-logo1-3.png 1920w\" sizes=\"auto, (max-width: 1024px) 100vw, 1024px\"><\/figure>\n<\/div>\n\n\n\n<div class=\"wp-block-column is-layout-flow wp-block-column-is-layout-flow\">\n<figure class=\"wp-block-image size-full is-resized\"><img loading=\"lazy\" decoding=\"async\" width=\"960\" height=\"384\" src=\"https:\/\/sisu.ut.ee\/wp-content\/uploads\/sites\/617\/Haridus-_ja_Teadusministeeriumi_logo.png\" alt=\"\" class=\"wp-image-452\" style=\"width:288px;height:auto\" srcset=\"https:\/\/sisu.ut.ee\/wp-content\/uploads\/sites\/617\/Haridus-_ja_Teadusministeeriumi_logo.png 960w, https:\/\/sisu.ut.ee\/wp-content\/uploads\/sites\/617\/Haridus-_ja_Teadusministeeriumi_logo-300x120.png 300w, https:\/\/sisu.ut.ee\/wp-content\/uploads\/sites\/617\/Haridus-_ja_Teadusministeeriumi_logo-768x307.png 768w\" sizes=\"auto, (max-width: 960px) 100vw, 960px\"><\/figure>\n<\/div>\n\n\n\n<div class=\"wp-block-column is-layout-flow wp-block-column-is-layout-flow\">\n<figure class=\"wp-block-image size-large is-resized\"><img loading=\"lazy\" decoding=\"async\" width=\"1024\" height=\"321\" src=\"https:\/\/sisu.ut.ee\/wp-content\/uploads\/sites\/617\/Eesti-Teadusagentuur-logo-color_RGB-1-1024x321.webp\" alt=\"\" class=\"wp-image-152\" style=\"width:249px;height:auto\" srcset=\"https:\/\/sisu.ut.ee\/wp-content\/uploads\/sites\/617\/Eesti-Teadusagentuur-logo-color_RGB-1-1024x321.webp 1024w, https:\/\/sisu.ut.ee\/wp-content\/uploads\/sites\/617\/Eesti-Teadusagentuur-logo-color_RGB-1-300x94.webp 300w, https:\/\/sisu.ut.ee\/wp-content\/uploads\/sites\/617\/Eesti-Teadusagentuur-logo-color_RGB-1-768x240.webp 768w, https:\/\/sisu.ut.ee\/wp-content\/uploads\/sites\/617\/Eesti-Teadusagentuur-logo-color_RGB-1-1536x481.webp 1536w, https:\/\/sisu.ut.ee\/wp-content\/uploads\/sites\/617\/Eesti-Teadusagentuur-logo-color_RGB-1.webp 1920w\" sizes=\"auto, (max-width: 1024px) 100vw, 1024px\"><\/figure>\n<\/div>\n<\/div>\n<\/div>\n\n\n\n<hr class=\"wp-block-separator has-alpha-channel-opacity\">\n\n\n\n<p><b><span style=\"color: #f34213;\">Loe lisaks:<\/span><\/b><\/p>\n\n\n\n<p><span style=\"font-size: 16px;\"><a data-url=\"https:\/\/miks.ee\/uudised\/mida-ponevat-voib-leida-suulisest-keelekorpusest-vanast-kirjakeelest-voi-monest-sugulaskeelest\/\" title=\"\" href=\"https:\/\/miks.ee\/uudised\/mida-ponevat-voib-leida-suulisest-keelekorpusest-vanast-kirjakeelest-voi-monest-sugulaskeelest\/\" target=\"_blank\" rel=\"noopener\"><span style=\"color: #3728a2;\">Mida p\u00f5nevat v\u00f5ib leida suulisest keelekorpusest, vanast kirjakeelest v\u00f5i m\u00f5nest sugulaskeelest?<\/span><\/a><span style=\"color: #000000;\"><span style=\"line-height: normal;\"> (Miks.ee)<\/span><\/span><\/span><\/p>\n\n\n\n<p><span style=\"font-size: 16px;\"><a title=\"\" data-url=\"https:\/\/www.emakeeleselts.ee\/wp-content\/uploads\/2025\/05\/Tartus-tulid-kokku-psuhholingvistikahuvilised-noored_OK2025-1.pdf\" href=\"https:\/\/www.emakeeleselts.ee\/wp-content\/uploads\/2025\/05\/Tartus-tulid-kokku-psuhholingvistikahuvilised-noored_OK2025-1.pdf\" target=\"_blank\" rel=\"noopener\"><span style=\"color: #3728a2;\">Tartus tulid kokku ps\u00fchholingvistikahuvilised noored<\/span><\/a><span style=\"color: #000000;\"><span style=\"line-height: normal;\"> (Oma Keel nr 50)<\/span><\/span><\/span><\/p>\n\n\n\n<p><span style=\"font-size: 16px;\"><a title=\"\" data-url=\"https:\/\/doi.org\/10.1515\/lingvan-2024-0092\" href=\"https:\/\/doi.org\/10.1515\/lingvan-2024-0092\" target=\"_blank\" rel=\"noopener\"><span style=\"color: #3728a2;\">Bridging linguistics and high school students: the example of Noorlingvistide keeleklubi in Estonia<\/span><\/a><span style=\"color: #000000;\"><span style=\"line-height: normal;\"> (Linguistics Vanguard nr 10, keeleteaduse populariseerimise erinumber)<\/span><\/span><\/span><\/p>\n\n\n\n<p><span style=\"font-size: 16px;\"><a title=\"\" data-url=\"https:\/\/www.emakeeleselts.ee\/wp-content\/uploads\/2023\/11\/korkus.pdf\" href=\"https:\/\/www.emakeeleselts.ee\/wp-content\/uploads\/2023\/11\/korkus.pdf\" target=\"_blank\" rel=\"noopener\"><span style=\"color: #3728a2;\">Keeleteadus\u00fcritused noortes\u00f5bralikus kastmes<\/span><\/a><span style=\"color: #000000;\"><span style=\"line-height: normal;\"> (Oma Keel nr 47)<\/span><\/span><\/span><\/p>\n\n\n\n<p><span style=\"font-size: 16px;\"><a title=\"\" data-url=\"https:\/\/www.blog.keel.ut.ee\/keeleteaduse-erialad-tartu-ulikoolis\/keeleteadus\/kuidas-keelehuvilisest-sirgub-noorlingvist\/\" href=\"https:\/\/www.blog.keel.ut.ee\/keeleteaduse-erialad-tartu-ulikoolis\/keeleteadus\/kuidas-keelehuvilisest-sirgub-noorlingvist\/\" target=\"_blank\" rel=\"noopener\"><span style=\"color: #3728a2;\">Kuidas keelehuvilisest sirgub noorlingvist?<\/span><\/a> <span style=\"color: #000000;\">(T\u00dc eesti ja \u00fcldkeeleteaduste instituudi ajaveeb)<\/span><\/span><\/p>\n\n\n\n<p><\/p>\n","protected":false},"excerpt":{"rendered":"<p>Tutvustus Noorlingvistide keeleklubi on igakuine \u00fcritustesari, mille eesm\u00e4rk on \u00e4ratada koolinoorte huvi keeleteaduse kui uurimisvaldkonna vastu. Keeleklubi raames kohtuvad keelehuvilised g\u00fcmnaasiumi\u00f5pilased Tartu \u00fclikooli (ja m\u00f5nikord ka teiste) keeleteadlastega, kes kohtumiste k\u00e4igus tutvustavad, mida k\u00f5ike saab keele p\u00f5hjal uurida. Igal kuul &#8230;<\/p>\n","protected":false},"author":308,"featured_media":0,"parent":0,"menu_order":0,"comment_status":"closed","ping_status":"closed","template":"","meta":{"_acf_changed":false,"inline_featured_image":false,"footnotes":""},"class_list":["post-4","page","type-page","status-publish","hentry"],"acf":[],"_links":{"self":[{"href":"https:\/\/sisu.ut.ee\/noorlingvist\/wp-json\/wp\/v2\/pages\/4","targetHints":{"allow":["GET"]}}],"collection":[{"href":"https:\/\/sisu.ut.ee\/noorlingvist\/wp-json\/wp\/v2\/pages"}],"about":[{"href":"https:\/\/sisu.ut.ee\/noorlingvist\/wp-json\/wp\/v2\/types\/page"}],"author":[{"embeddable":true,"href":"https:\/\/sisu.ut.ee\/noorlingvist\/wp-json\/wp\/v2\/users\/308"}],"replies":[{"embeddable":true,"href":"https:\/\/sisu.ut.ee\/noorlingvist\/wp-json\/wp\/v2\/comments?post=4"}],"version-history":[{"count":25,"href":"https:\/\/sisu.ut.ee\/noorlingvist\/wp-json\/wp\/v2\/pages\/4\/revisions"}],"predecessor-version":[{"id":577,"href":"https:\/\/sisu.ut.ee\/noorlingvist\/wp-json\/wp\/v2\/pages\/4\/revisions\/577"}],"wp:attachment":[{"href":"https:\/\/sisu.ut.ee\/noorlingvist\/wp-json\/wp\/v2\/media?parent=4"}],"curies":[{"name":"wp","href":"https:\/\/api.w.org\/{rel}","templated":true}]}}