{"id":6,"date":"2024-04-03T23:07:27","date_gmt":"2024-04-03T20:07:27","guid":{"rendered":"https:\/\/sisu.ut.ee\/nkvj\/home\/"},"modified":"2024-04-03T23:07:31","modified_gmt":"2024-04-03T20:07:31","slug":"home","status":"publish","type":"page","link":"https:\/\/sisu.ut.ee\/nkvj\/","title":{"rendered":"\u0412\u0432\u0435\u0434\u0435\u043d\u0438\u0435"},"content":{"rendered":"<p style=\"text-align: center\"><strong>Videojuhend T\u00dc Narva kolled\u017ei veebip\u00f5histe kursuste osalejatele<\/strong><\/p>\n<p><strong>\u0420\u0443\u043a\u043e\u0432\u043e\u0434\u0441\u0442\u0432\u043e \u0434\u043b\u044f \u0443\u0447\u0430\u0441\u0442\u043d\u0438\u043a\u043e\u0432 \u044d\u043b\u0435\u043a\u0442\u0440\u043e\u043d\u043d\u043e\u0433\u043e \u0443\u0447\u0435\u0431\u043d\u043e\u0433\u043e \u043a\u0443\u0440\u0441\u0430 \u041d\u0430\u0440\u0432\u0441\u043a\u043e\u0433\u043e \u041a\u043e\u043b\u043b\u0435\u0434\u0436\u0430 \u0422\u0430\u0440\u0442\u0443\u0441\u043a\u043e\u0433\u043e \u0443\u043d\u0438\u0432\u0435\u0440\u0441\u0438\u0442\u0435\u0442\u0430.<\/strong><\/p>\n<p><strong>\u0414\u043e\u0431\u0440\u043e \u043f\u043e\u0436\u0430\u043b\u043e\u0432\u0430\u0442\u044c!<\/strong> <\/p>\n<p>\u0418\u043d\u0442\u0435\u0440\u043d\u0435\u0442-\u043e\u0431\u0443\u0447\u0435\u043d\u0438\u0435 \u0441\u0442\u0430\u043d\u043e\u0432\u0438\u0442\u0441\u044f \u0432\u0441\u0435 \u0431\u043e\u043b\u0435\u0435 \u043f\u043e\u043f\u0443\u043b\u044f\u0440\u043d\u044b\u043c \u0432 \u042d\u0441\u0442\u043e\u043d\u0438\u0438. \u041d\u0430\u0440\u0432\u0441\u043a\u0438\u0439 \u043a\u043e\u043b\u043b\u0435\u0434\u0436 \u0422\u0430\u0440\u0442\u0443\u0441\u043a\u043e\u0433\u043e \u0443\u043d\u0438\u0432\u0435\u0440\u0441\u0438\u0442\u0435\u0442\u0430 \u043f\u0440\u0435\u0434\u043b\u0430\u0433\u0430\u0435\u0442 \u0431\u043e\u043b\u0435\u0435 100 \u043a\u0443\u0440\u0441\u043e\u0432 \u0441 \u0447\u0430\u0441\u0442\u0438\u0447\u043d\u043e\u0439 \u0438\u043b\u0438 \u043f\u043e\u043b\u043d\u043e\u0439\u00a0 \u0438\u043d\u0442\u0435\u0440\u043d\u0435\u0442-\u043f\u043e\u0434\u0434\u0435\u0440\u0436\u043a\u043e\u0439, \u043a\u0430\u043a \u0441\u0442\u0443\u0434\u0435\u043d\u0442\u0430\u043c \u043a\u043e\u043b\u043b\u0435\u0434\u0436\u0430, \u0442\u0430\u043a \u0438 \u0443\u0447\u0430\u0441\u0442\u043d\u0438\u043a\u0430\u043c \u043a\u0443\u0440\u0441\u043e\u0432 \u043f\u043e\u0432\u044b\u0448\u0435\u043d\u0438\u044f \u043a\u0432\u0430\u043b\u0438\u0444\u0438\u043a\u0430\u0446\u0438\u0438. \u041d\u041a\u0422\u0423 \u0438\u0441\u043f\u043e\u043b\u044c\u0437\u0443\u0435\u0442 \u0441\u0438\u0441\u0442\u0435\u043c\u0443 Moodle \u2014 \u0441\u0438\u0441\u0442\u0435\u043c\u0430 \u0443\u043f\u0440\u0430\u0432\u043b\u0435\u043d\u0438\u044f \u043a\u0443\u0440\u0441\u0430\u043c\u0438 <strong>(<\/strong><strong>\u044d\u043b\u0435\u043a\u0442\u0440\u043e\u043d\u043d\u043e\u0435 \u043e\u0431\u0443\u0447\u0435\u043d\u0438\u0435<\/strong><strong>)<\/strong>, \u0442\u0430\u043a\u0436\u0435 \u0438\u0437\u0432\u0435\u0441\u0442\u043d\u0430\u044f \u043a\u0430\u043a \u0441\u0438\u0441\u0442\u0435\u043c\u0430 <strong>\u0443\u043f\u0440\u0430\u0432\u043b\u0435\u043d\u0438\u044f \u043e\u0431\u0443\u0447\u0435\u043d\u0438\u0435\u043c<\/strong> \u0438\u043b\u0438 <strong>\u0432\u0438\u0440\u0442\u0443\u0430\u043b\u044c\u043d\u0430\u044f \u043e\u0431\u0443\u0447\u0430\u044e\u0449\u0430\u044f \u0441\u0440\u0435\u0434\u0430<\/strong>. \u0421\u0438\u0441\u0442\u0435\u043c\u0430 Moodle \u043f\u0440\u043e\u0441\u0442\u0430, \u0434\u043e\u0441\u0442\u0443\u043f\u043d\u0430 \u0438 \u043f\u0440\u0435\u0434\u043b\u0430\u0433\u0430\u0435\u0442 \u0440\u0430\u0437\u043d\u044b\u0435 \u0432\u043e\u0437\u043c\u043e\u0436\u043d\u043e\u0441\u0442\u0438 \u0434\u043b\u044f \u043a\u0430\u0447\u0435\u0441\u0442\u0432\u0435\u043d\u043d\u043e\u0433\u043e \u043e\u0431\u0443\u0447\u0435\u043d\u0438\u044f. \u0414\u0430\u043d\u043d\u043e\u0435 \u0440\u0443\u043a\u043e\u0432\u043e\u0434\u0441\u0442\u0432\u043e \u0434\u043b\u044f \u0443\u0447\u0430\u0441\u0442\u043d\u0438\u043a\u043e\u0432 \u044d\u043b\u0435\u043a\u0442\u0440\u043e\u043d\u043d\u043e\u0433\u043e \u0443\u0447\u0435\u0431\u043d\u043e\u0433\u043e \u043a\u0443\u0440\u0441\u0430 \u041d\u0430\u0440\u0432\u0441\u043a\u043e\u0433\u043e \u041a\u043e\u043b\u043b\u0435\u0434\u0436\u0430 \u0422\u0430\u0440\u0442\u0443\u0441\u043a\u043e\u0433\u043e \u0443\u043d\u0438\u0432\u0435\u0440\u0441\u0438\u0442\u0435\u0442\u0430 \u043f\u0440\u0435\u0434\u043d\u0430\u0437\u043d\u0430\u0447\u0435\u043d\u043e \u0434\u043b\u044f \u0432\u0441\u0435\u0445 \u043f\u043e\u043b\u044c\u0437\u043e\u0432\u0430\u0442\u0435\u043b\u0435\u0439 \u0418\u043d\u0442\u0435\u0440\u043d\u0435\u0442-\u043a\u0443\u0440\u0441\u043e\u0432 \u0432 \u0441\u0440\u0435\u0434\u0435 Moodle. \u0420\u0443\u043a\u043e\u0432\u043e\u0434\u0441\u0442\u0432\u043e \u0434\u0430\u0435\u0442 \u043e\u0431\u0437\u043e\u0440 \u0441\u0442\u0440\u0443\u043a\u0442\u0443\u0440\u044b \u043a\u0443\u0440\u0441\u0430 \u0438 \u044f\u0432\u043b\u044f\u0435\u0442\u0441\u044f \u0445\u043e\u0440\u043e\u0448\u0438\u043c \u043f\u043e\u0441\u043e\u0431\u0438\u0435\u043c \u043f\u0440\u0438 \u0437\u043d\u0430\u043a\u043e\u043c\u0441\u0442\u0432\u0435 \u0441 \u043a\u0443\u0440\u0441\u043e\u043c \u0432 \u0441\u0440\u0435\u0434\u0435 Moodle. <\/p>\n<p>\u041d\u0430\u0434\u0435\u0435\u043c\u0441\u044f \u0447\u0442\u043e, \u0441 \u043f\u043e\u043c\u043e\u0449\u044c\u044e \u0434\u0430\u043d\u043d\u043e\u0433\u043e \u0440\u0443\u043a\u043e\u0432\u043e\u0434\u0441\u0442\u0432\u0430 \u043f\u0440\u043e\u0446\u0435\u0441\u0441 \u043e\u0431\u0443\u0447\u0435\u043d\u0438\u044f \u0432 \u0441\u0438\u0441\u0442\u0435\u043c\u0435 Moodle \u0441\u0442\u0430\u043d\u0435\u0442 \u0434\u043b\u044f \u0412\u0430\u0441 \u043b\u0435\u0433\u043a\u0438\u043c, \u0443\u0434\u043e\u0431\u043d\u044b\u043c \u0438 \u043f\u043e\u043d\u044f\u0442\u043d\u044b\u043c. <\/p>\n<p>\u0416\u0435\u043b\u0430\u0435\u043c \u0443\u0434\u0430\u0447\u0438, \u0438 \u0434\u043e \u0432\u0441\u0442\u0440\u0435\u0447\u0438 \u043d\u0430 \u043a\u0443\u0440\u0441\u0430\u0445 \u0432 \u0441\u0438\u0441\u0442\u0435\u043c\u0435 Moodle!<\/p>\n<p style=\"text-align: left\"><strong>\u0410\u0432\u0442\u043e\u0440 \u0443\u0447\u0435\u0431\u043d\u043e\u0433\u043e \u043e\u0431\u044a\u0435\u043a\u0442\u0430: \u041c\u0430\u0440\u0438\u044f \u0416\u0443\u0440\u0430\u0432\u043b\u0451\u0432\u0430<\/strong><\/p>\n<p style=\"text-align: center\"><strong><img loading=\"lazy\" decoding=\"async\" width=\"185\" height=\"102\" class=\"alignnone wp-image-22\" src=\"https:\/\/sisu.ut.ee\/wp-content\/uploads\/sites\/8\/esf185_0.jpg\" title=\"esf185_0.jpg\" alt=\"esf185_0.jpg\"><\/strong><\/p>\n","protected":false},"excerpt":{"rendered":"<p>Videojuhend T\u00dc Narva kolled\u017ei veebip\u00f5histe kursuste osalejatele \u0420\u0443\u043a\u043e\u0432\u043e\u0434\u0441\u0442\u0432\u043e \u0434\u043b\u044f \u0443\u0447\u0430\u0441\u0442\u043d\u0438\u043a\u043e\u0432 \u044d\u043b\u0435\u043a\u0442\u0440\u043e\u043d\u043d\u043e\u0433\u043e \u0443\u0447\u0435\u0431\u043d\u043e\u0433\u043e \u043a\u0443\u0440\u0441\u0430 \u041d\u0430\u0440\u0432\u0441\u043a\u043e\u0433\u043e \u041a\u043e\u043b\u043b\u0435\u0434\u0436\u0430 \u0422\u0430\u0440\u0442\u0443\u0441\u043a\u043e\u0433\u043e \u0443\u043d\u0438\u0432\u0435\u0440\u0441\u0438\u0442\u0435\u0442\u0430. \u0414\u043e\u0431\u0440\u043e \u043f\u043e\u0436\u0430\u043b\u043e\u0432\u0430\u0442\u044c! \u0418\u043d\u0442\u0435\u0440\u043d\u0435\u0442-\u043e\u0431\u0443\u0447\u0435\u043d\u0438\u0435 \u0441\u0442\u0430\u043d\u043e\u0432\u0438\u0442\u0441\u044f \u0432\u0441\u0435 \u0431\u043e\u043b\u0435\u0435 \u043f\u043e\u043f\u0443\u043b\u044f\u0440\u043d\u044b\u043c \u0432 \u042d\u0441\u0442\u043e\u043d\u0438\u0438. \u041d\u0430\u0440\u0432\u0441\u043a\u0438\u0439 \u043a\u043e\u043b\u043b\u0435\u0434\u0436 \u0422\u0430\u0440\u0442\u0443\u0441\u043a\u043e\u0433\u043e \u0443\u043d\u0438\u0432\u0435\u0440\u0441\u0438\u0442\u0435\u0442\u0430 \u043f\u0440\u0435\u0434\u043b\u0430\u0433\u0430\u0435\u0442 \u0431\u043e\u043b\u0435\u0435 100 \u043a\u0443\u0440\u0441\u043e\u0432 \u0441 \u0447\u0430\u0441\u0442\u0438\u0447\u043d\u043e\u0439 \u0438\u043b\u0438 \u043f\u043e\u043b\u043d\u043e\u0439\u00a0 \u0438\u043d\u0442\u0435\u0440\u043d\u0435\u0442-\u043f\u043e\u0434\u0434\u0435\u0440\u0436\u043a\u043e\u0439, \u043a\u0430\u043a &#8230;<\/p>\n","protected":false},"author":7,"featured_media":0,"parent":0,"menu_order":0,"comment_status":"closed","ping_status":"closed","template":"","meta":{"_acf_changed":false,"inline_featured_image":false,"footnotes":""},"class_list":["post-6","page","type-page","status-publish","hentry"],"acf":[],"_links":{"self":[{"href":"https:\/\/sisu.ut.ee\/nkvj\/wp-json\/wp\/v2\/pages\/6","targetHints":{"allow":["GET"]}}],"collection":[{"href":"https:\/\/sisu.ut.ee\/nkvj\/wp-json\/wp\/v2\/pages"}],"about":[{"href":"https:\/\/sisu.ut.ee\/nkvj\/wp-json\/wp\/v2\/types\/page"}],"author":[{"embeddable":true,"href":"https:\/\/sisu.ut.ee\/nkvj\/wp-json\/wp\/v2\/users\/7"}],"replies":[{"embeddable":true,"href":"https:\/\/sisu.ut.ee\/nkvj\/wp-json\/wp\/v2\/comments?post=6"}],"version-history":[{"count":1,"href":"https:\/\/sisu.ut.ee\/nkvj\/wp-json\/wp\/v2\/pages\/6\/revisions"}],"predecessor-version":[{"id":63,"href":"https:\/\/sisu.ut.ee\/nkvj\/wp-json\/wp\/v2\/pages\/6\/revisions\/63"}],"wp:attachment":[{"href":"https:\/\/sisu.ut.ee\/nkvj\/wp-json\/wp\/v2\/media?parent=6"}],"curies":[{"name":"wp","href":"https:\/\/api.w.org\/{rel}","templated":true}]}}