{"id":27,"date":"2024-12-05T12:56:39","date_gmt":"2024-12-05T10:56:39","guid":{"rendered":"https:\/\/sisu.ut.ee\/netiturvalisus\/?page_id=27"},"modified":"2024-12-06T00:04:01","modified_gmt":"2024-12-05T22:04:01","slug":"petuskeemide-valtimine","status":"publish","type":"page","link":"https:\/\/sisu.ut.ee\/netiturvalisus\/petuskeemide-valtimine\/","title":{"rendered":"Petuskeemide v\u00e4ltimine"},"content":{"rendered":"<div class=\"wp-block-columns is-layout-flex wp-container-core-columns-is-layout-9d6595d7 wp-block-columns-is-layout-flex\">\n<div class=\"wp-block-column is-layout-flow wp-block-column-is-layout-flow\" style=\"flex-basis:66.66%\">\n<p>Petuskeemide ohvriks v\u00f5ib langeda iga\u00fcks, sest petturid on muutunud aina nutikamateks ja nad m\u00f5tlevad v\u00e4lja aina uusi viise, kuidas pahaaimamatult interneti- v\u00f5i telefonikasutajalt konfidentsiaalsest infot k\u00e4tte saada.<br>N\u00e4iteks v\u00f5ivad petturid teeselda, et on politseinikud, maksuametnikud v\u00f5i panga esindajad. Peamiselt huvitab neid raha, seet\u00f5ttu v\u00f5ivad nad paluda kiiret \u00fclekannet l\u00e4hedase abistamiseks v\u00f5i m\u00f5ne tehingu kinnitamiseks PIN-koodi sisestamist.<br>Ole eriti ettevaatlik saades kirja tundmatult adressaadilt ja isegi sel juhul, kui k\u00f5ik tundub usaldusv\u00e4\u00e4rne, siis \u00e4ra saada oma PIN-koode ega pangakaardi andmeid e-kirja v\u00f5i sms-ga mitte kellelegi. Pangad r\u00f5hutavad, et nad ei k\u00fcsi kelleltki e-kirja v\u00f5i telefoni teel PIN-koode ja privaatseid pangakonto andmeid.<br>Pettuse teel soovitakse peamiselt saada ligip\u00e4\u00e4s sinu rahale, varastada sinu identiteet ja\/v\u00f5i privaatsed andmed v\u00f5i laadida sinu seadmesse pahavara.<\/p>\n<\/div>\n\n\n\n<div class=\"wp-block-column is-vertically-aligned-center is-layout-flow wp-block-column-is-layout-flow\" style=\"flex-basis:33.33%\">\n<figure class=\"wp-block-embed is-type-video is-provider-youtube wp-block-embed-youtube wp-embed-aspect-16-9 wp-has-aspect-ratio\"><div class=\"wp-block-embed__wrapper\">\n<div class=\"ratio ratio-16x9 mb-3\"><div class=\"video-placeholder-wrapper video-placeholder-wrapper--16x9\">\n\t\t\t    <div class=\"video-placeholder d-flex justify-content-center align-items-center\">\n\t\t\t        <div class=\"overlay text-white p-2 w-100 text-center d-block justify-content-center align-items-center\">\n\t\t\t            <div>Kolmandate osapoolte sisu n\u00e4gemiseks palun n\u00f5ustu k\u00fcpsistega.<\/div>\n\t\t\t            <button class=\"btn btn-secondary btn-sm mt-1 consent-change\">Muuda n\u00f5usolekut<\/button>\n\t\t\t        <\/div>\n\t\t\t    <\/div>\n\t\t\t<\/div>\n<\/div>\n<\/div><\/figure>\n<\/div>\n<\/div>\n\n\n\n<div class=\"wp-block-columns is-layout-flex wp-container-core-columns-is-layout-9d6595d7 wp-block-columns-is-layout-flex\">\n<div class=\"wp-block-column is-vertically-aligned-center is-layout-flow wp-block-column-is-layout-flow\" style=\"flex-basis:33.333%\">\n<figure class=\"wp-block-embed is-type-video is-provider-youtube wp-block-embed-youtube wp-embed-aspect-16-9 wp-has-aspect-ratio\"><div class=\"wp-block-embed__wrapper\">\n<div class=\"ratio ratio-16x9 mb-3\"><div class=\"video-placeholder-wrapper video-placeholder-wrapper--16x9\">\n\t\t\t    <div class=\"video-placeholder d-flex justify-content-center align-items-center\">\n\t\t\t        <div class=\"overlay text-white p-2 w-100 text-center d-block justify-content-center align-items-center\">\n\t\t\t            <div>Kolmandate osapoolte sisu n\u00e4gemiseks palun n\u00f5ustu k\u00fcpsistega.<\/div>\n\t\t\t            <button class=\"btn btn-secondary btn-sm mt-1 consent-change\">Muuda n\u00f5usolekut<\/button>\n\t\t\t        <\/div>\n\t\t\t    <\/div>\n\t\t\t<\/div>\n<\/div>\n<\/div><\/figure>\n<\/div>\n\n\n\n<div class=\"wp-block-column is-layout-flow wp-block-column-is-layout-flow\" style=\"flex-basis:66.666%\">\n<ul class=\"wp-block-list\">\n<li><strong>Kahtlane link v\u00f5ib saabuda tuttavalt aadressilt<\/strong>, n\u00e4iteks s\u00f5bralt v\u00f5i pereliikmelt. Kui link tundub kahtlane, siis kasuta m\u00f5nda teist suhtluskanalit, et uurida kas s\u00f5ber p\u00e4riselt saatis sulle midagi. Tema e-posti v\u00f5i sotsiaalmeedia konto v\u00f5ib olla k\u00fcberkurjategijate poolt \u00fcle v\u00f5etud.<\/li>\n\n\n\n<li><strong>Ebaturvaline link v\u00f5ib sarnaneda p\u00e4ris veebilehega<\/strong> (nt swebdank.ee v\u00f5i swebank.ee). Ole t\u00e4helepanelik kirjavigade suhtes ja j\u00e4lgi, et aadressis poleks \u00fclearuseid lisandeid.<\/li>\n\n\n\n<li><strong>\u00d5ngitsuskiri v\u00f5ib saabuda ka SMS-i teel.<\/strong> N\u00e4iteks v\u00f5ib see teatada paki saabumisest v\u00f5i k\u00fcsida t\u00e4iendavat postikulu paki kohale toimetamiseks. M\u00f5tle h\u00e4sti j\u00e4rele, kas oled tegelikult midagi tellinud ja ootad pakki. Kahtluse korral v\u00f5ta \u00fchendust postiteenuse pakkujaga.<\/li>\n<\/ul>\n<\/div>\n<\/div>\n\n\n\n<ul class=\"wp-block-list\">\n<li><strong>\u00d5ngitsuskiri v\u00f5ib teavitada suurest lotov\u00f5idust v\u00f5i p\u00e4randusest<\/strong> kaugelt sugulaselt v\u00f5i lausa v\u00f5\u00f5ralt. S\u00e4ilita reaalsustaju, kui loosimise kohta pole korralduslikku informatsiooni ja sa tead, et pole loosimisest osa v\u00f5tnud, siis pole ka v\u00f5it t\u00f5en\u00e4oline.<\/li>\n\n\n\n<li><strong>\u00c4ra sisesta oma pangakaardi vms andmeid<\/strong>, kui sa pole \u00fchtegi tehingut ise algatanud.<\/li>\n\n\n\n<li><strong>Pangat\u00f6\u00f6taja ei k\u00fcsi telefoni teel paroole ega pangakaardi andmeid.<\/strong> Kui kahtled k\u00f5ne \u00f5iguses, siis katkesta k\u00f5ne ja v\u00f5ta \u00fchendust pangat\u00f6\u00f6tajaga kasutades ametlikke kontakte.<\/li>\n\n\n\n<li>T\u00e4helepanelik tuleb olla ka<strong> internetis asju m\u00fc\u00fces<\/strong>. Petturid v\u00f5ivad sind meelitada kaupa omal kulul saatma ning sedasi v\u00f5id j\u00e4\u00e4da ilma nii kaubast kui rahast.<\/li>\n<\/ul>\n\n\n\n<hr class=\"wp-block-separator has-alpha-channel-opacity is-style-dots\">\n\n\n\n<div style=\"height:36px\" aria-hidden=\"true\" class=\"wp-block-spacer\"><\/div>\n\n\n\n<figure class=\"wp-block-embed is-type-video is-provider-youtube wp-block-embed-youtube wp-embed-aspect-16-9 wp-has-aspect-ratio\"><div class=\"wp-block-embed__wrapper\">\n<div class=\"ratio ratio-16x9 mb-3\"><div class=\"video-placeholder-wrapper video-placeholder-wrapper--16x9\">\n\t\t\t    <div class=\"video-placeholder d-flex justify-content-center align-items-center\">\n\t\t\t        <div class=\"overlay text-white p-2 w-100 text-center d-block justify-content-center align-items-center\">\n\t\t\t            <div>Kolmandate osapoolte sisu n\u00e4gemiseks palun n\u00f5ustu k\u00fcpsistega.<\/div>\n\t\t\t            <button class=\"btn btn-secondary btn-sm mt-1 consent-change\">Muuda n\u00f5usolekut<\/button>\n\t\t\t        <\/div>\n\t\t\t    <\/div>\n\t\t\t<\/div>\n<\/div>\n<\/div><\/figure>\n\n\n\n<blockquote class=\"wp-block-quote is-layout-flow wp-block-quote-is-layout-flow\">\n<p><strong>Pea meeles!<\/strong> Kui mingi pakkumine, info v\u00f5i kuulutus k\u00f5lab liialt hea, et t\u00f5si olla, siis sageli on tegemist petuskeemiga.<\/p>\n<\/blockquote>\n\n\n\n<div style=\"height:36px\" aria-hidden=\"true\" class=\"wp-block-spacer\"><\/div>\n\n\n\n<p>Kasutatud allikad ja lisalugemist:<\/p>\n\n\n\n<p><a href=\"https:\/\/www.itvaatlik.ee\/sinu-opperannak\/\">itvaatlik.ee<\/a><\/p>\n\n\n\n<p><a href=\"https:\/\/www.seb.ee\/foorum\/kuberkuritegevus-kuidas-end-kaitsta\">seb.ee<\/a><\/p>\n\n\n\n<p><a href=\"https:\/\/www.teeviit.ee\/kuidas-valtida-petuskeemide-ohvriks-langemist\/\">teeviit.ee<\/a><\/p>\n\n\n\n<p><a href=\"https:\/\/www.lhv.ee\/et\/blogi\/inimesed-sageli-alahindavad-riske-ja-ylehindavad-enda-voimeid-petuskeemide-aratundmisel\">lhv.ee<\/a><\/p>\n\n\n\n<p><a href=\"https:\/\/blog.swedbank.ee\/igapaevased-rahaasjad\/digi\/kuidas-hoida-oma-raha-petturite-eest\" data-type=\"page\" data-id=\"30\">blog.swedbank.ee<\/a><\/p>\n\n\n\n<p><a href=\"https:\/\/raha.geenius.ee\/rubriik\/uudis\/tasub-teadlik-olla-need-on-viis-eestis-koige-levinumat-pettust\/\">raha.geenius.ee<\/a><\/p>\n","protected":false},"excerpt":{"rendered":"<p>Petuskeemide ohvriks v\u00f5ib langeda iga\u00fcks, sest petturid on muutunud aina nutikamateks ja nad m\u00f5tlevad v\u00e4lja aina uusi viise, kuidas pahaaimamatult interneti- v\u00f5i telefonikasutajalt konfidentsiaalsest infot k\u00e4tte saada.N\u00e4iteks v\u00f5ivad petturid teeselda, et on politseinikud, maksuametnikud v\u00f5i panga esindajad. Peamiselt huvitab neid &#8230;<\/p>\n","protected":false},"author":660,"featured_media":0,"parent":0,"menu_order":0,"comment_status":"closed","ping_status":"closed","template":"","meta":{"_acf_changed":false,"inline_featured_image":false,"footnotes":""},"class_list":["post-27","page","type-page","status-publish","hentry"],"acf":[],"_links":{"self":[{"href":"https:\/\/sisu.ut.ee\/netiturvalisus\/wp-json\/wp\/v2\/pages\/27","targetHints":{"allow":["GET"]}}],"collection":[{"href":"https:\/\/sisu.ut.ee\/netiturvalisus\/wp-json\/wp\/v2\/pages"}],"about":[{"href":"https:\/\/sisu.ut.ee\/netiturvalisus\/wp-json\/wp\/v2\/types\/page"}],"author":[{"embeddable":true,"href":"https:\/\/sisu.ut.ee\/netiturvalisus\/wp-json\/wp\/v2\/users\/660"}],"replies":[{"embeddable":true,"href":"https:\/\/sisu.ut.ee\/netiturvalisus\/wp-json\/wp\/v2\/comments?post=27"}],"version-history":[{"count":10,"href":"https:\/\/sisu.ut.ee\/netiturvalisus\/wp-json\/wp\/v2\/pages\/27\/revisions"}],"predecessor-version":[{"id":96,"href":"https:\/\/sisu.ut.ee\/netiturvalisus\/wp-json\/wp\/v2\/pages\/27\/revisions\/96"}],"wp:attachment":[{"href":"https:\/\/sisu.ut.ee\/netiturvalisus\/wp-json\/wp\/v2\/media?parent=27"}],"curies":[{"name":"wp","href":"https:\/\/api.w.org\/{rel}","templated":true}]}}