{"id":18,"date":"2024-12-05T12:50:21","date_gmt":"2024-12-05T10:50:21","guid":{"rendered":"https:\/\/sisu.ut.ee\/netiturvalisus\/?page_id=18"},"modified":"2024-12-05T12:50:21","modified_gmt":"2024-12-05T10:50:21","slug":"valiste-andmekandjate-turvalisus","status":"publish","type":"page","link":"https:\/\/sisu.ut.ee\/netiturvalisus\/valiste-andmekandjate-turvalisus\/","title":{"rendered":"V\u00e4liste andmekandjate turvalisus"},"content":{"rendered":"<p>V\u00e4liste andmekandjate ohutus on oluline teema, kuna need seadmed v\u00f5ivad sisaldada tundlikku teavet, mis v\u00f5ib minna kergesti kaduma. V\u00e4listeks andmekandjateks on v\u00e4line k\u00f5vaketas, USB-m\u00e4lupulk, m\u00e4lukaart, CD vm. Neid on k\u00fcll v\u00e4ga lihtne kasutada andmete kopeerimiseks ja salvestamiseks, kuid tuleks olla ettevaatlik t\u00f6\u00f6ga seotud m\u00e4luseadme haldamisel kui ka uute seadmetega.<\/p>\n\n\n\n<ul class=\"wp-block-list\">\n<li>Kasuta usaldusv\u00e4\u00e4rseid andmekandjaid nii kodus kui t\u00f6\u00f6 juures, samas hoia rangelt t\u00f6\u00f6 ja eraelulised seadmed eraldi<\/li>\n\n\n\n<li>Tutvuda t\u00f6\u00f6andjapoolsete juhistega, kuidas k\u00e4ituda t\u00f6\u00f6tajale usaldatud v\u00e4liste m\u00e4luseadmetega, mida teha leitud seadmetega, kuidas reageerida seadme kaotamise korral.<\/li>\n\n\n\n<li>V\u00e4ltida tundlike andmete sattumist valedesse k\u00e4tesse, kui seade peaks j\u00e4\u00e4ma hooletusse v\u00f5i kolmandate isikute k\u00e4tte.<\/li>\n\n\n\n<li>Oht on ka v\u00f5\u00f5ra m\u00e4luseadmega tuua m\u00f5ni pahavara t\u00f6\u00f6 arvutisse. Seega tuleb v\u00e4ltida nt v\u00f5\u00f5ra m\u00e4lupulga \u00fchendamist t\u00f6\u00f6arvutisse. M\u00e4lupulgaga v\u00f5ib kahjurprogramme, v\u00f5i lihtsamalt \u00f6eldes viirusi tahtmatult kanda \u00fchelt seadmelt teisele, aga ka kustutada v\u00f5i rikkuda arvutis olevaid andmeid.<\/li>\n\n\n\n<li>Esmane, mis teha saab, on v\u00e4liste andmekandjate automaatk\u00e4ivituse keelamine.<\/li>\n<\/ul>\n\n\n\n<hr class=\"wp-block-separator has-alpha-channel-opacity is-style-dots\">\n\n\n\n<div style=\"height:36px\" aria-hidden=\"true\" class=\"wp-block-spacer\"><\/div>\n\n\n\n<figure class=\"wp-block-embed is-type-video is-provider-youtube wp-block-embed-youtube wp-embed-aspect-16-9 wp-has-aspect-ratio\"><div class=\"wp-block-embed__wrapper\">\n<div class=\"ratio ratio-16x9 mb-3\"><div class=\"video-placeholder-wrapper video-placeholder-wrapper--16x9\">\n\t\t\t    <div class=\"video-placeholder d-flex justify-content-center align-items-center\">\n\t\t\t        <div class=\"overlay text-white p-2 w-100 text-center d-block justify-content-center align-items-center\">\n\t\t\t            <div>Kolmandate osapoolte sisu n\u00e4gemiseks palun n\u00f5ustu k\u00fcpsistega.<\/div>\n\t\t\t            <button class=\"btn btn-secondary btn-sm mt-1 consent-change\">Muuda n\u00f5usolekut<\/button>\n\t\t\t        <\/div>\n\t\t\t    <\/div>\n\t\t\t<\/div>\n<\/div>\n<\/div><\/figure>\n\n\n\n<blockquote class=\"wp-block-quote is-layout-flow wp-block-quote-is-layout-flow\">\n<p><strong>Pea meeles!<\/strong> Enne, kui midagi \u00fchendad, ole kindel seadme turvalisuses!<\/p>\n<\/blockquote>\n\n\n\n<p>Kasutatud allikad ja lisalugemist:<\/p>\n\n\n\n<p><a href=\"https:\/\/www.riigiteataja.ee\/aktilisa\/1211\/2202\/2034\/MKM_m101_lisa.pdf\">riigiteataja.ee<\/a><\/p>\n","protected":false},"excerpt":{"rendered":"<p>V\u00e4liste andmekandjate ohutus on oluline teema, kuna need seadmed v\u00f5ivad sisaldada tundlikku teavet, mis v\u00f5ib minna kergesti kaduma. V\u00e4listeks andmekandjateks on v\u00e4line k\u00f5vaketas, USB-m\u00e4lupulk, m\u00e4lukaart, CD vm. Neid on k\u00fcll v\u00e4ga lihtne kasutada andmete kopeerimiseks ja salvestamiseks, kuid tuleks olla &#8230;<\/p>\n","protected":false},"author":660,"featured_media":0,"parent":0,"menu_order":0,"comment_status":"closed","ping_status":"closed","template":"","meta":{"_acf_changed":false,"inline_featured_image":false,"footnotes":""},"class_list":["post-18","page","type-page","status-publish","hentry"],"acf":[],"_links":{"self":[{"href":"https:\/\/sisu.ut.ee\/netiturvalisus\/wp-json\/wp\/v2\/pages\/18","targetHints":{"allow":["GET"]}}],"collection":[{"href":"https:\/\/sisu.ut.ee\/netiturvalisus\/wp-json\/wp\/v2\/pages"}],"about":[{"href":"https:\/\/sisu.ut.ee\/netiturvalisus\/wp-json\/wp\/v2\/types\/page"}],"author":[{"embeddable":true,"href":"https:\/\/sisu.ut.ee\/netiturvalisus\/wp-json\/wp\/v2\/users\/660"}],"replies":[{"embeddable":true,"href":"https:\/\/sisu.ut.ee\/netiturvalisus\/wp-json\/wp\/v2\/comments?post=18"}],"version-history":[{"count":1,"href":"https:\/\/sisu.ut.ee\/netiturvalisus\/wp-json\/wp\/v2\/pages\/18\/revisions"}],"predecessor-version":[{"id":20,"href":"https:\/\/sisu.ut.ee\/netiturvalisus\/wp-json\/wp\/v2\/pages\/18\/revisions\/20"}],"wp:attachment":[{"href":"https:\/\/sisu.ut.ee\/netiturvalisus\/wp-json\/wp\/v2\/media?parent=18"}],"curies":[{"name":"wp","href":"https:\/\/api.w.org\/{rel}","templated":true}]}}