{"id":9,"date":"2024-04-04T01:33:46","date_gmt":"2024-04-04T01:33:46","guid":{"rendered":"https:\/\/sisu.ut.ee\/namurplus\/teenused\/"},"modified":"2026-01-11T00:03:57","modified_gmt":"2026-01-10T22:03:57","slug":"teenused","status":"publish","type":"page","link":"https:\/\/sisu.ut.ee\/namurplus\/","title":{"rendered":"Teenused"},"content":{"rendered":"<p style=\"text-align: justify;\">Teekaardi objekti NAMUR+ raames v\u00e4lja arendatud (ja v\u00e4lja arendamisel) <strong>teenused p\u00f5hinevad akadeemiliste kasutajate ja huvitatud firmade n\u00f5udlusel k\u00f5rgtehnoloogilise m\u00f5\u00f5tmis- ja tehnoloogiaalaste teenuste j\u00e4rele<\/strong>, sh firmade\u00a0 soovist saada abi uute tehnoloogiate, meetodite ja materjalide v\u00e4ljat\u00f6\u00f6tamisel ning tootmisse juurutamisel.<\/p>\n<p style=\"text-align: justify;\">Ligip\u00e4\u00e4s seadmetele tagatakse vastavasisulise taotluse aktsepteerimise j\u00e4rel. Informatsioon aparatuuri v\u00f5imekuse kohta on kajastatud k\u00e4esoleval veebilehel teenuste kaupa. Iga teenuse kirjelduse juures on kirjas ka teenuse eest vastutava isiku ja operaatori kontaktid. Kliente, kes vajavad oma probleemi lahendamiseks konsultatsiooni, n\u00f5ustab esmalt <strong>NAMUR+<\/strong>-i projektijuht <a href=\"mailto:Vambola.kisand@ut.ee\">Vambola Kisand<\/a>, kellega koos leitakse sobiv lahendus edasiseks t\u00f6\u00f6ks.<\/p>\n<p style=\"text-align: justify;\">Infrastruktuuri sihip\u00e4raseks kasutamiseks on konsortsiumi juurde moodustatud teaduslik n\u00f5uandev kogu kompetentsetest teadlastest, kes hakkavad hindama taotlusi ja jagama m\u00f5\u00f5tmisaega juhul, kui tekib m\u00f5\u00f5tmisaegade m\u00e4rgatav \u00fclebroneerimine. Firmade ja muude erasektoriga seotud juriidilistele klientidele v\u00f5imaldatakse seadmete kasutamist maksimaalselt 2 kuu (senise kogemuse p\u00f5hjal enamasti isegi ainult kuni 2 n\u00e4dala) jooksul alates taotluse vastuv\u00f5tmisest. Eesm\u00e4rgiks on laiendada kasutajaskonda nii kaua, kui vaba ressurssi on. Kuna senini m\u00f5\u00f5tmisaega jagub, siis teadus- ja arendusasutuste avaldusi v\u00f5tab vastu seadme eest vastutava instituudi esindaja, kes koos seadme operaatoriga hindab taotletud uurimist\u00f6\u00f6 mahu ja realiseeritavuse ning tagab selle l\u00e4biviimise m\u00f5istliku aja jooksul.<\/p>\n<p style=\"text-align: justify;\"><em>Eesti teadustaristu teekaardi objekt \u201eNanomaterjalide tehnoloogiate ja uuringute keskus (NAMUR+)\u201d on kaasrahastatud Euroopa Regionaalarengu Fondist (projektid \u201eNanomaterjalid \u2013 rakendused ja uuringud\u201c, 3.2.0304.12-0397, 01.02.2012-31.12.2015 ja \u201eNanomaterjalide tehnoloogiate ja uuringute keskus\u201d, 2014-2020.4.01.16-0123, 01.01.2017 \u2013 30.06.2022 ) ning Eesti Teadusagentuuri poolt (projektid\u00a0TARISTU24-TK26<\/em>,\u00a0<em>IUT20-54 ja TT13).<br>\n<\/em><\/p>\n<p style=\"text-align: justify;\">\n<\/p>","protected":false},"excerpt":{"rendered":"<p>Teekaardi objekti NAMUR+ raames v\u00e4lja arendatud (ja v\u00e4lja arendamisel) teenused p\u00f5hinevad akadeemiliste kasutajate ja huvitatud firmade n\u00f5udlusel k\u00f5rgtehnoloogilise m\u00f5\u00f5tmis- ja tehnoloogiaalaste teenuste j\u00e4rele, sh firmade\u00a0 soovist saada abi uute tehnoloogiate, meetodite ja materjalide v\u00e4ljat\u00f6\u00f6tamisel ning tootmisse juurutamisel. Ligip\u00e4\u00e4s seadmetele tagatakse &#8230;<\/p>\n","protected":false},"author":157,"featured_media":0,"parent":0,"menu_order":0,"comment_status":"closed","ping_status":"closed","template":"","meta":{"_acf_changed":false,"inline_featured_image":false,"footnotes":""},"class_list":["post-9","page","type-page","status-publish","hentry"],"acf":[],"_links":{"self":[{"href":"https:\/\/sisu.ut.ee\/namurplus\/wp-json\/wp\/v2\/pages\/9","targetHints":{"allow":["GET"]}}],"collection":[{"href":"https:\/\/sisu.ut.ee\/namurplus\/wp-json\/wp\/v2\/pages"}],"about":[{"href":"https:\/\/sisu.ut.ee\/namurplus\/wp-json\/wp\/v2\/types\/page"}],"author":[{"embeddable":true,"href":"https:\/\/sisu.ut.ee\/namurplus\/wp-json\/wp\/v2\/users\/157"}],"replies":[{"embeddable":true,"href":"https:\/\/sisu.ut.ee\/namurplus\/wp-json\/wp\/v2\/comments?post=9"}],"version-history":[{"count":6,"href":"https:\/\/sisu.ut.ee\/namurplus\/wp-json\/wp\/v2\/pages\/9\/revisions"}],"predecessor-version":[{"id":435,"href":"https:\/\/sisu.ut.ee\/namurplus\/wp-json\/wp\/v2\/pages\/9\/revisions\/435"}],"wp:attachment":[{"href":"https:\/\/sisu.ut.ee\/namurplus\/wp-json\/wp\/v2\/media?parent=9"}],"curies":[{"name":"wp","href":"https:\/\/api.w.org\/{rel}","templated":true}]}}