{"id":7,"date":"2024-04-04T01:33:46","date_gmt":"2024-04-04T01:33:46","guid":{"rendered":"https:\/\/sisu.ut.ee\/namurplus\/partnerid\/"},"modified":"2026-01-11T00:01:56","modified_gmt":"2026-01-10T22:01:56","slug":"partnerid","status":"publish","type":"page","link":"https:\/\/sisu.ut.ee\/namurplus\/partnerid\/","title":{"rendered":"Partnerid"},"content":{"rendered":"<p><strong>NAMUR+<\/strong> taristu partnerid on <strong>Tartu \u00dclikool (T\u00dc), Tallinna Tehnika\u00fclikool (TalTech) ning Keemilise ja Bioloogilise F\u00fc\u00fcsika Instituut (KBFI)<\/strong>.<\/p>\n<p><img loading=\"lazy\" decoding=\"async\" class=\"alignnone wp-image-37 size-thumbnail\" style=\"float: right;\" title=\"tu_logod_17122015_ring_sinine.png\" src=\"https:\/\/sisu.ut.ee\/wp-content\/uploads\/sites\/293\/tu_logod_17122015_ring_sinine-150x150.png\" alt=\"tu_logod_17122015_ring_sinine.png\" width=\"150\" height=\"150\"><\/p>\n<p style=\"text-align: left;\"><a href=\"https:\/\/www.ut.ee\/et\"><strong>Tartu \u00dclikool (T\u00dc)<\/strong><\/a> on pidevalt arenev rahvusvaheline teadus\u00fclikool. Rahvus\u00fclikoolina tagab Eesti akadeemilise mitmekesisuse ning k\u00f5rge taseme, olles maailma 1% viidatuimate \u00fclikoolide ja teadusasutuste hulgas 12 teadusvaldkonnas. Lisaks teaduskoost\u00f6\u00f6le edendab T\u00dc Eesti \u00fchiskonna arengut uute teadmiste loomisel ja rakendamisel ning l\u00e4bi mitmetasandilise koost\u00f6\u00f6 nii avaliku kui ka ettev\u00f5tlussektoriga. T\u00e4naseks on T\u00dc-l v\u00e4lispartnereid 26 riigis.<\/p>\n<p><strong>NAMUR+ teenused ja uuringud:<\/strong><\/p>\n<ul>\n<li>TOF-SIMS teenused<\/li>\n<li>HR-TEM teenused<\/li>\n<li>Litograafia teenused<\/li>\n<li>Nanomaterjalide mehaanilised omadused<\/li>\n<\/ul>\n<p><img loading=\"lazy\" decoding=\"async\" class=\"alignnone wp-image-35\" style=\"float: right;\" title=\"taltech_roosa_veeb.jpg\" src=\"https:\/\/sisu.ut.ee\/wp-content\/uploads\/sites\/293\/taltech_roosa_veeb.jpg\" alt=\"taltech_roosa_veeb.jpg\" width=\"190\" height=\"150\" srcset=\"https:\/\/sisu.ut.ee\/wp-content\/uploads\/sites\/293\/taltech_roosa_veeb.jpg 945w, https:\/\/sisu.ut.ee\/wp-content\/uploads\/sites\/293\/taltech_roosa_veeb-300x237.jpg 300w, https:\/\/sisu.ut.ee\/wp-content\/uploads\/sites\/293\/taltech_roosa_veeb-768x607.jpg 768w\" sizes=\"auto, (max-width: 190px) 100vw, 190px\"><\/p>\n<p style=\"text-align: left;\"><a href=\"https:\/\/www.ttu.ee\/\"><strong>Tallinna Tehnika\u00fclikool (TalTech)<\/strong><\/a> on ainus tehnoloogia\u00fclikool Eestis. Akadeemilistele kompetentsidele ja professionaalsele juhtimisele rajatud \u00fclikoolina vastutab TalTech inseneride j\u00e4relkasvu ja tehnikakultuuri edendamise eest Eestis, panustab innovaatiliste teenustega \u00fchiskonna vajaduste rahuldamisel ning digitaalajastu v\u00e4ljakutsetega toimetulemisel. S\u00fcnergia tehnika\u2011, loodus-, t\u00e4ppis-, majandus- ja terviseteaduste valdkondade vahel aitab kaasa uute ideede s\u00fcnnile.<\/p>\n<p><strong>NAMUR+ teenused ja uuringud:<\/strong><\/p>\n<ul>\n<li>HR-SEM teenus<\/li>\n<li>Aatomkihtsadestamise teenus<\/li>\n<\/ul>\n<p><img loading=\"lazy\" decoding=\"async\" class=\"alignnone wp-image-36\" style=\"float: right;\" title=\"logo-kbfi.png\" src=\"https:\/\/sisu.ut.ee\/wp-content\/uploads\/sites\/293\/logo-kbfi.png\" alt=\"logo-kbfi.png\" width=\"124\" height=\"217\"><\/p>\n<p style=\"text-align: justify;\"><a href=\"https:\/\/kbfi.ee\/\"><strong>Keemilise ja Bioloogilise f\u00fc\u00fcsika instituut (KBFI)<\/strong><\/a> on interdistsiplinaarne teadusasutus, mis teostab alus- ja rakendusuuringuid materjaliteaduse, geeni- ja biotehnoloogia, keskkonnatehnoloogia, osakestef\u00fc\u00fcsika ja informaatika vallas.<\/p>\n<p><strong>NAMUR+ teenused ja uuringud:<\/strong><\/p>\n<ul>\n<li>(Nano)toksikoloogia<\/li>\n<\/ul>\n<p><em>Eesti teadustaristu teekaardi objekt \u201eNanomaterjalide tehnoloogiate ja uuringute keskus (NAMUR+)\u201d on kaasrahastatud Euroopa Regionaalarengu Fondist (projektid \u201eNanomaterjalid \u2013 rakendused ja uuringud\u201c, 3.2.0304.12-0397, 01.02.2012-31.12.2015 ja \u201eNanomaterjalide tehnoloogiate ja uuringute keskus\u201d, 2014-2020.4.01.16-0123, 01.01.2017 \u2013 30.06.2022 ) ning Eesti Teadusagentuuri poolt (projektid\u00a0TARISTU24-TK26,\u00a0IUT20-54 ja TT13).<\/em><\/p>\n","protected":false},"excerpt":{"rendered":"<p>NAMUR+ taristu partnerid on Tartu \u00dclikool (T\u00dc), Tallinna Tehnika\u00fclikool (TalTech) ning Keemilise ja Bioloogilise F\u00fc\u00fcsika Instituut (KBFI). Tartu \u00dclikool (T\u00dc) on pidevalt arenev rahvusvaheline teadus\u00fclikool. Rahvus\u00fclikoolina tagab Eesti akadeemilise mitmekesisuse ning k\u00f5rge taseme, olles maailma 1% viidatuimate \u00fclikoolide ja teadusasutuste &#8230;<\/p>\n","protected":false},"author":157,"featured_media":0,"parent":0,"menu_order":0,"comment_status":"closed","ping_status":"closed","template":"","meta":{"_acf_changed":false,"inline_featured_image":false,"footnotes":""},"class_list":["post-7","page","type-page","status-publish","hentry"],"acf":[],"_links":{"self":[{"href":"https:\/\/sisu.ut.ee\/namurplus\/wp-json\/wp\/v2\/pages\/7","targetHints":{"allow":["GET"]}}],"collection":[{"href":"https:\/\/sisu.ut.ee\/namurplus\/wp-json\/wp\/v2\/pages"}],"about":[{"href":"https:\/\/sisu.ut.ee\/namurplus\/wp-json\/wp\/v2\/types\/page"}],"author":[{"embeddable":true,"href":"https:\/\/sisu.ut.ee\/namurplus\/wp-json\/wp\/v2\/users\/157"}],"replies":[{"embeddable":true,"href":"https:\/\/sisu.ut.ee\/namurplus\/wp-json\/wp\/v2\/comments?post=7"}],"version-history":[{"count":11,"href":"https:\/\/sisu.ut.ee\/namurplus\/wp-json\/wp\/v2\/pages\/7\/revisions"}],"predecessor-version":[{"id":432,"href":"https:\/\/sisu.ut.ee\/namurplus\/wp-json\/wp\/v2\/pages\/7\/revisions\/432"}],"wp:attachment":[{"href":"https:\/\/sisu.ut.ee\/namurplus\/wp-json\/wp\/v2\/media?parent=7"}],"curies":[{"name":"wp","href":"https:\/\/api.w.org\/{rel}","templated":true}]}}