{"id":6,"date":"2024-04-04T01:33:46","date_gmt":"2024-04-04T01:33:46","guid":{"rendered":"https:\/\/sisu.ut.ee\/namurplus\/kontakt\/"},"modified":"2026-01-11T00:35:46","modified_gmt":"2026-01-10T22:35:46","slug":"kontakt","status":"publish","type":"page","link":"https:\/\/sisu.ut.ee\/namurplus\/kontakt\/","title":{"rendered":"Kontakt"},"content":{"rendered":"<figure class=\"wp-block-image aligncenter is-resized\"><img loading=\"lazy\" decoding=\"async\" width=\"1853\" height=\"1023\" src=\"https:\/\/sisu.ut.ee\/wp-content\/uploads\/sites\/293\/fi_eest_v.jpg\" alt=\"fi_eest_v.jpg\" class=\"wp-image-34\" style=\"width:760px;height:auto\" title=\"fi_eest_v.jpg\" srcset=\"https:\/\/sisu.ut.ee\/wp-content\/uploads\/sites\/293\/fi_eest_v.jpg 1853w, https:\/\/sisu.ut.ee\/wp-content\/uploads\/sites\/293\/fi_eest_v-300x166.jpg 300w, https:\/\/sisu.ut.ee\/wp-content\/uploads\/sites\/293\/fi_eest_v-1024x565.jpg 1024w, https:\/\/sisu.ut.ee\/wp-content\/uploads\/sites\/293\/fi_eest_v-768x424.jpg 768w, https:\/\/sisu.ut.ee\/wp-content\/uploads\/sites\/293\/fi_eest_v-1536x848.jpg 1536w\" sizes=\"auto, (max-width: 1853px) 100vw, 1853px\"><\/figure>\n\n\n\n<p class=\"has-text-align-left\"><\/p>\n\n\n\n<p class=\"has-text-align-left\"><strong>NAMUR+ teadustaristu juht<\/strong><\/p>\n\n\n\n<p class=\"has-text-align-left\">Prof. Vambola Kisand<\/p>\n\n\n\n<p class=\"has-text-align-left\">Tartu \u00dclikooli F\u00fc\u00fcsika Instituut<\/p>\n\n\n\n<p class=\"has-text-align-left\">W. Ostwaldi tn 1, 50411, Tartu<\/p>\n\n\n\n<p class=\"has-text-align-left\">tel: +372 737 4795<\/p>\n\n\n\n<p class=\"has-text-align-left\">E-mail: Vambola.kisand@ut.ee<\/p>\n\n\n\n<p><em>Eesti teadustaristu teekaardi objekt \u201eNanomaterjalide tehnoloogiate ja uuringute keskus (NAMUR+)\u201d on kaasrahastatud Euroopa Regionaalarengu Fondist (projektid \u201eNanomaterjalid \u2013 rakendused ja uuringud\u201c, 3.2.0304.12-0397, 01.02.2012-31.12.2015 ja \u201eNanomaterjalide tehnoloogiate ja uuringute keskus\u201d, 2014-2020.4.01.16-0123, 01.01.2017 \u2013 30.06.2022 ) ning Eesti Teadusagentuuri poolt (projektid\u00a0TARISTU24-TK26,\u00a0IUT20-54 ja TT13).<\/em><\/p>\n\n\n\n<p><\/p>\n","protected":false},"excerpt":{"rendered":"<p>NAMUR+ teadustaristu juht Prof. Vambola Kisand Tartu \u00dclikooli F\u00fc\u00fcsika Instituut W. Ostwaldi tn 1, 50411, Tartu tel: +372 737 4795 E-mail: Vambola.kisand@ut.ee Eesti teadustaristu teekaardi objekt \u201eNanomaterjalide tehnoloogiate ja uuringute keskus (NAMUR+)\u201d on kaasrahastatud Euroopa Regionaalarengu Fondist (projektid \u201eNanomaterjalid \u2013 &#8230;<\/p>\n","protected":false},"author":157,"featured_media":0,"parent":0,"menu_order":0,"comment_status":"closed","ping_status":"closed","template":"","meta":{"_acf_changed":false,"inline_featured_image":false,"footnotes":""},"class_list":["post-6","page","type-page","status-publish","hentry"],"acf":[],"_links":{"self":[{"href":"https:\/\/sisu.ut.ee\/namurplus\/wp-json\/wp\/v2\/pages\/6","targetHints":{"allow":["GET"]}}],"collection":[{"href":"https:\/\/sisu.ut.ee\/namurplus\/wp-json\/wp\/v2\/pages"}],"about":[{"href":"https:\/\/sisu.ut.ee\/namurplus\/wp-json\/wp\/v2\/types\/page"}],"author":[{"embeddable":true,"href":"https:\/\/sisu.ut.ee\/namurplus\/wp-json\/wp\/v2\/users\/157"}],"replies":[{"embeddable":true,"href":"https:\/\/sisu.ut.ee\/namurplus\/wp-json\/wp\/v2\/comments?post=6"}],"version-history":[{"count":7,"href":"https:\/\/sisu.ut.ee\/namurplus\/wp-json\/wp\/v2\/pages\/6\/revisions"}],"predecessor-version":[{"id":449,"href":"https:\/\/sisu.ut.ee\/namurplus\/wp-json\/wp\/v2\/pages\/6\/revisions\/449"}],"wp:attachment":[{"href":"https:\/\/sisu.ut.ee\/namurplus\/wp-json\/wp\/v2\/media?parent=6"}],"curies":[{"name":"wp","href":"https:\/\/api.w.org\/{rel}","templated":true}]}}