{"id":15,"date":"2024-04-04T01:33:46","date_gmt":"2024-04-04T01:33:46","guid":{"rendered":"https:\/\/sisu.ut.ee\/namurplus\/nano-bio-interaktsioonide-teenused\/"},"modified":"2026-01-11T00:40:58","modified_gmt":"2026-01-10T22:40:58","slug":"nano-bio-interaktsioonide-teenused","status":"publish","type":"page","link":"https:\/\/sisu.ut.ee\/namurplus\/nano-bio-interaktsioonide-teenused\/","title":{"rendered":"Nano-ohutuse teenused"},"content":{"rendered":"<p style=\"text-align: justify;\">Keemilise ja Bioloogilise F\u00fc\u00fcsika Instituudi (KBFI) <a href=\"https:\/\/kbfi.ee\/keskkonnatoksikoloogia\/\">Keskkonnatoksikoloogia Labori<\/a> kompetentsi ja juba olemasoleva taristu ning teekaardi objekti raames tehtavate investeeringute tulemusena tekkiv kompleksne nanoturvalisuse-alane infrastruktuur annab Eesti teadustaristu teekaardi objektile <strong>NAMUR+<\/strong> t\u00e4iendava v\u00f5imekuse. Erinevate nanomaterjalide bioloogiliste omaduste uurimise infrastruktuur v\u00f5imaldab leida nanomaterjalidele nii uusi bio- ja meditsiinivaldkonnaga seotud kasutusalasid kui ka iseloomustada (nano)materjalide turvalisust nii tootjale, tarbijale kui ka \u00fcmbritsevale keskkonnale, andes informatsiooni, mis tagab nanotehnoloogiate j\u00e4tkusuutlikkuse.<\/p>\n<p style=\"text-align: justify;\"><strong>NAMUR+<\/strong> raames on hangitud ja t\u00f6\u00f6sse rakendatud kolm erinevat kompleksi, mis moodustavad osa KBFI nanoturvalisuse infrastruktuurist:<\/p>\n<p style=\"text-align: justify;\"><strong>(Nano)\u00f6kotoksikoloogiliste uuringute kompleks:<\/strong> termostateeritav ja valgusreguleeritav kliimakamber Algaetron AG230 keskkonnaturvalisuse testide l\u00e4biviimiseks ja stereomikroskoop Nikon SMZ1270 testorganismide visualiseerimiseks;<\/p>\n<p style=\"text-align: center;\">\u00a0<img loading=\"lazy\" decoding=\"async\" class=\"alignnone wp-image-26\" title=\"kbfi_joonis1.jpg\" src=\"https:\/\/sisu.ut.ee\/wp-content\/uploads\/sites\/293\/kbfi_joonis1.jpg\" alt=\"kbfi_joonis1.jpg\" width=\"297\" height=\"247\">\u00a0 \u00a0 \u00a0 \u00a0 \u00a0 \u00a0 \u00a0 \u00a0<img loading=\"lazy\" decoding=\"async\" class=\"alignnone wp-image-27\" title=\"kbfi_joonis2.jpg\" src=\"https:\/\/sisu.ut.ee\/wp-content\/uploads\/sites\/293\/kbfi_joonis2.jpg\" alt=\"kbfi_joonis2.jpg\" width=\"328\" height=\"247\"><\/p>\n<p style=\"text-align: justify;\"><em>Termostateeritav ja valgusreguleeritav kliimakamber Algaetron AG230 (<em>vasakul),<\/em>\u00a0Stereomikroskoop Nikon SMZ1270 (a),\u00a0Daphnia magna\u00a0ja\u00a0Thamnocephalus platyurus\u00a0(b, c), pildistatud Nikon SMZ1270 stereomikroskoobiga <em>(paremal)<\/em>.<\/em><\/p>\n<p style=\"text-align: justify;\">Antud kompleksiga pakub\u00a0<strong>NAMUR+<\/strong> teenuseid s\u00fcnteetiliste nanoosakeste keskkonnaturvalisuse uurimiseks, kasutades <a style=\"background-color: #ffffff;\" href=\"http:\/\/ec.europa.eu\/environment\/chemicals\/reach\/reach_en.htm\">REACH regulatsiooniks<\/a> olulisi standard-teste vetikatega (Raphidocelis subcapitata kasvu inhibitsiooni test, <a style=\"background-color: #ffffff;\" href=\"http:\/\/www.oecd-ilibrary.org\/environment\/test-no-201-alga-growth-inhibition-test_9789264069923-en\">OECD201<\/a>), kirpv\u00e4hilistega (Daphnia magna akuutse toksilisuse test, <a style=\"background-color: #ffffff;\" href=\"http:\/\/www.oecd-ilibrary.org\/environment\/test-no-202-daphnia-sp-acute-immobilisation-test_9789264069947-en\">OECD202<\/a> ja reproduktsiooni test, <a style=\"background-color: #ffffff;\" href=\"http:\/\/www.oecd-ilibrary.org\/environment\/test-no-211-daphnia-magna-reproduction-test_9789264185203-en\">OECD211<\/a>), ja veetaimedega (Lemna sp. kasvuinhibitsiooni test, <a style=\"background-color: #ffffff;\" href=\"http:\/\/www.oecd-ilibrary.org\/environment\/test-no-221-lemna-sp-growth-inhabition-test_9789264016194-en\">OECD221<\/a>).<\/p>\n<p style=\"text-align: justify;\"><strong>In vitro nano-toksikoloogiliste uuringute kompleks <\/strong> <span style=\"color: #565656;\">UVA-kliimakamber Climacell 111 EVO nanomaterjalide antimikroobsuse ja ohutuse uuringuteks (A), mikroplaadipesija ThermoScientificTM Wellwash ELISA testide l\u00e4biviimiseks (B), automatiseeritud rakulugeja Logos Biosystems Luna-II koekultuurirakkude arvukuse ja elulevuse m\u00e4\u00e4ramiseks (C) ning invertmikroskoop Zeiss Axio Vert.A1 koos videokaameraga Axiocam 208 rakukultuuride visualiseerimiseks (D).<\/span><\/p>\n<p style=\"text-align: justify;\"><img loading=\"lazy\" decoding=\"async\" width=\"1491\" height=\"472\" class=\"alignnone wp-image-47\" title=\"kbfi_in_vitro.jpg\" src=\"https:\/\/sisu.ut.ee\/wp-content\/uploads\/sites\/293\/kbfi_in_vitro.jpg\" alt=\"in vitro\" srcset=\"https:\/\/sisu.ut.ee\/wp-content\/uploads\/sites\/293\/kbfi_in_vitro.jpg 1491w, https:\/\/sisu.ut.ee\/wp-content\/uploads\/sites\/293\/kbfi_in_vitro-300x95.jpg 300w, https:\/\/sisu.ut.ee\/wp-content\/uploads\/sites\/293\/kbfi_in_vitro-1024x324.jpg 1024w, https:\/\/sisu.ut.ee\/wp-content\/uploads\/sites\/293\/kbfi_in_vitro-768x243.jpg 768w\" sizes=\"auto, (max-width: 1491px) 100vw, 1491px\"><\/p>\n<p><strong>Nano-bio interaktsioonide uuringute kompleks:<\/strong> valgus-, fluorestsents- ja laser-skaneeriv konfokaalmikroskoop <span style=\"color: #565656;\">Zeiss LSM800 <\/span> nanoosakeste ja rakkude interaktsioonide uurimiseks.<\/p>\n<p style=\"text-align: justify;\"><img loading=\"lazy\" decoding=\"async\" width=\"471\" height=\"352\" class=\"alignnone wp-image-46\" style=\"width: 401px; height: 299px;\" title=\"   \" src=\"https:\/\/sisu.ut.ee\/wp-content\/uploads\/sites\/293\/zeiss_lsm800.jpg\" alt=\"  \" srcset=\"https:\/\/sisu.ut.ee\/wp-content\/uploads\/sites\/293\/zeiss_lsm800.jpg 471w, https:\/\/sisu.ut.ee\/wp-content\/uploads\/sites\/293\/zeiss_lsm800-300x224.jpg 300w\" sizes=\"auto, (max-width: 471px) 100vw, 471px\"><\/p>\n<p style=\"text-align: justify;\">Kontaktisikud: <strong>Anne Kahru<\/strong> (<a href=\"mailto:anne.kahru@kbfi.ee\">anne.kahru@kbfi.ee<\/a>), <span style=\"background: white;\"><span style=\"line-height: normal;\"><span style=\"color: #565656;\"><strong>Kaja Kasemets<\/strong> (<\/span><\/span><\/span><a href=\"mailto:kaja.kasemets@kbfi.ee\">kaja.kasemets@kbfi.ee<\/a><span style=\"background: white;\"><span style=\"line-height: normal;\"><span style=\"color: #565656;\">)<\/span><\/span><\/span><\/p>\n<p style=\"margin-bottom: 7.5pt; text-align: justify;\">Testide kontaktisikud: <span style=\"background: white;\"><span style=\"line-height: normal;\"><span style=\"color: #565656;\"><a href=\"https:\/\/www.etis.ee\/Research\/ProductServices\/Display\/0b3cae66-1d9c-4882-9184-76b006d52816\">(Nano)\u00f6kotoksikoloogilised uuringud<\/a>: OECD201, Villem Aruoja (<\/span><a href=\"mailto:villem.aruoja@kbfi.ee\"><span style=\"color: #428bca;\">villem.aruoja@kbfi.ee<\/span><\/a><span style=\"color: #565656;\">) ja OECD202, 210 ja 211, Irina Blinova (<\/span><a href=\"mailto:irina.blinova@kbfi.ee\"><span style=\"color: #428bca;\">irina.blinova@kbfi.ee<\/span><\/a><span style=\"color: #565656;\">), <i><a href=\"https:\/\/www.etis.ee\/Research\/ProductServices\/Display\/ac15a615-3a5f-4f21-89c1-0d2a3721860d\">in vitro<span style=\"font-style: normal;\"> nanotoksikoloogilised<\/span><\/a><\/i> ning <a href=\"https:\/\/www.etis.ee\/Research\/ProductServices\/Display\/a87ba8c5-3907-4c2b-9f60-4cf4f6edb1ac\">nanoosakeste ja rakkude interaktsioonide uuringud<\/a>: Kaja Kasemets (<\/span><\/span><\/span><a href=\"mailto:kaja.kasemets@kbfi.ee\">kaja.kasemets@kbfi.ee<\/a><span style=\"background: white;\"><span style=\"line-height: normal;\"><span style=\"color: #565656;\">).<\/span><\/span><\/span><\/p>\n<p style=\"text-align: justify;\"><em>Eesti teadustaristu teekaardi objekt \u201eNanomaterjalide tehnoloogiate ja uuringute keskus (NAMUR+)\u201d on kaasrahastatud Euroopa Regionaalarengu Fondist (projektid \u201eNanomaterjalid \u2013 rakendused ja uuringud\u201c, 3.2.0304.12-0397, 01.02.2012-31.12.2015 ja \u201eNanomaterjalide tehnoloogiate ja uuringute keskus\u201d, 2014-2020.4.01.16-0123, 01.01.2017 \u2013 30.06.2022 ) ning Eesti Teadusagentuuri poolt (projektid TARISTU24-TK26, IUT20-54 ja TT13).<br>\n<\/em><\/p>\n","protected":false},"excerpt":{"rendered":"<p>Keemilise ja Bioloogilise F\u00fc\u00fcsika Instituudi (KBFI) Keskkonnatoksikoloogia Labori kompetentsi ja juba olemasoleva taristu ning teekaardi objekti raames tehtavate investeeringute tulemusena tekkiv kompleksne nanoturvalisuse-alane infrastruktuur annab Eesti teadustaristu teekaardi objektile NAMUR+ t\u00e4iendava v\u00f5imekuse. Erinevate nanomaterjalide bioloogiliste omaduste uurimise infrastruktuur v\u00f5imaldab leida &#8230;<\/p>\n","protected":false},"author":157,"featured_media":0,"parent":0,"menu_order":0,"comment_status":"closed","ping_status":"closed","template":"","meta":{"_acf_changed":false,"inline_featured_image":false,"footnotes":""},"class_list":["post-15","page","type-page","status-publish","hentry"],"acf":[],"_links":{"self":[{"href":"https:\/\/sisu.ut.ee\/namurplus\/wp-json\/wp\/v2\/pages\/15","targetHints":{"allow":["GET"]}}],"collection":[{"href":"https:\/\/sisu.ut.ee\/namurplus\/wp-json\/wp\/v2\/pages"}],"about":[{"href":"https:\/\/sisu.ut.ee\/namurplus\/wp-json\/wp\/v2\/types\/page"}],"author":[{"embeddable":true,"href":"https:\/\/sisu.ut.ee\/namurplus\/wp-json\/wp\/v2\/users\/157"}],"replies":[{"embeddable":true,"href":"https:\/\/sisu.ut.ee\/namurplus\/wp-json\/wp\/v2\/comments?post=15"}],"version-history":[{"count":4,"href":"https:\/\/sisu.ut.ee\/namurplus\/wp-json\/wp\/v2\/pages\/15\/revisions"}],"predecessor-version":[{"id":456,"href":"https:\/\/sisu.ut.ee\/namurplus\/wp-json\/wp\/v2\/pages\/15\/revisions\/456"}],"wp:attachment":[{"href":"https:\/\/sisu.ut.ee\/namurplus\/wp-json\/wp\/v2\/media?parent=15"}],"curies":[{"name":"wp","href":"https:\/\/api.w.org\/{rel}","templated":true}]}}