{"id":7,"date":"2024-04-03T23:06:53","date_gmt":"2024-04-03T20:06:53","guid":{"rendered":"https:\/\/sisu.ut.ee\/naisteterviseuuring\/uuringu-tooruhm\/"},"modified":"2025-04-24T21:21:44","modified_gmt":"2025-04-24T18:21:44","slug":"uuringu-tooruhm","status":"publish","type":"page","link":"https:\/\/sisu.ut.ee\/naisteterviseuuring\/uuringu-tooruhm\/","title":{"rendered":"Uuringu t\u00f6\u00f6r\u00fchm"},"content":{"rendered":"<figure class=\"wp-block-image size-full\"><img loading=\"lazy\" decoding=\"async\" width=\"1920\" height=\"280\" src=\"https:\/\/sisu.ut.ee\/wp-content\/uploads\/sites\/4\/naistekliinik_1920x280px.jpg\" alt=\"ENTU banner\" class=\"wp-image-41\" style=\"object-fit:cover\" srcset=\"https:\/\/sisu.ut.ee\/wp-content\/uploads\/sites\/4\/naistekliinik_1920x280px.jpg 1920w, https:\/\/sisu.ut.ee\/wp-content\/uploads\/sites\/4\/naistekliinik_1920x280px-300x44.jpg 300w, https:\/\/sisu.ut.ee\/wp-content\/uploads\/sites\/4\/naistekliinik_1920x280px-1024x149.jpg 1024w, https:\/\/sisu.ut.ee\/wp-content\/uploads\/sites\/4\/naistekliinik_1920x280px-768x112.jpg 768w, https:\/\/sisu.ut.ee\/wp-content\/uploads\/sites\/4\/naistekliinik_1920x280px-1536x224.jpg 1536w\" sizes=\"auto, (max-width: 1920px) 100vw, 1920px\"><\/figure>\n\n\n<h1>Uuringu t\u00f6\u00f6r\u00fchm<\/h1>\n<h2>\u00a0<\/h2>\n<p><img loading=\"lazy\" decoding=\"async\" width=\"288\" height=\"289\" class=\"alignnone wp-image-18\" style=\"width: 150px; height: 151px; float: left; margin: 10px;\" title=\"helle.png\" src=\"https:\/\/sisu.ut.ee\/wp-content\/uploads\/sites\/4\/helle.png\" alt=\"Helle Karro\" srcset=\"https:\/\/sisu.ut.ee\/wp-content\/uploads\/sites\/4\/helle.png 288w, https:\/\/sisu.ut.ee\/wp-content\/uploads\/sites\/4\/helle-150x150.png 150w\" sizes=\"auto, (max-width: 288px) 100vw, 288px\"><strong>Helle Karro<\/strong>, MD, PhD<br><a href=\"mailto:helle.karro@ut.ee\">helle.karro@ut.ee<\/a><br>T\u00dc kliinilise meditsiini instituudi naistekliiniku professor; T\u00dc Kliinikumi naistekliiniku \u00fclemarst-\u00f5ppej\u00f5ud<\/p>\n<p>Minu t\u00f6\u00f6 keskmes naistearsti, teadlase ja \u00f5ppej\u00f5una on naise tervis, eesk\u00e4tt seksuaal- ja reproduktiivtervis ja nendega seotud \u00f5iguste eest seismine.\u00a0 Pika teadlase karj\u00e4\u00e4ri jooksul olen uurinud naise tervisega seotud m\u00f5jureid kogu naise elukaare jooksul, sh rasedusaegsete tegurite ja sekkumiste m\u00f5ju ema ja lapse tervisele, s\u00fcnnitushirmuga seonduvat, naistearsti teenuste ja rasestumisvastaste vahendite kasutamiste m\u00f5ju. Olulisel kohal minu teadust\u00f6\u00f6s on viljakuse ja viljatusraviga seonduv. Eesti Naiste Tervise uuring annab suurep\u00e4rase v\u00f5imaluse hinnata, millised muutused on toimunud viimase 20 aasta jooksul ja millised on naiste ootused ja vajadused.<\/p>\n<hr>\n<p><img loading=\"lazy\" decoding=\"async\" width=\"288\" height=\"289\" class=\"alignnone wp-image-19\" style=\"width: 150px; height: 151px; margin: 10px; float: left;\" title=\"made.png\" src=\"https:\/\/sisu.ut.ee\/wp-content\/uploads\/sites\/4\/made.png\" alt=\"Made Laanpere\" srcset=\"https:\/\/sisu.ut.ee\/wp-content\/uploads\/sites\/4\/made.png 288w, https:\/\/sisu.ut.ee\/wp-content\/uploads\/sites\/4\/made-150x150.png 150w\" sizes=\"auto, (max-width: 288px) 100vw, 288px\"><strong>Made Laanpere<\/strong>, MD, PhD<br><a href=\"mailto:made.laanpere@ut.ee\">made.laanpere@ut.ee<\/a><br>T\u00dc kliinilise meditsiini instituudi naistekliiniku kaasprofessor; T\u00dc Kliinikumi naistekliiniku vanemarst-\u00f5ppej\u00f5ud<\/p>\n<p>Olen p\u00fc\u00fcdnud alati seista naiste \u00f5iguse eest ise oma elu \u00fcle otsustada ja seda planeerida. Sellest olen juhindunud oma arstit\u00f6\u00f6s. \u00d5petades tulevasi arste olen p\u00fc\u00fcdnud teadmiste jagamise k\u00f5rval laiendada nende silmaringi. Pean oluliseks panustamist noorte seksuaaltervise teenuste ja seksuaalv\u00e4givalla \u00fcleelanute abi sisseseadmisele Eestis. Eesti naiste tervise uuringust saadud teadmiste p\u00f5hjal olen teinud t\u00f5endusp\u00f5hiseid kokkuv\u00f5tteid naistearsti tegevusi puudutavate teenuste, rasestumisvastaste vahendite kasutamise ja v\u00e4givalla m\u00f5ju kohta naiste tervisele.<\/p>\n<hr>\n<p><img loading=\"lazy\" decoding=\"async\" width=\"288\" height=\"289\" class=\"alignnone wp-image-20\" style=\"width: 150px; height: 151px; margin: 10px; float: left;\" title=\"kai.png\" src=\"https:\/\/sisu.ut.ee\/wp-content\/uploads\/sites\/4\/kai.png\" alt=\"Kai Part\" srcset=\"https:\/\/sisu.ut.ee\/wp-content\/uploads\/sites\/4\/kai.png 288w, https:\/\/sisu.ut.ee\/wp-content\/uploads\/sites\/4\/kai-150x150.png 150w\" sizes=\"auto, (max-width: 288px) 100vw, 288px\"><strong>Kai Part<\/strong>, MD, PhD<br><a href=\"mailto:kai.part@ut.ee\">kai.part@ut.ee<\/a><br>T\u00dc kliinilise meditsiini instituudi naistekliiniku kaasprofessor; T\u00dc Kliinikumi naistekliiniku vanemarst-\u00f5ppej\u00f5ud; sotsiaalkindlustusametis seksuaalv\u00e4givalla kriisiabikeskuste ekspert<\/p>\n<p>Olen kaasa aidanud noortele ja seksuaalv\u00e4givalla \u00fcleelanutele tervishoiuteenuste loomisele, koostanud seksuaalhariduslikku \u00f5ppevara ja l\u00e4bi viinud seksuaalhariduse ja kohtinguv\u00e4givalla ennetamise koolitusi pedagoogidele ja kooli tugispetsialistidele. Eesti naiste tervise uuringu andmete p\u00f5hjal olen anal\u00fc\u00fcsinud noorte seksuaaltervisega (seksuaalelu alustamine, rasestumisvastaste vahendite kasutamine) ja kooli seksuaalharidusega seonduvat. Loodan selles uuringus n\u00e4ha, millised on nimetatud teemadel suundumused viimase 20 aasta jooksul.<\/p>\n<hr>\n<p><img loading=\"lazy\" decoding=\"async\" width=\"288\" height=\"289\" class=\"alignnone wp-image-21\" style=\"width: 150px; height: 151px; margin: 10px; float: left;\" title=\"kristiina.png\" src=\"https:\/\/sisu.ut.ee\/wp-content\/uploads\/sites\/4\/kristiina.png\" alt=\"Kristiina Paju\" srcset=\"https:\/\/sisu.ut.ee\/wp-content\/uploads\/sites\/4\/kristiina.png 288w, https:\/\/sisu.ut.ee\/wp-content\/uploads\/sites\/4\/kristiina-150x150.png 150w\" sizes=\"auto, (max-width: 288px) 100vw, 288px\"><strong>Kristiina Paju<\/strong>, MD<br><a href=\"mailto:kristiina.paju@ut.ee\">kristiina.paju@ut.ee<\/a><br>S\u00fcnnitusabi ja g\u00fcnekoloogia eriala arst-resident<\/p>\n<p>M\u00e4letan, kuidas arsti\u00f5ppe alguses dr. Laanpere teatas meile kui v\u00e4rsketele \u00fcli\u00f5pilastele, et naistearsti kohus on olla naiste \u00f5iguste kaitsja \u00fchiskonnas. Antud m\u00f5te oli tabav ning aastaid hiljem j\u00f5udsingi siinsele erialale. Leian, et liigagi sageli ei kuulata naiste seisukohti nende endi tervist puudutavatel teemadel \u2013 seda nii meditsiinis\u00fcsteemis kui ka poliitikas. Eesti naiste tervise uuringul on oluline roll, et koguda kokku naiste kogemused ja vajadused ning aidata neil \u00fchiskonnas valjemalt k\u00f5lada.<\/p>\n<hr>\n<p><img loading=\"lazy\" decoding=\"async\" width=\"288\" height=\"289\" class=\"alignnone wp-image-22\" style=\"width: 150px; height: 151px; margin: 10px; float: left;\" title=\"mall.png\" src=\"https:\/\/sisu.ut.ee\/wp-content\/uploads\/sites\/4\/mall.png\" alt=\"Mall Eltermaa\" srcset=\"https:\/\/sisu.ut.ee\/wp-content\/uploads\/sites\/4\/mall.png 288w, https:\/\/sisu.ut.ee\/wp-content\/uploads\/sites\/4\/mall-150x150.png 150w\" sizes=\"auto, (max-width: 288px) 100vw, 288px\"><strong>Mall Eltermaa<\/strong>, MD<br><a href=\"mailto:mall.eltermaa@ut.ee\">mall.eltermaa@ut.ee<\/a><br>Naistearst, T\u00dc Bio- ja siirdemeditsiini instituudi patof\u00fcsioloogia osakonna assistent<\/p>\n<p>Minu sooviks on naistearstina olla abiks ja toeks naistele nende terve elukaare v\u00e4ltel, sealhulgas ka p\u00e4rast menopausi. Antud uuringu puhul on hea meel t\u00f5deda, et oma s\u00f5na saavad sel korral ka naised, kes \u00fcle 45-aastased ning saame sel korral teadmisi ka inimeste hoiakutest, teadmistest, kaebustest seoses perimenopausi ning postmenopausiga.<\/p>\n<hr>\n<p><img loading=\"lazy\" decoding=\"async\" width=\"288\" height=\"289\" class=\"alignnone wp-image-23\" style=\"width: 150px; height: 151px; margin: 10px; float: left;\" title=\"miina.png\" src=\"https:\/\/sisu.ut.ee\/wp-content\/uploads\/sites\/4\/miina.png\" alt=\"Miina Hein\" srcset=\"https:\/\/sisu.ut.ee\/wp-content\/uploads\/sites\/4\/miina.png 288w, https:\/\/sisu.ut.ee\/wp-content\/uploads\/sites\/4\/miina-150x150.png 150w\" sizes=\"auto, (max-width: 288px) 100vw, 288px\"><strong>Miina Hein<\/strong>, MD<br><a href=\"mailto:miina.hein@ut.ee\">miina.hein@ut.ee<\/a><br>S\u00fcnnitusabi ja g\u00fcnekoloogia eriala arst-resident<\/p>\n<p>Mind huvitab eelk\u00f5ige noorte naiste tervis (sh menstruatsioonidega seonduv ja \u00a0rasedusest hoidumine), aga ka rasedusega seonduvad eriolukorrad. Olen neid teemasid kajastanud populaarteaduslikes kui ka eriala-ajakirjades. Eesti naiste tervise uuringus tunnen ma peamiselt huvi nimetatud teemade vastu ja soovin n\u00e4ha, millised arengud on toimunud v\u00f5rreldes eelnevate uuringutega 10 ja 20 aastat tagasi.<\/p>\n<hr>\n<p><img loading=\"lazy\" decoding=\"async\" class=\"alignnone wp-image-24\" style=\"width: 153px; height: 154px; margin: 10px; float: left;\" title=\"maris.png\" src=\"https:\/\/sisu.ut.ee\/wp-content\/uploads\/sites\/4\/maris.png\" alt=\"Maris Alafrange\" width=\"288\" height=\"289\" srcset=\"https:\/\/sisu.ut.ee\/wp-content\/uploads\/sites\/4\/maris.png 288w, https:\/\/sisu.ut.ee\/wp-content\/uploads\/sites\/4\/maris-150x150.png 150w\" sizes=\"auto, (max-width: 288px) 100vw, 288px\"><strong>Maris Alafrange<\/strong><br>T\u00dc arstiteaduse \u00fcli\u00f5pilane<br><a href=\"mailto:maris.kluge@ut.ee\">maris.kluge@ut.ee<\/a><\/p>\n<p>Minu huviks on laste ja noorte seksuaalharidus ja sellealane n\u00f5ustamine. Olen sellel teemal aidanud kaasa ajakirjanduslike artiklite ilmumisse, samuti vedanud naiste tervise teemalist Instagrami lehte. Teiseks huvipakkuvaks teemaks on olnud seksuaalv\u00e4givald ja \u00fcleelanutele pakutav meditsiiniline abi, millest olen avaldanud teadusartikli. Eesti naiste tervise uuringus l\u00f6\u00f6n kaasa huvi t\u00f5ttu n\u00e4ha, et kas noored on \u00fcha teadlikumad oma seksuaaltervise osas tehtavates valikutes.<\/p>\n<hr>\n<p><strong><img loading=\"lazy\" decoding=\"async\" class=\"alignleft wp-image-167\" style=\"width: 153px; height: 153px; margin: 10px; float: left;\" title=\"maris.png\" src=\"https:\/\/sisu.ut.ee\/wp-content\/uploads\/sites\/4\/Lohmus.png\" alt=\"Liilia L\u00f5hmus\" width=\"153\" height=\"153\" srcset=\"https:\/\/sisu.ut.ee\/wp-content\/uploads\/sites\/4\/Lohmus.png 295w, https:\/\/sisu.ut.ee\/wp-content\/uploads\/sites\/4\/Lohmus-150x150.png 150w\" sizes=\"auto, (max-width: 153px) 100vw, 153px\">Liilia L\u00f5hmus<br><\/strong>Tervise Arengu Instituudi riskik\u00e4itumise uuringute osakonna teadur<br><a href=\"mailto:liilia.lohmus@tai.ee\">liilia.lohmus@tai.ee<\/a><\/p>\n<p>Minu jaoks on oluline mitmekesine seksuaalharidus ning eetiline teadmistel p\u00f5hinev ennetus. Nendel tegevustel on pikaajaline m\u00f5ju inimesele ja tema oskustele, need tegevused annavad v\u00f5imaluse elada \u00f5nnelikku ja t\u00e4isv\u00e4\u00e4rtuslikku elu, annavad julguse otsustada oma keha ja tervise \u00fcle, seista oma \u00f5iguste eest nii t\u00f6\u00f6elus kui ka kodus. Minu tegevus ongi seotud just teadmiste kogumise ja anal\u00fc\u00fcsiga, olen nullist \u00fclesse ehitanud nii mitmedki uuringud, k\u00f5ige pikema ajalooga on noorte seksuaaltervise uuring.<\/p>\n<hr>\n<p><strong>Inge Ringmets<\/strong><br><a href=\"mailto:inge.ringmets@ut.ee\">inge.ringmets@ut.ee<\/a><\/p>\n<p>Biostatistik 2014. ja 2024. aasta Eesti naiste tervise uuringus.<\/p>\n<hr>\n<p><strong>Aigar Ottas<\/strong>, PhD<br><a href=\"mailto:aigar.ottas@ut.ee\">aigar.ottas@ut.ee<\/a><\/p>\n<p>Biopankade ja andmekogude spetsialist Tartu \u00dclikooli Kliinikumis ja meditsiinilise metaboloomika teadur Tartu \u00dclikoolis.<\/p>\n<hr>\n<p><img loading=\"lazy\" decoding=\"async\" width=\"288\" height=\"289\" class=\"alignnone wp-image-25\" style=\"width: 150px; height: 151px; margin: 10px; float: left;\" title=\"kirke.png\" src=\"https:\/\/sisu.ut.ee\/wp-content\/uploads\/sites\/4\/kirke.png\" alt=\"Kirke Kond\" srcset=\"https:\/\/sisu.ut.ee\/wp-content\/uploads\/sites\/4\/kirke.png 288w, https:\/\/sisu.ut.ee\/wp-content\/uploads\/sites\/4\/kirke-150x150.png 150w\" sizes=\"auto, (max-width: 288px) 100vw, 288px\"><strong>Kirke Kond<\/strong><br>T\u00dc arstiteaduse \u00fcli\u00f5pilane<br><a href=\"mailto:kirke.kond@ut.ee\">kirke.kond@ut.ee<\/a><\/p>\n<p>Ma usun, et inim\u00f5iguste eest seismine on v\u00e4ga oluline. Just seet\u00f5ttu tunnen huvi Eesti naiste tervise uuringu tulemuste vastu, mis puudutavad seksuaal\u00f5igusi ja v\u00e4\u00e4rkohtlemist. Samuti olen veendunud, et rahva hea seksuaaltervise ja -k\u00e4itumise \u00fcks v\u00f5tmeelemente on kvaliteetne seksuaalharidus. Seega olen p\u00f5nevil, et n\u00e4ha, kuidas uuringus osalevate noorte riskik\u00e4itumine koolis antava seksuaalhariduse taustal viimaste k\u00fcmnendite jooksul parenenud on.\u00a0<\/p>\n<hr>\n<p><img loading=\"lazy\" decoding=\"async\" width=\"288\" height=\"289\" class=\"alignnone wp-image-26\" style=\"width: 150px; height: 151px; margin: 10px; float: left;\" title=\"grete.png\" src=\"https:\/\/sisu.ut.ee\/wp-content\/uploads\/sites\/4\/grete.png\" alt=\"Grete T\u00f5niste\" srcset=\"https:\/\/sisu.ut.ee\/wp-content\/uploads\/sites\/4\/grete.png 288w, https:\/\/sisu.ut.ee\/wp-content\/uploads\/sites\/4\/grete-150x150.png 150w\" sizes=\"auto, (max-width: 288px) 100vw, 288px\"><strong>Grete T\u00f5niste<\/strong><br>T\u00dc arstiteaduse\u00a0\u00fcli\u00f5pilane<br><a href=\"mailto:grete.toniste@ut.ee\">grete.toniste@ut.ee<\/a><\/p>\n<p>Naiste \u00f5igused nii meditsiinis\u00fcsteemis kui ka \u00fchiskonnas laiemalt on mind alati k\u00f6itnud. Naiste tervise (eriti reproduktiivtervise) kujundamisel peavad k\u00f5nealused ise saama kaasa r\u00e4\u00e4kida, et seadusandlikud otsused oleksid koosk\u00f5las vajadustega ning kaitseksid naiste \u00f5igusi. Olen rahul, et selle uuringu tulemusena saame naiste reproduktiiv- ja seksuaaltervise kohta ajakohast teavet ning kuidas COVID-19 pandeemia m\u00f5jutas tervishoiuteenuste k\u00e4ttesaamist.<\/p>\n<h3>\u00a0<\/h3>","protected":false},"excerpt":{"rendered":"<p>Uuringu t\u00f6\u00f6r\u00fchm \u00a0 Helle Karro, MD, PhDhelle.karro@ut.eeT\u00dc kliinilise meditsiini instituudi naistekliiniku professor; T\u00dc Kliinikumi naistekliiniku \u00fclemarst-\u00f5ppej\u00f5ud Minu t\u00f6\u00f6 keskmes naistearsti, teadlase ja \u00f5ppej\u00f5una on naise tervis, eesk\u00e4tt seksuaal- ja reproduktiivtervis ja nendega seotud \u00f5iguste eest seismine.\u00a0 Pika teadlase karj\u00e4\u00e4ri jooksul &#8230;<\/p>\n","protected":false},"author":4,"featured_media":0,"parent":0,"menu_order":0,"comment_status":"closed","ping_status":"closed","template":"","meta":{"_acf_changed":false,"inline_featured_image":false,"footnotes":""},"class_list":["post-7","page","type-page","status-publish","hentry"],"acf":[],"_links":{"self":[{"href":"https:\/\/sisu.ut.ee\/naisteterviseuuring\/wp-json\/wp\/v2\/pages\/7","targetHints":{"allow":["GET"]}}],"collection":[{"href":"https:\/\/sisu.ut.ee\/naisteterviseuuring\/wp-json\/wp\/v2\/pages"}],"about":[{"href":"https:\/\/sisu.ut.ee\/naisteterviseuuring\/wp-json\/wp\/v2\/types\/page"}],"author":[{"embeddable":true,"href":"https:\/\/sisu.ut.ee\/naisteterviseuuring\/wp-json\/wp\/v2\/users\/4"}],"replies":[{"embeddable":true,"href":"https:\/\/sisu.ut.ee\/naisteterviseuuring\/wp-json\/wp\/v2\/comments?post=7"}],"version-history":[{"count":11,"href":"https:\/\/sisu.ut.ee\/naisteterviseuuring\/wp-json\/wp\/v2\/pages\/7\/revisions"}],"predecessor-version":[{"id":197,"href":"https:\/\/sisu.ut.ee\/naisteterviseuuring\/wp-json\/wp\/v2\/pages\/7\/revisions\/197"}],"wp:attachment":[{"href":"https:\/\/sisu.ut.ee\/naisteterviseuuring\/wp-json\/wp\/v2\/media?parent=7"}],"curies":[{"name":"wp","href":"https:\/\/api.w.org\/{rel}","templated":true}]}}