{"id":5,"date":"2024-04-03T23:06:53","date_gmt":"2024-04-03T20:06:53","guid":{"rendered":"https:\/\/sisu.ut.ee\/naisteterviseuuring\/uuringust\/"},"modified":"2024-04-09T15:13:58","modified_gmt":"2024-04-09T12:13:58","slug":"uuringust","status":"publish","type":"page","link":"https:\/\/sisu.ut.ee\/naisteterviseuuring\/uuringust\/","title":{"rendered":"Uuringust"},"content":{"rendered":"<figure class=\"wp-block-image size-full\"><img loading=\"lazy\" decoding=\"async\" width=\"1920\" height=\"280\" src=\"https:\/\/sisu.ut.ee\/wp-content\/uploads\/sites\/4\/naistekliinik_1920x280px.jpg\" alt=\"ENTU banner\" class=\"wp-image-41\" srcset=\"https:\/\/sisu.ut.ee\/wp-content\/uploads\/sites\/4\/naistekliinik_1920x280px.jpg 1920w, https:\/\/sisu.ut.ee\/wp-content\/uploads\/sites\/4\/naistekliinik_1920x280px-300x44.jpg 300w, https:\/\/sisu.ut.ee\/wp-content\/uploads\/sites\/4\/naistekliinik_1920x280px-1024x149.jpg 1024w, https:\/\/sisu.ut.ee\/wp-content\/uploads\/sites\/4\/naistekliinik_1920x280px-768x112.jpg 768w, https:\/\/sisu.ut.ee\/wp-content\/uploads\/sites\/4\/naistekliinik_1920x280px-1536x224.jpg 1536w\" sizes=\"auto, (max-width: 1920px) 100vw, 1920px\"><\/figure>\n\n\n<h1>Uuringust<\/h1>\n<p><strong>Eesti naiste tervise uuring 2024: seksuaal \u2013 ja reproduktiivtervis, tervisek\u00e4itumine, hoiakud ja tervishoiuteenuste kasutamine,\u00a0ENTU 2024. <\/strong><i>\u00a0\u201eEstonian Women\u00b4s Health Study 2024: sexual and reproductive health, behaviour, attitudes and use of health care services\u201c.<\/i><\/p>\n<p><span lang=\"ET\"><span style=\"line-height: 115%;\">Uuringu\u00a0l\u00e4biviija\u00a0on T\u00dc kliinilise medisiini instituudi <strong>naistekliinik <\/strong>ja seda\u00a0finantseerib <strong>sotsiaalministeerium <\/strong>riigieelarvelise toetusena.\u00a0<\/span><\/span><\/p>\n<p>Uurimist\u00f6\u00f6 <strong>peamine eesm\u00e4rk<\/strong> on saada \u00fclevaade Eesti 16\u201359-aastaste naiste seksuaal- ja reproduktiivtervisest (SRT) ja sellega seotud teguritest. Hindame muutusi viimase 20 aasta jooksul kasutades selleks v\u00f5rdlusandmestikuna varasemalt aastatel 2004 ja 2014 sarnase metoodikaga l\u00e4bi viidud uuringute tulemusi.<\/p>\n<p>Alaeesm\u00e4rkideks on:<\/p>\n<ol>\n<li class=\"MsoNoSpacing\">Anal\u00fc\u00fcsida SRT indikaatoreid (sh rasestumisvastaste vahendite kasutamine, raseduse katkestamine,\u00a0 viljatuse levimus) ning hinnata suundumusi 20 aasta jooksul.<\/li>\n<li class=\"MsoNoSpacing\">Anal\u00fc\u00fcsida naiste SRTga seotud tegureid (sh sotsiaaldemograafilised n\u00e4itajad, majanduslik toimetulek, v\u00e4givalla kogemine, seksuaalhariduse saamine, kahjulikud harjumused, tervise ja sooga seotud hoiakud, menstruatsiooniga seotud piirangud).<\/li>\n<li class=\"MsoNoSpacing\">Hinnata SRTga seotud teenuste kasutamist, k\u00e4ttesaadavust, rahulolu, barj\u00e4\u00e4re ja muutusi ajas (sh eriarstiabi ja esmatasandi tervishoid, rasestumisvastaste vahendite valikuga seotud n\u00f5ustamine, raseduse katkestamine, viljatusravi).<\/li>\n<li class=\"MsoNoSpacing\">Anal\u00fc\u00fcsida lastesaamisplaane ja neid m\u00f5jutavaid tegureid.<\/li>\n<li class=\"MsoNoSpacing\">Anal\u00fc\u00fcsida \u00fcleminekua\/menopausiga seotud teadmisi, s\u00fcmptomeid, hoiakuid.<\/li>\n<li class=\"MsoNoSpacing\">Hinnata COVID-19 pandeemia tajutud m\u00f5ju seksuaaltervisega seotud otsustele ning teenuste k\u00e4ttesaadavusele ja kasutamisele.<\/li>\n<\/ol>\n<h2 class=\"MsoNoSpacing\">UURIMIST\u00d6\u00d6 L\u00c4BIVIIMINE<\/h2>\n<p class=\"MsoNoSpacing\"><span style=\"line-height: normal;\">Uurimist\u00f6\u00f6 teostamise aeg on 01.01.2024\u201330.06.2024. R<\/span><span style=\"background: white;\"><span lang=\"ET\" style=\"color: black;\">ahvastikuregistrist\u00a0taotlesime\u00a0juhuvalimi naiste hulgas vanuses 16<\/span><\/span>\u2013<span style=\"background: white;\"><span lang=\"ET\" style=\"color: black;\">59 aastat. Kokku on valimi\u00a0suurus on 12 456. Rahvastikuregistrist saadud andmeid\u00a0vajame kontaktiv\u00f5tmiseks e- kirja\u00a0teel. Neid andmeid\u00a0ei saa kokku viia vastustega ja neid ei kasutata mitte \u00fchegi teise uuringu l\u00e4biviimiseks.\u00a0<\/span><\/span><span style=\"line-height: 107%;\">Uuringu l\u00e4biviimise viis on anon\u00fc\u00fcmne veebik\u00fcsitlus kahes keeles. Valikvastustega k\u00fcsimustik koostati uurimisr\u00fchma poolt eesti ja vene keeles sarnaselt 2004. ja 2014. aastal l\u00e4biviidud uuringute k\u00fcsimustikele. K\u00fcsimustikud sisestati, k\u00fcsitlus korraldatakse ja andmeid hallatakse REDCap (<i>Research Electronic Data Capture<\/i>) rakenduse abil, mis on turvaline veebirakendus teaduslike k\u00fcsitluste ja andmekogude loomiseks ja haldamiseks. See on majutatud Tartu \u00dclikooli teaduspilve serveritesse, mis on sertifitseeritud vastavalt ISKE-M tasemele, turvaklass K1T1S2. Uuringukutsed e-kirja teel saadetakse REDCap uuringu keskkonnast. Uuritavatele saadetakse personaalne k\u00fcsitluse link.\u00a0Rahvastikuregistrist saadud isikuandmeid ja vastamise v\u00f5i mittevastamise infot ei seostata k\u00fcsimustikuga kogutud andmetega. Vastajate IP-aadresse ei koguta. REDCapis olevast loendist kustutatakse k\u00f5ik rahvastikuregistrist saadud isikuandmed p\u00e4rast viimase meeldetuletuse saatmist\u00a0mitte hiljem kui 30. juunil 2024.\u00a0<\/span><\/p>\n<p><span style=\"line-height: normal;\">Andmete p\u00f5hja valmib <strong>uurimisaruanne<\/strong>, edasipidi toimub andmete kasutamine teadusartiklites, magistri- ja doktorit\u00f6\u00f6(de)s.<\/span><\/p>\n<h2><span style=\"line-height: normal;\">ANDMEKAITSE<\/span><\/h2>\n<p><span style=\"line-height: 107%;\">Andmete kogumine, t\u00f6\u00f6tlemine ja anal\u00fc\u00fcs toimub vastavalt Euroopa Parlamendi ja n\u00f5ukogu m\u00e4\u00e4ruse ja isikuandmete kaitse seaduse kohaselt. Andmete t\u00f6\u00f6tleja on T\u00dc, vastutavad uurijad tagavad andmet\u00f6\u00f6tluse korrektsuse ja kindlustavad andmete konfidentsiaalse ja turvalise t\u00f6\u00f6tlemise ning juhendavad kaasuurijaid.\u00a0<\/span><span style=\"line-height: 107%;\"><span lang=\"et\" style=\"color: black;\">Andmete vastutav t\u00f6\u00f6tleja on Tartu \u00dclikooli naistekliinik. Kui Teil tekib k\u00fcsimusi seoses uuritava \u00f5igustega, siis palume p\u00f6\u00f6rduda Tartu \u00dclikooli inimuuringute eetika komitee poole e-posti aadressil eetikakomitee@ut.ee v\u00f5i tel 737 6215. Andmekaitseliste k\u00fcsimuste korral palume p\u00f6\u00f6rduda Andmekaitse Inspektsiooni poole tel 5620 2341.<\/span><\/span><\/p>","protected":false},"excerpt":{"rendered":"<p>Uuringust Eesti naiste tervise uuring 2024: seksuaal \u2013 ja reproduktiivtervis, tervisek\u00e4itumine, hoiakud ja tervishoiuteenuste kasutamine,\u00a0ENTU 2024. \u00a0\u201eEstonian Women\u00b4s Health Study 2024: sexual and reproductive health, behaviour, attitudes and use of health care services\u201c. Uuringu\u00a0l\u00e4biviija\u00a0on T\u00dc kliinilise medisiini instituudi naistekliinik ja &#8230;<\/p>\n","protected":false},"author":4,"featured_media":0,"parent":0,"menu_order":0,"comment_status":"closed","ping_status":"closed","template":"","meta":{"_acf_changed":false,"inline_featured_image":false,"footnotes":""},"class_list":["post-5","page","type-page","status-publish","hentry"],"acf":[],"_links":{"self":[{"href":"https:\/\/sisu.ut.ee\/naisteterviseuuring\/wp-json\/wp\/v2\/pages\/5","targetHints":{"allow":["GET"]}}],"collection":[{"href":"https:\/\/sisu.ut.ee\/naisteterviseuuring\/wp-json\/wp\/v2\/pages"}],"about":[{"href":"https:\/\/sisu.ut.ee\/naisteterviseuuring\/wp-json\/wp\/v2\/types\/page"}],"author":[{"embeddable":true,"href":"https:\/\/sisu.ut.ee\/naisteterviseuuring\/wp-json\/wp\/v2\/users\/4"}],"replies":[{"embeddable":true,"href":"https:\/\/sisu.ut.ee\/naisteterviseuuring\/wp-json\/wp\/v2\/comments?post=5"}],"version-history":[{"count":7,"href":"https:\/\/sisu.ut.ee\/naisteterviseuuring\/wp-json\/wp\/v2\/pages\/5\/revisions"}],"predecessor-version":[{"id":122,"href":"https:\/\/sisu.ut.ee\/naisteterviseuuring\/wp-json\/wp\/v2\/pages\/5\/revisions\/122"}],"wp:attachment":[{"href":"https:\/\/sisu.ut.ee\/naisteterviseuuring\/wp-json\/wp\/v2\/media?parent=5"}],"curies":[{"name":"wp","href":"https:\/\/api.w.org\/{rel}","templated":true}]}}