{"id":4,"date":"2024-04-04T07:10:55","date_gmt":"2024-04-04T04:10:55","guid":{"rendered":"https:\/\/sisu.ut.ee\/mykoloogia\/tegevused\/"},"modified":"2026-04-20T13:58:50","modified_gmt":"2026-04-20T10:58:50","slug":"tegevused","status":"publish","type":"page","link":"https:\/\/sisu.ut.ee\/mykoloogia\/tegevused\/","title":{"rendered":"Tegevused"},"content":{"rendered":"<div>\n<p>M\u00fckoloogia \u00f5ppetooli tegevused koonduvad kuue omavahel seotud uurimissuuna alla, mis h\u00f5lmavad nii seente mitmekesisuse ja levikumustrite uurimist, nende funktsionaalset rolli \u00f6kos\u00fcsteemides, liikidevahelisi suhteid ja patoloogiaid, kui ka rakenduslikke ja andmep\u00f5hiseid l\u00e4henemisviise.<\/p>\n<p>Uurimist\u00f6\u00f6 ulatub klassikalisest taksonoomiast ja biogeograafiast kuni elurikkuse informaatika ja ehitusm\u00fckoloogiani, \u00fchendades v\u00e4lit\u00f6\u00f6d, laborikatseid ja kaasaegset andmeanal\u00fc\u00fcsi.<\/p>\n<div>Uurimissuunad on tihedalt seotud nii \u00f5ppet\u00f6\u00f6, l\u00f5put\u00f6\u00f6de juhendamise kui ka rahvusvahelise teaduskoost\u00f6\u00f6ga.<\/div>\n<\/div>\n\n\n<p><\/p>\n","protected":false},"excerpt":{"rendered":"<p>M\u00fckoloogia \u00f5ppetooli tegevused koonduvad kuue omavahel seotud uurimissuuna alla, mis h\u00f5lmavad nii seente mitmekesisuse ja levikumustrite uurimist, nende funktsionaalset rolli \u00f6kos\u00fcsteemides, liikidevahelisi suhteid ja patoloogiaid, kui ka rakenduslikke ja andmep\u00f5hiseid l\u00e4henemisviise. Uurimist\u00f6\u00f6 ulatub klassikalisest taksonoomiast ja biogeograafiast kuni elurikkuse informaatika &#8230;<\/p>\n","protected":false},"author":163,"featured_media":0,"parent":0,"menu_order":0,"comment_status":"closed","ping_status":"closed","template":"","meta":{"_acf_changed":false,"inline_featured_image":false,"footnotes":""},"class_list":["post-4","page","type-page","status-publish","hentry"],"acf":[],"_links":{"self":[{"href":"https:\/\/sisu.ut.ee\/mykoloogia\/wp-json\/wp\/v2\/pages\/4","targetHints":{"allow":["GET"]}}],"collection":[{"href":"https:\/\/sisu.ut.ee\/mykoloogia\/wp-json\/wp\/v2\/pages"}],"about":[{"href":"https:\/\/sisu.ut.ee\/mykoloogia\/wp-json\/wp\/v2\/types\/page"}],"author":[{"embeddable":true,"href":"https:\/\/sisu.ut.ee\/mykoloogia\/wp-json\/wp\/v2\/users\/163"}],"replies":[{"embeddable":true,"href":"https:\/\/sisu.ut.ee\/mykoloogia\/wp-json\/wp\/v2\/comments?post=4"}],"version-history":[{"count":3,"href":"https:\/\/sisu.ut.ee\/mykoloogia\/wp-json\/wp\/v2\/pages\/4\/revisions"}],"predecessor-version":[{"id":93,"href":"https:\/\/sisu.ut.ee\/mykoloogia\/wp-json\/wp\/v2\/pages\/4\/revisions\/93"}],"wp:attachment":[{"href":"https:\/\/sisu.ut.ee\/mykoloogia\/wp-json\/wp\/v2\/media?parent=4"}],"curies":[{"name":"wp","href":"https:\/\/api.w.org\/{rel}","templated":true}]}}