{"id":7,"date":"2024-04-04T04:15:37","date_gmt":"2024-04-04T01:15:37","guid":{"rendered":"https:\/\/sisu.ut.ee\/mutlimodal\/liikmed\/"},"modified":"2024-06-12T16:48:05","modified_gmt":"2024-06-12T13:48:05","slug":"liikmed","status":"publish","type":"page","link":"https:\/\/sisu.ut.ee\/mutlimodal\/liikmed\/","title":{"rendered":"Liikmed"},"content":{"rendered":"<div class=\"wp-block-media-text is-stacked-on-mobile is-vertically-aligned-top\" style=\"grid-template-columns:15% auto\"><figure class=\"wp-block-media-text__media\"><img loading=\"lazy\" decoding=\"async\" width=\"225\" height=\"198\" src=\"https:\/\/sisu.ut.ee\/wp-content\/uploads\/sites\/273\/silvi-mu-lehele-225x198-1.jpg\" alt=\"\" class=\"wp-image-10 size-full\"><\/figure><div class=\"wp-block-media-text__content\">\n<p class=\"has-text-align-left\"><strong><span style=\"color: #000000;\">Silvi Tenjes\u00a0<\/span><\/strong><span style=\"color: #000000;\">\u2013 t\u00f6\u00f6tas Tartu \u00dclikoolis erinevatel ametikohtadel aastani 2015, sh dotsendina kuni 31. aug. 2014. Praegu juhendab T\u00dcs doktorante. Tema uurimisteemad on keel, kommunikatsioon (s.h kommunikatiivsed kehaliigutused), \u00f5ppimis- ja juhtimisprotsessid, pragmaatika, semantika. (Research interests: language, communication (incl. communicative body movements), processes of learning and leadership, pragmatics, semantics.)\u00a0<\/span><a href=\"https:\/\/sisu.ut.ee\/wp-content\/uploads\/sites\/273\/publikatsioonid-st.pdf\">publikatsioonid-st.pdf<\/a><a href=\"http:\/\/www.multimodal.ut.ee\/wp-content\/uploads\/2011\/05\/Publikatsioonid-ST.pdf\" rel=\"\">\u00a0<\/a><a href=\"https:\/\/sisu.ut.ee\/wp-content\/uploads\/sites\/273\/ettekanded-koned-st.pdf\">ettekanded-koned-st.pdf<\/a>\u00a0 \u00a0\u00a0<a href=\"mailto:\/\/silvi.tenjes@ut.ee\">silvi.tenjes@ut.ee<\/a><\/p>\n<\/div><\/div>\n\n\n\n<div class=\"wp-block-media-text is-stacked-on-mobile is-vertically-aligned-top\" style=\"grid-template-columns:15% auto\"><figure class=\"wp-block-media-text__media\"><img loading=\"lazy\" decoding=\"async\" width=\"218\" height=\"300\" src=\"https:\/\/sisu.ut.ee\/wp-content\/uploads\/sites\/273\/railiheadshot1-218x300-1.jpg\" alt=\"\" class=\"wp-image-11 size-full\"><\/figure><div class=\"wp-block-media-text__content\">\n<p><strong><span style=\"color: #000000;\">Raili Marling<\/span>\u00a0<\/strong><span style=\"color: #000000;\">(Tartu \u00dclikool) on amerikanistika dotsent. Tema peamisteks uurimisvaldkondadeks on diskursusanal\u00fc\u00fcs (eelk\u00f5ige\u00a0kirjalike tekstide anal\u00fc\u00fcs), soouuringud ja v\u00f5rdlevad kultuuriuuringud. Ta on kahe eelretsenseeritava teadusajakirja \u2013\u00a0<em>Ariadne<\/em>\u00a0<em>L\u00f5nga<\/em>\u00a0ja\u00a0<em>Aspasia: Interntional Yearbook of Central, Eastern and Southern European Women\u2019s and Gender History \u2013\u00a0<\/em>tegevtoimetaja. Grupi kaaskoordinaator aastani 2014.\u00a0<\/span><br><a style=\"background-color: #ffffff;\" href=\"mailto:raili.marling@ut.ee\">raili.marling@ut.ee<\/a><\/p>\n<\/div><\/div>\n\n\n\n<p><\/p>\n\n\n\n<p><span style=\"color: #000000;\"><strong>Eva Ingerpuu-R\u00fcmmel<\/strong> on Tartu \u00dclikooli interpersonaalse kommunikatsiooni lektor. Doktorit\u00f6\u00f6: <em>Kommunikatiivsed strateegiad v\u00f5\u00f5rkeele diskursuses: uurimus eesti keele \u00f5ppimisest ja \u00f5petamisest (Communicative strategies in foreign language discourse: study about learning and teaching Estonian language)<\/em>, juhendaja Silvi Tenjes kuni 31.12.2017.<\/span><\/p>\n\n\n\n<p><span style=\"color: #000000;\"><strong>Leila Kimmel<\/strong> on E\u00f6tv\u00f6s Lor\u00e1ndi \u00dclikooli lektor (Budapest, Ungari). Doktorit\u00f6\u00f6: <em>Kommunikatiivse keele\u00f5ppe v\u00f5imalustest mitmekeelses \u00fchiskonnas <\/em><em>(Opportunities of communicative language studies in multilingual society)<\/em>, juhendaja Silvi Tenjes.<\/span><\/p>\n\n\n\n<p><span style=\"color: #000000;\"><strong>Dmitri Kulakov<\/strong> on Tartu \u00dclikooli doktorant. Doktorit\u00f6\u00f6: <em>Peipsimaa p\u00f5liselanike suhtlusk\u00e4itumine (Communicative behaviour of the Lake Peipus area natives)<\/em>, juhendaja Silvi Tenjes.<\/span><\/p>\n\n\n\n<p><span style=\"color: #000000;\" data-mce-mark=\"1\"><strong>Anu Laanemets<\/strong>, endine\u00a0Tartu \u00dclikooli skandinavistika osakonna lektor. Praegu Oslo \u00dclikooli \u00f5ppej\u00f5ud.<\/span><\/p>\n\n\n\n<p><span style=\"color: #000000;\" data-mce-mark=\"1\"><strong>Triin L\u00f5bus<\/strong> on Tartu \u00dclikooli romanistika osakonna hispaania keele ja kirjanduse lektor.<\/span><\/p>\n\n\n\n<p><span style=\"color: #000000;\" data-mce-mark=\"1\"><strong>Mai Mikkelsaar<\/strong>, endine\u00a0Miina H\u00e4rma G\u00fcmnaasiumi prantsuse keele \u00f5petaja, l\u00f5petanud Tartu \u00dclikooli romanistika (prantsuse keele ja kirjanduse) eriala; MA 2012 (juh-d Eva Ingerpuu-R\u00fcmmel, Anu Treikelder).<\/span><\/p>\n\n\n\n<p><span style=\"color: #000000;\" data-mce-mark=\"1\"><strong>Pille P\u00f5iklik<\/strong>, endine\u00a0Tartu \u00dclikooli inglise filoloogia osakonna lektor. Praegu t\u00f6\u00f6tab Haridus- ja Teadusministeeriumis.<\/span><\/p>\n\n\n\n<p><span style=\"color: #000000;\" data-mce-mark=\"1\"><strong>Ingrid Rummo<\/strong>, endine\u00a0Tartu \u00dclikooli eesti keele v\u00f5\u00f5rkeelena lektor. Doktorit\u00f6\u00f6: <em>A case study of the communicative abilities of a subject with mosaic Patau syndrome (Patau s\u00fcndroomi mosaiikvariandiga subjekti kommunikatiivsed v\u00f5imed: juhtumiuuring)<\/em>, juhendaja Silvi Tenjes, PhD 2015. Praegu Tartu Waldorfg\u00fcmnaasiumi \u00f5petaja.<\/span><\/p>\n\n\n\n<p><span style=\"color: #000000;\" data-mce-mark=\"1\"><strong>Jaak Simm<\/strong>, endine\u00a0Tallinna Tehnika\u00fclikooli integreeritud s\u00fcsteemide bioloogia keskuse teadur. Praegu t\u00f6\u00f6tab Belgias, Leuveni Katoliikliku \u00dclikooli d\u00fcnaamiliste s\u00fcsteemide keskuses.<\/span><\/p>\n\n\n\n<p><span style=\"color: #000000;\" data-mce-mark=\"1\"><strong>Natalja Zagura<\/strong> on inglise filoloogia osakonna assistent. Doktorit\u00f6\u00f6: <em>The manifestation of communication strategies in the speech of Estonian young adult learners of English<\/em><em> (Suhtlusstrateegiad eesti noorte inglise keele \u00f5ppijate k\u00f5nes)<\/em>, juhendaja Raili Marling.<\/span><\/p>\n\n\n\n<p><span style=\"color: #000000;\"><strong>Elle Vaht<\/strong> on Tartu \u00dclikooli klassikalise filoloogia doktorant. Doktorit\u00f6\u00f6: <em>The models of rhetorical devices in Attic and Old Near Eastern spell corpora<\/em>, juhendaja Janika P\u00e4ll.<\/span><\/p>\n\n\n\n<p><span style=\"color: #000000;\"><strong>Krista Vogelberg<\/strong>, endine\u00a0Tartu \u00dclikooli inglise filoloogia osakonna professor. MUSU-grupi liige aastani 2014.<\/span><\/p>\n","protected":false},"excerpt":{"rendered":"<p>Silvi Tenjes\u00a0\u2013 t\u00f6\u00f6tas Tartu \u00dclikoolis erinevatel ametikohtadel aastani 2015, sh dotsendina kuni 31. aug. 2014. Praegu juhendab T\u00dcs doktorante. Tema uurimisteemad on keel, kommunikatsioon (s.h kommunikatiivsed kehaliigutused), \u00f5ppimis- ja juhtimisprotsessid, pragmaatika, semantika. (Research interests: language, communication (incl. communicative body movements), &#8230;<\/p>\n","protected":false},"author":143,"featured_media":0,"parent":0,"menu_order":0,"comment_status":"closed","ping_status":"closed","template":"","meta":{"_acf_changed":false,"inline_featured_image":false,"footnotes":""},"class_list":["post-7","page","type-page","status-publish","hentry"],"acf":[],"_links":{"self":[{"href":"https:\/\/sisu.ut.ee\/mutlimodal\/wp-json\/wp\/v2\/pages\/7","targetHints":{"allow":["GET"]}}],"collection":[{"href":"https:\/\/sisu.ut.ee\/mutlimodal\/wp-json\/wp\/v2\/pages"}],"about":[{"href":"https:\/\/sisu.ut.ee\/mutlimodal\/wp-json\/wp\/v2\/types\/page"}],"author":[{"embeddable":true,"href":"https:\/\/sisu.ut.ee\/mutlimodal\/wp-json\/wp\/v2\/users\/143"}],"replies":[{"embeddable":true,"href":"https:\/\/sisu.ut.ee\/mutlimodal\/wp-json\/wp\/v2\/comments?post=7"}],"version-history":[{"count":4,"href":"https:\/\/sisu.ut.ee\/mutlimodal\/wp-json\/wp\/v2\/pages\/7\/revisions"}],"predecessor-version":[{"id":47,"href":"https:\/\/sisu.ut.ee\/mutlimodal\/wp-json\/wp\/v2\/pages\/7\/revisions\/47"}],"wp:attachment":[{"href":"https:\/\/sisu.ut.ee\/mutlimodal\/wp-json\/wp\/v2\/media?parent=7"}],"curies":[{"name":"wp","href":"https:\/\/api.w.org\/{rel}","templated":true}]}}