{"id":803,"date":"2024-08-30T16:14:14","date_gmt":"2024-08-30T13:14:14","guid":{"rendered":"https:\/\/sisu.ut.ee\/mukoloogiauhing\/?page_id=803"},"modified":"2024-08-30T16:14:14","modified_gmt":"2024-08-30T13:14:14","slug":"juhend-seente-kogumiseks-seenekogudesse","status":"publish","type":"page","link":"https:\/\/sisu.ut.ee\/mukoloogiauhing\/juhend-seente-kogumiseks-seenekogudesse\/","title":{"rendered":"Juhend seente kogumiseks seenekogudesse"},"content":{"rendered":"<p> Sinu seeneleiust v\u00f5ib saada m\u00fckoloogidele t\u00e4nuv\u00e4\u00e4rt materjal, mida uurida mikroskoobiga v\u00f5i molekulaarselt. Viimasel juhul eraldatakse seentest laboris DNA ja v\u00f5rreldakse saadud j\u00e4rjestusi geenipankades olevatega. Seente viljakehad kaovad kiirelt \u2013 seega on oluline need leiud h\u00e4sti j\u00e4\u00e4dvustada ja asjatundlikult edasiseks uurimiseks koguda. Abiks on allolevad <a href=\"https:\/\/sisu.ut.ee\/wp-content\/uploads\/sites\/121\/Juhend-seente-kogumiseks.pdf\">juhised<\/a>.<\/p>\n","protected":false},"excerpt":{"rendered":"<p>Sinu seeneleiust v\u00f5ib saada m\u00fckoloogidele t\u00e4nuv\u00e4\u00e4rt materjal, mida uurida mikroskoobiga v\u00f5i molekulaarselt. Viimasel juhul eraldatakse seentest laboris DNA ja v\u00f5rreldakse saadud j\u00e4rjestusi geenipankades olevatega. Seente viljakehad kaovad kiirelt \u2013 seega on oluline need leiud h\u00e4sti j\u00e4\u00e4dvustada ja asjatundlikult edasiseks uurimiseks &#8230;<\/p>\n","protected":false},"author":423,"featured_media":0,"parent":0,"menu_order":0,"comment_status":"closed","ping_status":"closed","template":"","meta":{"_acf_changed":false,"inline_featured_image":false,"footnotes":""},"class_list":["post-803","page","type-page","status-publish","hentry"],"acf":[],"_links":{"self":[{"href":"https:\/\/sisu.ut.ee\/mukoloogiauhing\/wp-json\/wp\/v2\/pages\/803","targetHints":{"allow":["GET"]}}],"collection":[{"href":"https:\/\/sisu.ut.ee\/mukoloogiauhing\/wp-json\/wp\/v2\/pages"}],"about":[{"href":"https:\/\/sisu.ut.ee\/mukoloogiauhing\/wp-json\/wp\/v2\/types\/page"}],"author":[{"embeddable":true,"href":"https:\/\/sisu.ut.ee\/mukoloogiauhing\/wp-json\/wp\/v2\/users\/423"}],"replies":[{"embeddable":true,"href":"https:\/\/sisu.ut.ee\/mukoloogiauhing\/wp-json\/wp\/v2\/comments?post=803"}],"version-history":[{"count":1,"href":"https:\/\/sisu.ut.ee\/mukoloogiauhing\/wp-json\/wp\/v2\/pages\/803\/revisions"}],"predecessor-version":[{"id":804,"href":"https:\/\/sisu.ut.ee\/mukoloogiauhing\/wp-json\/wp\/v2\/pages\/803\/revisions\/804"}],"wp:attachment":[{"href":"https:\/\/sisu.ut.ee\/mukoloogiauhing\/wp-json\/wp\/v2\/media?parent=803"}],"curies":[{"name":"wp","href":"https:\/\/api.w.org\/{rel}","templated":true}]}}