{"id":64,"date":"2024-04-04T00:19:12","date_gmt":"2024-04-03T21:19:12","guid":{"rendered":"https:\/\/sisu.ut.ee\/mukoloogiauhing\/uhingust\/"},"modified":"2024-09-15T16:19:35","modified_gmt":"2024-09-15T13:19:35","slug":"uhingust","status":"publish","type":"page","link":"https:\/\/sisu.ut.ee\/mukoloogiauhing\/uhingust\/","title":{"rendered":"\u00dchingust"},"content":{"rendered":"<p><strong>M\u00fckoloogiasektsioon<\/strong> asutati\u00a0<a title=\"\" href=\"https:\/\/www.elus.ee\/\" target=\"_blank\" rel=\"noopener\" data-url=\"https:\/\/www.elus.ee\/\">Eesti Looduseuurijate Selts<\/a>-i juurde <strong>23. detsembril 1963.a<\/strong>., asutajaliikmeid oli 15. Eestvedajate missiooniks oli luua organisatsioon, mis \u00fchendaks ja koordineeriks seentega tegelevate uurimisr\u00fchmade, m\u00fckoloogiast huvitatud tudengite ja seenekogujate-asjaarmastajate tegevust. Kui tol ajal v\u00f5is m\u00fckoloogia eristamine botaanikast tunduda ehk pretensioonikaski, siis t\u00e4nap\u00e4evases eluslooduse s\u00fcsteemis pole seened (koos lihheniseerunud seentega) mitte taimede, vaid hoopis loomade s\u00f5sarr\u00fchm. <strong>Eesti m\u00fckoloogia\u00fchinguks<\/strong> nimetati sektsioon \u00fcmber 16. aprillil 2000, erakorralisel koosolekul. <strong>Eesm\u00e4rk<\/strong> on tema loomisest alates j\u00e4\u00e4nud samaks: populariseerida seeni, kirjeldada seente elurikkust ja liikide levikut.<\/p>\n<p>Eesti M\u00fckoloogia\u00fchingu ajaloo kohta saad lugeda t\u00e4psemalt\u00a0ajakirjast <a href=\"https:\/\/www.loodusajakiri.ee\/eesti-looduseuurijate-seltsi-mukoloogiauhing-60-aastat-seeneuurijate-sumbioosi\/\" target=\"_blank\" rel=\"noopener\">Eesti Loodus<\/a>.<\/p>\n<p>ELUS M\u00fckoloogiasektsiooni ja Eesti M\u00fckoloogia\u00fchingu \u00fcrituste nimekiri (kuni 2018) on k\u00e4ttesaadav \u00a0<a href=\"https:\/\/sisu.ut.ee\/wp-content\/uploads\/sites\/121\/myhing_uritused.pdf\" target=\"_blank\" rel=\"noopener\" data-fid=\"35737\">siit<\/a>.<\/p>\n","protected":false},"excerpt":{"rendered":"<p>M\u00fckoloogiasektsioon asutati\u00a0Eesti Looduseuurijate Selts-i juurde 23. detsembril 1963.a., asutajaliikmeid oli 15. Eestvedajate missiooniks oli luua organisatsioon, mis \u00fchendaks ja koordineeriks seentega tegelevate uurimisr\u00fchmade, m\u00fckoloogiast huvitatud tudengite ja seenekogujate-asjaarmastajate tegevust. Kui tol ajal v\u00f5is m\u00fckoloogia eristamine botaanikast tunduda ehk pretensioonikaski, siis &#8230;<\/p>\n","protected":false},"author":52,"featured_media":0,"parent":0,"menu_order":0,"comment_status":"closed","ping_status":"closed","template":"","meta":{"_acf_changed":false,"inline_featured_image":false,"footnotes":""},"class_list":["post-64","page","type-page","status-publish","hentry"],"acf":[],"_links":{"self":[{"href":"https:\/\/sisu.ut.ee\/mukoloogiauhing\/wp-json\/wp\/v2\/pages\/64","targetHints":{"allow":["GET"]}}],"collection":[{"href":"https:\/\/sisu.ut.ee\/mukoloogiauhing\/wp-json\/wp\/v2\/pages"}],"about":[{"href":"https:\/\/sisu.ut.ee\/mukoloogiauhing\/wp-json\/wp\/v2\/types\/page"}],"author":[{"embeddable":true,"href":"https:\/\/sisu.ut.ee\/mukoloogiauhing\/wp-json\/wp\/v2\/users\/52"}],"replies":[{"embeddable":true,"href":"https:\/\/sisu.ut.ee\/mukoloogiauhing\/wp-json\/wp\/v2\/comments?post=64"}],"version-history":[{"count":10,"href":"https:\/\/sisu.ut.ee\/mukoloogiauhing\/wp-json\/wp\/v2\/pages\/64\/revisions"}],"predecessor-version":[{"id":954,"href":"https:\/\/sisu.ut.ee\/mukoloogiauhing\/wp-json\/wp\/v2\/pages\/64\/revisions\/954"}],"wp:attachment":[{"href":"https:\/\/sisu.ut.ee\/mukoloogiauhing\/wp-json\/wp\/v2\/media?parent=64"}],"curies":[{"name":"wp","href":"https:\/\/api.w.org\/{rel}","templated":true}]}}