{"id":58,"date":"2024-04-04T00:19:12","date_gmt":"2024-04-03T21:19:12","guid":{"rendered":"https:\/\/sisu.ut.ee\/mukoloogiauhing\/uus-puravikuliik-eestis\/"},"modified":"2024-04-09T09:12:00","modified_gmt":"2024-04-09T06:12:00","slug":"uus-puravikuliik-eestis","status":"publish","type":"page","link":"https:\/\/sisu.ut.ee\/mukoloogiauhing\/uus-puravikuliik-eestis\/","title":{"rendered":"Uus puravikuliik Eestis"},"content":{"rendered":"<p>K\u00e4esoleva aasta septembri algul leiti Luitemaa looduskaitsealalt, P\u00e4rnumaalt P\u00f5hja-Ameerika liik m\u00e4nni-kuldpoorik (<em>Aureoboletus projectellus<\/em>), mida siiani ei olnud Eestist leitud (eElurikkuse andmeil). L\u00e4himad leiud p\u00e4rinevad Leedust, L\u00e4tist, Norrast ja Taanist. Loe l\u00e4hemalt <a href=\"https:\/\/sisu.ut.ee\/wp-content\/uploads\/sites\/121\/2016_saar_el11.pdf\" target=\"_blank\" rel=\"noopener\" data-fid=\"16813\">Eesti Loodusest<\/a>\u00a0ning tutvu uue s\u00f6\u00f6dava puravikuliigiga.<\/p>\n<p>K\u00f5nealuse seene leidude korral palume teha v\u00e4rsketest seentest foto koos leiukohaandmetega ning need saata Tartu \u00fclikooli m\u00fckoloogidele.<\/p>\n<p>Pilt eksemplarist <a href=\"https:\/\/app.plutof.ut.ee\/specimen\/view\/1044797\" target=\"_blank\" rel=\"noopener\">TU117390<\/a> (viide kirjele PlutoF infos\u00fcsteemis).<br>\nPildi autori\u00f5iguse valdaja:\u00a0Katrin Virkus Sule<\/p>\n<p><img loading=\"lazy\" decoding=\"async\" style=\"float: left; margin-right: 10px;\" src=\"https:\/\/files.plutof.ut.ee\/public\/large\/01\/2F\/012F95C155D0F9D000102B65AD42164528643BB3597A149636BD95BADF2C1F3F.png\" alt=\"Pilt eksemplarist TU117390. Autori\u00f5iguse valdaja: Katrin Virkus Sule.\" width=\"200\" height=\"267\"><\/p>\n","protected":false},"excerpt":{"rendered":"<p>K\u00e4esoleva aasta septembri algul leiti Luitemaa looduskaitsealalt, P\u00e4rnumaalt P\u00f5hja-Ameerika liik m\u00e4nni-kuldpoorik (Aureoboletus projectellus), mida siiani ei olnud Eestist leitud (eElurikkuse andmeil). L\u00e4himad leiud p\u00e4rinevad Leedust, L\u00e4tist, Norrast ja Taanist. Loe l\u00e4hemalt Eesti Loodusest\u00a0ning tutvu uue s\u00f6\u00f6dava puravikuliigiga. K\u00f5nealuse seene leidude &#8230;<\/p>\n","protected":false},"author":52,"featured_media":0,"parent":0,"menu_order":0,"comment_status":"closed","ping_status":"closed","template":"","meta":{"_acf_changed":false,"inline_featured_image":false,"footnotes":""},"class_list":["post-58","page","type-page","status-publish","hentry"],"acf":[],"_links":{"self":[{"href":"https:\/\/sisu.ut.ee\/mukoloogiauhing\/wp-json\/wp\/v2\/pages\/58","targetHints":{"allow":["GET"]}}],"collection":[{"href":"https:\/\/sisu.ut.ee\/mukoloogiauhing\/wp-json\/wp\/v2\/pages"}],"about":[{"href":"https:\/\/sisu.ut.ee\/mukoloogiauhing\/wp-json\/wp\/v2\/types\/page"}],"author":[{"embeddable":true,"href":"https:\/\/sisu.ut.ee\/mukoloogiauhing\/wp-json\/wp\/v2\/users\/52"}],"replies":[{"embeddable":true,"href":"https:\/\/sisu.ut.ee\/mukoloogiauhing\/wp-json\/wp\/v2\/comments?post=58"}],"version-history":[{"count":2,"href":"https:\/\/sisu.ut.ee\/mukoloogiauhing\/wp-json\/wp\/v2\/pages\/58\/revisions"}],"predecessor-version":[{"id":689,"href":"https:\/\/sisu.ut.ee\/mukoloogiauhing\/wp-json\/wp\/v2\/pages\/58\/revisions\/689"}],"wp:attachment":[{"href":"https:\/\/sisu.ut.ee\/mukoloogiauhing\/wp-json\/wp\/v2\/media?parent=58"}],"curies":[{"name":"wp","href":"https:\/\/api.w.org\/{rel}","templated":true}]}}