{"id":51,"date":"2024-04-04T00:19:12","date_gmt":"2024-04-03T21:19:12","guid":{"rendered":"https:\/\/sisu.ut.ee\/mukoloogiauhing\/uued-seeneraamatud-algavaks-seenehooajaks\/"},"modified":"2025-12-20T23:38:46","modified_gmt":"2025-12-20T21:38:46","slug":"uued-seeneraamatud-algavaks-seenehooajaks","status":"publish","type":"page","link":"https:\/\/sisu.ut.ee\/mukoloogiauhing\/uued-seeneraamatud-algavaks-seenehooajaks\/","title":{"rendered":"Seeneraamatud algavaks seenehooajaks"},"content":{"rendered":"<h1>Valik eestikeelseid seeneraamatuid<\/h1>\n<ul>\n<li>2024.a. v\u00e4rskeim seeneraamat on ents\u00fcklopeediline piltm\u00e4\u00e4raja<strong> <a href=\"https:\/\/www.apollo.ee\/en\/1200-eesti-seent.html?gad_source=1&amp;gbraid=0AAAAADirgoxG9uXgkdzhGNY4ovUemfyTD&amp;gclid=EAIaIQobChMIg6O97dvCiAMVXlCRBR3pVx5fEAAYAyAAEgJOWPD_BwE\">1200 Eesti seent<\/a><\/strong>, mille autoriks on m\u00fckoloog <strong>Vello Liiv<\/strong>. \u00a0Sellesse raamatusse on kokku kogutud aastak\u00fcmnete jooksul Eesti eri paikades tehtud fotod. Raamatust leiab \u00fcle 1200 seeneliigi, mida meie metsadest v\u00f5ib leida.<\/li>\n<li>Raamatus<strong> <a title=\"Link kirjastuse kodulehele\" href=\"https:\/\/www.apollo.ee\/seened-hilissugisel-talvel-ja-kevadel.html\" target=\"_blank\" rel=\"noopener\" data-url=\"http:\/\/www.sinisukk.ee\/raamatud\/silmaringile\/loodus-geograafia\/seened-hilissuegisel-talvel-ja-kevadel-detail\">Seened hiliss\u00fcgisel, talvel ja kevadel<\/a>, <\/strong>autoriks <strong>Vello Liiv<\/strong>,<em>\u00a0<\/em>on vaatluse alla v\u00f5etud just talvisel perioodil esinevad seened, mida v\u00f5ib metsas leida detsembrist maikuuni. Piltm\u00e4\u00e4rajasse on kokku kogutud info 108 s\u00f6\u00f6dava ja mittes\u00f6\u00f6dava seeneliigi kohta.<\/li>\n<li><strong>Vello Liivi<\/strong> raamatus <strong><a title=\"Link raamatu kirjeldusele kirjastuse kodulehel\" href=\"https:\/\/www.sinisukk.ee\/products\/seened?_pos=8&amp;_sid=6e3347081&amp;_ss=r\" target=\"_blank\" rel=\"noopener\" data-url=\"http:\/\/www.sinisukk.ee\/raamatud\/silmaringile\/loodus-geograafia\/seened-detail\">Seened<\/a> <\/strong>tutvustatakse 138 seent. K\u00e4siraamat sisaldab nii liikide kirjeldusi kui infot nende s\u00f6\u00f6davuse ja m\u00fcrgisuse kohta. K\u00e4sitletud on k\u00f5ik populaarsemad s\u00f6\u00f6giseened: puravikud, riisikad ja pilvikud.<\/li>\n<li><strong>Merlin Sheldrake\u2019i<\/strong> 2022.a. eesti keelde t\u00f5lgitud raamat <a href=\"https:\/\/rahvaraamat.ee\/p\/e-raamat-labipoimunud-elu-kuidas-seened-loovad-meie-maailma-muudavad-meie-teadvust-ja-kujundavad-meie-tulevikku\/1986961\/et?isbn=9789985589571\"><strong>L\u00e4bip\u00f5imunud elu. <\/strong>Kuidas seened loovad meie maailma, muudavad meie teadvust ja kujundavad meie tulevikku.<\/a> Originaalpealkiri <a href=\"https:\/\/rahvaraamat.ee\/et\/raamatud\/teadus\/bioloogia-ja-keemia\/entangled-life\/1579542\"><strong><em>Entangled life<\/em><\/strong>. <em>How fungi make our world<\/em><\/a>.<\/li>\n<li><strong>Aivar J\u00fcrgensoni<\/strong> raamat <a href=\"https:\/\/argokirjastus.ee\/toode\/seened-kultuuriloos-2\/\"><strong>Seened kultuuriloos<\/strong><\/a> k\u00f5neleb seentest inimkultuuri erinevates valdkondades. Raamatus on juttu eestlaste ja teiste rahvaste suhtumisest seentesse, seenekorjamisest, seente kasvatamisest, seentega ravimisest, aga ka seenem\u00fcrgitustest.<\/li>\n<li>\u201cEesti elurikkuse\u201d sarja 3. raamat<strong>\u00a0<a href=\"https:\/\/shop.ut.ee\/pood\/raamat-heinikud-sarjast-eesti-elurikkus-2\/\">Heinikud<\/a><\/strong>, autoriteks <strong>Kuulo Kalamees<\/strong> ja <strong>Vello Liiv<\/strong>, sisaldab 43 Eestist leitud heinikuliigi originaalkirjeldusi, v\u00e4rvipilte, \u00f6koloogiat ja levikuandmeid, samuti 22 Eestis leiduda v\u00f5iva liigi l\u00fchikirjeldusi ning m\u00e4\u00e4ramistabeleid eesti ja inglise keeles. Raamatus k\u00e4sitletakse heinikute m\u00e4\u00e4ramistunnuseid ja esitatakse erialaste m\u00f5istete oskuss\u00f5nastikku.\u00a0<\/li>\n<li><strong>Marc-Andr\u00e9 Selosse\u2019i<\/strong> prantsuse keelest t\u00f5lgitud raamat <strong><a href=\"https:\/\/www.apollo.ee\/et\/ei-iial-uksi-mikroobid-taimede-loomade-ja-uhiskonna-alus.html\">Ei iial \u00fcksi. <\/a><\/strong><a href=\"https:\/\/www.apollo.ee\/et\/ei-iial-uksi-mikroobid-taimede-loomade-ja-uhiskonna-alus.html\">Mikroobid \u2013 taimede, loomade ja \u00fchiskonna alus<\/a> on silmaga n\u00e4htamatust, kuid eluliselt olulisest mikromaailmast. Raamat r\u00e4\u00e4gib bakterite, seente ja viiruste rollist makromaailma toimimises. Originaalpealkiri <a href=\"https:\/\/www.librairie-permaculturelle.fr\/ecosystemes-ecologie\/1713-livre-jamais-seul-ces-microbes-qui-construisent-les-plantes-les-animaux-et-les-civilisations-essai-marc-andre-selosse.html\"><em><strong>Jamais seul. <\/strong>Ces microbes qui construisent les plantes, les animaux et les civilations.\u00a0<\/em><\/a><\/li>\n<li>\u201cEesti elurikkuse\u201d sarja 1. raamatu <a href=\"https:\/\/shop.ut.ee\/pood\/raamat-riisikad-sarjast-eesti-elurikkus-2\/\"><strong>Riisikad<\/strong><\/a> autoriks on <strong>Kuulo Kalamees<\/strong>. Raamat sisaldab 60 Eestist leitud riisikaliigi originaalkirjeldusi, v\u00e4rvipilte ning \u00f6koloogia- ja levikuandmeid, samuti 22 Eestis leiduda v\u00f5iva liigi l\u00fchikirjeldusi ning m\u00e4\u00e4ramistabeleid eesti ja inglise keeles. Raamatus k\u00e4sitletakse l\u00fchidalt ka riisikate m\u00e4\u00e4ramiseks vajalikke tunnuseid ja esitatakse erialaste m\u00f5istete oskuss\u00f5nastik. Lisana on kaasas riisikate taskum\u00e4\u00e4raja.<\/li>\n<li>Soome keelest t\u00f5lgitud <a href=\"https:\/\/rahvaraamat.ee\/et\/raamatud\/teadus\/loomad-linnud-ja-taimed\/pohjala-seeneraamat\/18691\"><strong>P\u00f5hjala seeneraamatus<\/strong><\/a> on tutvustab ligikaudu tuhatkond seeneliiki, iga liigi tunnuseid, looduslikku elukeskkonda, kasutusv\u00f5imalusi ja v\u00e4\u00e4rtust s\u00f6\u00f6giseenena. Raamat h\u00f5lmab ka mitmeid hiljuti avastatud uusi liike ning tuntumaid s\u00f6\u00f6giseente imiteerijaid, kelle suhtes seeneline peab olema ettevaatlik. Raamat on rikkalikult illustreeritud v\u00e4rvifotodega. Raamatu autoriteks on <strong>Pertti <\/strong><span data-sheets-root=\"1\"><strong>Salo<\/strong>, <strong>Ulla Salo<\/strong> ja <strong>Tuomo Niemel\u00e4<\/strong>.<\/span><\/li>\n<li>Soome keelest t\u00f5lgitud <span data-sheets-root=\"1\"><a href=\"https:\/\/www.apollo.ee\/et\/torikseened-soomes-ja-eestis.html\"><strong>Torikseened Soomes ja Eestis<\/strong><\/a> autoriks on <strong>Tuomo Niemel\u00e4.<\/strong> Rikkalikult v\u00e4rvipiltidega illustreeritud raamat k\u00e4sitleb umbes 300 torikseene liiki. \u00a0Eestikeelse v\u00e4ljaande on toimetanud ja Eestis esinevate liikide kohta on kommentaartid kirjutanud <strong>Erast Parmasto<\/strong>.<\/span><\/li>\n<li><a href=\"https:\/\/kogud.emu.ee\/wp-content\/uploads\/2024\/02\/Eesti_seenestik.pdf\"><strong>Eesti seenestik<\/strong><\/a> on 2000.a. ilmunud raamat (toimetaja <strong>Kuulo Kalamees<\/strong>) annab \u00fclevaate umbes 4\/5 Eestis kasvavatest seeneliikidest, p\u00fc\u00fcdes seejuures neid l\u00fchidalt iseloomustada s\u00fcstemaatiliselt, \u00f6koloogiliselt, levikuliselt, bioloogiliselt ning kasu v\u00f5i kahju seisukohast inimesele. Lisaks sellele on raamatus iseloomustatud erinevaid seente kasvukohat\u00fc\u00fcpe Eestis, meie seente geograafiat, \u00f6koloogiat, seenekaitset ning seente osa inimese elus.\u00a0<\/li>\n<\/ul>\n\n\n<p><\/p>\n\n\n\n<ul class=\"wp-block-list\">\n<li>\n<\/ul>\n\n\n\n<p><\/p>\n","protected":false},"excerpt":{"rendered":"<p>Valik eestikeelseid seeneraamatuid 2024.a. v\u00e4rskeim seeneraamat on ents\u00fcklopeediline piltm\u00e4\u00e4raja 1200 Eesti seent, mille autoriks on m\u00fckoloog Vello Liiv. \u00a0Sellesse raamatusse on kokku kogutud aastak\u00fcmnete jooksul Eesti eri paikades tehtud fotod. Raamatust leiab \u00fcle 1200 seeneliigi, mida meie metsadest v\u00f5ib leida. &#8230;<\/p>\n","protected":false},"author":52,"featured_media":0,"parent":0,"menu_order":0,"comment_status":"closed","ping_status":"closed","template":"","meta":{"_acf_changed":false,"inline_featured_image":false,"footnotes":""},"class_list":["post-51","page","type-page","status-publish","hentry"],"acf":[],"_links":{"self":[{"href":"https:\/\/sisu.ut.ee\/mukoloogiauhing\/wp-json\/wp\/v2\/pages\/51","targetHints":{"allow":["GET"]}}],"collection":[{"href":"https:\/\/sisu.ut.ee\/mukoloogiauhing\/wp-json\/wp\/v2\/pages"}],"about":[{"href":"https:\/\/sisu.ut.ee\/mukoloogiauhing\/wp-json\/wp\/v2\/types\/page"}],"author":[{"embeddable":true,"href":"https:\/\/sisu.ut.ee\/mukoloogiauhing\/wp-json\/wp\/v2\/users\/52"}],"replies":[{"embeddable":true,"href":"https:\/\/sisu.ut.ee\/mukoloogiauhing\/wp-json\/wp\/v2\/comments?post=51"}],"version-history":[{"count":30,"href":"https:\/\/sisu.ut.ee\/mukoloogiauhing\/wp-json\/wp\/v2\/pages\/51\/revisions"}],"predecessor-version":[{"id":1635,"href":"https:\/\/sisu.ut.ee\/mukoloogiauhing\/wp-json\/wp\/v2\/pages\/51\/revisions\/1635"}],"wp:attachment":[{"href":"https:\/\/sisu.ut.ee\/mukoloogiauhing\/wp-json\/wp\/v2\/media?parent=51"}],"curies":[{"name":"wp","href":"https:\/\/api.w.org\/{rel}","templated":true}]}}