{"id":49,"date":"2024-04-04T00:19:12","date_gmt":"2024-04-03T21:19:12","guid":{"rendered":"https:\/\/sisu.ut.ee\/mukoloogiauhing\/eesti-mukoloogiauhingu-aastakoosolek-actiones\/"},"modified":"2024-04-04T00:28:04","modified_gmt":"2024-04-03T21:28:04","slug":"eesti-mukoloogiauhingu-aastakoosolek-actiones","status":"publish","type":"page","link":"https:\/\/sisu.ut.ee\/mukoloogiauhing\/eesti-mukoloogiauhingu-aastakoosolek-actiones\/","title":{"rendered":"Eesti m\u00fckoloogia\u00fchingu aastakoosolek Actiones 2015"},"content":{"rendered":"<p><strong style=\"line-height: 1.6em\">Tartus 12. detsembril 2015 kl 11-15.30<\/strong>, Vanemuise 46 -247, 248 T\u00dc loodusmuuseumi \u00f5ppeklassides\u00a0<\/p><p>10.30 -11\u00a0 <strong>Hommikukohv<\/strong><\/p><p><strong>Ettekanded:<\/strong><br>11 -11.20 K\u00fclli Kalamees \u201cM\u00fckoloogia\u00fchingu aasta 2015\u201d<br> 11.20-11.50 Kessy Abarenkov \u201cHarrastusteadusest PlutoF platvormil\u201d<br> 11.50-12.20 \u00a0Jaanus Putting ja Andrean Razumovski \u201cKultuurseente kasvatamisest\u201d\u00a0<\/p><p><strong>L\u00f5una<\/strong> 12.20-13.10 kohapeal\u00a0 (vt. info allpool, eelregistreerimisega)<\/p><p>13.10-13.40 Eveli Otsing \u201cMaasiseste viljakehadega seente liigirikkus ja levik Eestis\u201d<br> 13.40-14.20 Kadri Runnel \u201cKas ja millised torikseened sobivad p\u00f5lismetsaindikaatoriteks?\u201d<br> 14.20 -15.20 T\u00dc loodusmuuseumi <strong>uue renoveeritava ekspositsiooni k\u00fclastamine<\/strong> Vanemuise 46 (Reet M\u00e4gi, K\u00fclli Kalamees)<\/p><p><strong>Palume teatada oma osalemisest Actionesel \u00a0<\/strong><a href=\"mailto:Irma.zettur@ut.ee\"><strong>Irma.zettur@ut.ee<\/strong><\/a><strong> 3. detsembriks ja palume teatada ka osalemisest l\u00f5unas\u00f6\u00f6gil samaks ajaks. L\u00f5unas\u00f6\u00f6gi osalustasu \u00a0on \u00a09 eur<\/strong>, mis palume 3.detsembriks kanda Irma Zettur arveldusarvele Swedbank-is\u00a0 EE842200221059399981.<\/p><p>Lisaks ootame teie ettepanekuid, kus 2016. aasta seenelaagrid v\u00f5iksid toimuda.<\/p><p>K\u00fclli Kalamees, tel 53425101, kulli.kalamees-pani@ut.ee<br> Irma Zettur, tel 5025035, Irma.zettur@ut.ee<br> Eesti m\u00fckoloogia\u00fching<br> www.mukoloogiauhing.ut.ee<\/p><br><div class=\"wp-block-group attached-files-group is-layout-constrained wp-block-group-is-layout-constrained\"><div class=\"wp-block-file\"><a href=\"https:\/\/sisu.ut.ee\/wp-content\/uploads\/sites\/121\/mukoloogiauhingu_aasta_ulevaade_2015_.docx\" target=\"_blank\" rel=\"noreferrer noopener\">mukoloogiauhingu_aasta_ulevaade_2015_.docx<\/a><\/div><\/div>","protected":false},"excerpt":{"rendered":"<p>Tartus 12. detsembril 2015 kl 11-15.30, Vanemuise 46 -247, 248 T\u00dc loodusmuuseumi \u00f5ppeklassides\u00a0 10.30 -11\u00a0 Hommikukohv Ettekanded:11 -11.20 K\u00fclli Kalamees \u201cM\u00fckoloogia\u00fchingu aasta 2015\u201d 11.20-11.50 Kessy Abarenkov \u201cHarrastusteadusest PlutoF platvormil\u201d 11.50-12.20 \u00a0Jaanus Putting ja Andrean Razumovski \u201cKultuurseente kasvatamisest\u201d\u00a0 L\u00f5una 12.20-13.10 kohapeal\u00a0 &#8230;<\/p>\n","protected":false},"author":52,"featured_media":0,"parent":0,"menu_order":0,"comment_status":"closed","ping_status":"closed","template":"","meta":{"_acf_changed":false,"inline_featured_image":false,"footnotes":""},"class_list":["post-49","page","type-page","status-publish","hentry"],"acf":[],"_links":{"self":[{"href":"https:\/\/sisu.ut.ee\/mukoloogiauhing\/wp-json\/wp\/v2\/pages\/49","targetHints":{"allow":["GET"]}}],"collection":[{"href":"https:\/\/sisu.ut.ee\/mukoloogiauhing\/wp-json\/wp\/v2\/pages"}],"about":[{"href":"https:\/\/sisu.ut.ee\/mukoloogiauhing\/wp-json\/wp\/v2\/types\/page"}],"author":[{"embeddable":true,"href":"https:\/\/sisu.ut.ee\/mukoloogiauhing\/wp-json\/wp\/v2\/users\/52"}],"replies":[{"embeddable":true,"href":"https:\/\/sisu.ut.ee\/mukoloogiauhing\/wp-json\/wp\/v2\/comments?post=49"}],"version-history":[{"count":2,"href":"https:\/\/sisu.ut.ee\/mukoloogiauhing\/wp-json\/wp\/v2\/pages\/49\/revisions"}],"predecessor-version":[{"id":589,"href":"https:\/\/sisu.ut.ee\/mukoloogiauhing\/wp-json\/wp\/v2\/pages\/49\/revisions\/589"}],"wp:attachment":[{"href":"https:\/\/sisu.ut.ee\/mukoloogiauhing\/wp-json\/wp\/v2\/media?parent=49"}],"curies":[{"name":"wp","href":"https:\/\/api.w.org\/{rel}","templated":true}]}}