{"id":4,"date":"2024-04-04T00:19:09","date_gmt":"2024-04-03T21:19:09","guid":{"rendered":"https:\/\/sisu.ut.ee\/mukoloogiauhing\/eesti-mukoloogiauhingu-aastakoosolek-actiones-2017\/"},"modified":"2024-04-04T00:28:05","modified_gmt":"2024-04-03T21:28:05","slug":"eesti-mukoloogiauhingu-aastakoosolek-actiones-2017","status":"publish","type":"page","link":"https:\/\/sisu.ut.ee\/mukoloogiauhing\/eesti-mukoloogiauhingu-aastakoosolek-actiones-2017\/","title":{"rendered":"Eesti m\u00fckoloogia\u00fchingu aastakoosolek Actiones 2017"},"content":{"rendered":"<p><strong>J\u00f5geval \u00a09.detsembril 2017 kl 10.30-16.00<\/strong>, Eesti Taimekasvatuse instituudis ( J\u00f5geva, \u00a0J. Aamissepa tn 1)<\/p>\n<p>10.30 -11.00\u00a0\u00a0<strong>Hommikukohv<\/strong><\/p>\n<p><strong>Ettekanded:<\/strong><\/p>\n<p>11.00 -11.20 K\u00fclli Kalamees \u201cM\u00fckoloogia\u00fchingu aasta 2017\u201d. Aastaseene\u00a0 2018 kuulutamisest<\/p>\n<p>11.20-11.40 Mati Koppel \u201cTegevused ja uuringud Eesti Taimekasvatuse Instituudis\u201d<\/p>\n<p>11.40-12.00 \u00a0Andres M\u00e4e \u201cUuringutest\u00a0<em>Ramularia cogno-cygni<\/em>\u00a0alal\u201d<\/p>\n<p>12.05-12.25 Kaire Loit \u201cSeente bioloogiline mitmekesisus kartuli tavatootmise tingimustes\u201d<\/p>\n<p>12.25-12.45 Liina Soonvald \u201cV\u00e4etusviisi m\u00f5ju seenpatogeenidele p\u00f5llumajandusmuldades\u201d<\/p>\n<p><strong>L\u00f5unaeine<\/strong>\u00a012.45-13.30 kohapeal\u00a0<\/p>\n<p>13.30-13.50 Siim Kaarel Sepp \u201d Arbuskulaar-m\u00fckoriissete seente (krohmseente) mitmekesisus erineva maakasutusega kasvukohtades\u201d<\/p>\n<p>13.50-14.10 Anton Savchenko \u201cKeenia seened\u201d<\/p>\n<p>14.20-14.40 Kadri P\u00f5ldmaa \u201cSeened s\u00f6\u00f6giks \u2013 kogemused\u00a0Hiinas\u201d<\/p>\n<p>14.45-15.05 Kadri P\u00e4rtel \u201cSeeneleiud 2017\u201d<\/p>\n<p>15.10-15.30 \u00a0Vello Liiv \u201cSeeneleiud 2017\u201d\u00a0<\/p>\n<p>15.30-16.00 P\u00e4eva k\u00fcsimused, arutelud. P\u00e4evakavas v\u00f5ib ette tulla muudatusi.<\/p>\n<p>P\u00e4eva l\u00f5pp orienteeruvalt kell 16.00.<\/p>\n<p><strong>Kavas on v\u00e4lja kuulutada \u00fchingu poolt<\/strong>\u00a0<strong>2018 aasta seen<\/strong>, oodatud on teie ettepanekud ja m\u00f5tteavaldused K\u00fclli meilile ja kohapeal. Lisaks ootame teie ettepanekuid, kus 2018. aasta seenelaagrid v\u00f5iksid toimuda.<\/p>\n<p>K\u00fclli Kalamees, tel 53425101,\u00a0<a href=\"mailto:kulli.kalamees-pani@ut.ee\" target=\"_blank\" rel=\"noopener\">kulli.kalamees-pani@ut.ee<\/a>\u00a0, Jane Oja, tel 55565460,\u00a0<a href=\"mailto:Jane.oja@gmail.com\" target=\"_blank\" rel=\"noopener\">Jane.oja@gmail.com<\/a><\/p>\n<p><strong>\u00a0<\/strong><\/p>\n","protected":false},"excerpt":{"rendered":"<p>J\u00f5geval \u00a09.detsembril 2017 kl 10.30-16.00, Eesti Taimekasvatuse instituudis ( J\u00f5geva, \u00a0J. Aamissepa tn 1) 10.30 -11.00\u00a0\u00a0Hommikukohv Ettekanded: 11.00 -11.20 K\u00fclli Kalamees \u201cM\u00fckoloogia\u00fchingu aasta 2017\u201d. Aastaseene\u00a0 2018 kuulutamisest 11.20-11.40 Mati Koppel \u201cTegevused ja uuringud Eesti Taimekasvatuse Instituudis\u201d 11.40-12.00 \u00a0Andres M\u00e4e \u201cUuringutest\u00a0Ramularia &#8230;<\/p>\n","protected":false},"author":52,"featured_media":0,"parent":0,"menu_order":0,"comment_status":"closed","ping_status":"closed","template":"","meta":{"_acf_changed":false,"inline_featured_image":false,"footnotes":""},"class_list":["post-4","page","type-page","status-publish","hentry"],"acf":[],"_links":{"self":[{"href":"https:\/\/sisu.ut.ee\/mukoloogiauhing\/wp-json\/wp\/v2\/pages\/4","targetHints":{"allow":["GET"]}}],"collection":[{"href":"https:\/\/sisu.ut.ee\/mukoloogiauhing\/wp-json\/wp\/v2\/pages"}],"about":[{"href":"https:\/\/sisu.ut.ee\/mukoloogiauhing\/wp-json\/wp\/v2\/types\/page"}],"author":[{"embeddable":true,"href":"https:\/\/sisu.ut.ee\/mukoloogiauhing\/wp-json\/wp\/v2\/users\/52"}],"replies":[{"embeddable":true,"href":"https:\/\/sisu.ut.ee\/mukoloogiauhing\/wp-json\/wp\/v2\/comments?post=4"}],"version-history":[{"count":1,"href":"https:\/\/sisu.ut.ee\/mukoloogiauhing\/wp-json\/wp\/v2\/pages\/4\/revisions"}],"predecessor-version":[{"id":581,"href":"https:\/\/sisu.ut.ee\/mukoloogiauhing\/wp-json\/wp\/v2\/pages\/4\/revisions\/581"}],"wp:attachment":[{"href":"https:\/\/sisu.ut.ee\/mukoloogiauhing\/wp-json\/wp\/v2\/media?parent=4"}],"curies":[{"name":"wp","href":"https:\/\/api.w.org\/{rel}","templated":true}]}}