{"id":28,"date":"2024-04-04T00:19:10","date_gmt":"2024-04-03T21:19:10","guid":{"rendered":"https:\/\/sisu.ut.ee\/mukoloogiauhing\/kevadlaager-2018-naissaarel\/"},"modified":"2024-04-04T00:28:05","modified_gmt":"2024-04-03T21:28:05","slug":"kevadlaager-2018-naissaarel","status":"publish","type":"page","link":"https:\/\/sisu.ut.ee\/mukoloogiauhing\/kevadlaager-2018-naissaarel\/","title":{"rendered":"Kevadlaager 2018 Naissaarel"},"content":{"rendered":"<p><strong>Eesti m\u00fckoloogia\u00fchingu kevadlaager Naissaarel<\/strong><\/p><p><strong>Ootame teid kevadisse \u00a0seenelaagrisse, mis toimub\u00a018-20.05.2018<strong>.a. Naissaarel<\/strong><\/strong><\/p><p>V\u00e4lit\u00f6\u00f6d toimuvad Naissaare l\u00f5una- (Kabelikari piirkonnas) ja p\u00f5hjaosas (Mustametsa otsast matk Naissaare tuletorni juurde) ning sadama piirkonnas (Taani kuninga aia l\u00e4heduses). Tutvu keskkonnaameti koostatud\u00a0<a href=\"https:\/\/www.keskkonnaamet.ee\/sites\/default\/public\/Naissaare_rajad_EST.pdf\" target=\"_blank\" data-saferedirecturl=\"https:\/\/www.google.com\/url?hl=et&amp;q=https:\/\/www.keskkonnaamet.ee\/sites\/default\/public\/Naissaare_rajad_EST.pdf&amp;source=gmail&amp;ust=1521918036730000&amp;usg=AFQjCNHyiOzeEIdgrQ0jbZwUWcL_XVURVg\" rel=\"noopener\">tr\u00fckisega<\/a>\u00a0Naissaare kohta.\u00a0T\u00e4psed seenepaigad saadame maikuus.\u00a0<\/p><p>\u00d6\u00f6bime Naissaare l\u00f5unaosas, <a href=\"http:\/\/naissaare.ee\/majutus\/\" target=\"_blank\" data-saferedirecturl=\"https:\/\/www.google.com\/url?hl=et&amp;q=http:\/\/www.monica.ee\/majutus-naissaarel-3\/lux-villad&amp;source=gmail&amp;ust=1521918036730000&amp;usg=AFQjCNGGGhm6dMKJNmztg2JjbeYOVec2Mw\" rel=\"noopener\">Naissaare K\u00fclalistemajas<\/a>. Majutus toimub 2-, 3- ja 4-kohalistes tubades.<\/p><ul><li>majutus\u00a0 10,90 \u20ac\u00a0\/\u00f6\u00f6 inimene<\/li><li>\u00f5htus\u00f6\u00f6k+kook+kohv\/tee 10,80 \u20ac\/kord<\/li><li>hommikus\u00f6\u00f6k rootsi lauas 6,54 \u20ac\/kord<\/li><li>transport sadamast \u00f6\u00f6bimiskohta tasuta (edasi-tagasi)<\/li><li>edasi-tagasi laevapiletid 23 v\u00f5i 25\u20ac, vastavalt Tallinnast laeva v\u00e4ljumisel kell 10 ja 13<\/li><li>saun 36\u20ac\/tund<\/li><li>edasi-tagasi transport saare p\u00f5hjaosasse kamba peale 96\u20ac<\/li><\/ul><p>K\u00f5ikide teenuste eest saab tasuda ainult kohapeal ja sularahas.\u00a0<\/p><p><strong>Oma osav\u00f5tt registreeri\u00a0<\/strong><a href=\"https:\/\/docs.google.com\/forms\/d\/e\/1FAIpQLSchl_SIkLTEXgJR8dEageCBWyoAXu0eDn6szVRLGliDUm38ow\/viewform\" target=\"_blank\" data-saferedirecturl=\"https:\/\/www.google.com\/url?hl=et&amp;q=https:\/\/docs.google.com\/forms\/d\/e\/1FAIpQLSchl_SIkLTEXgJR8dEageCBWyoAXu0eDn6szVRLGliDUm38ow\/viewform&amp;source=gmail&amp;ust=1521918036730000&amp;usg=AFQjCNEXsPiS_WbbzxWnXDBFSNb6fdtNFQ\" rel=\"noopener\"><strong>Google Doc\u2019s<\/strong><\/a><strong>\u00a0v\u00f5i kirjuta Jane Ojale (<\/strong><a href=\"mailto:jane.oja@gmail.com\" target=\"_blank\" rel=\"noopener\"><strong>jane.oja@gmail.<\/strong><\/a><strong>com<\/strong><strong>). Registreerimine kestab\u00a019.04.2018.<\/strong><\/p><p>Kevadel n\u00e4eme loodetavasti ka\u00a0<a href=\"https:\/\/elurikkus.ut.ee\/kirjeldus.php?lang=est&amp;id=173602\" target=\"_blank\" data-saferedirecturl=\"https:\/\/www.google.com\/url?hl=et&amp;q=https:\/\/elurikkus.ut.ee\/kirjeldus.php?lang%3Dest%26id%3D173602&amp;source=gmail&amp;ust=1521918036730000&amp;usg=AFQjCNG2e6Jb5fgIYcvCrqacQknFMSnlww\" rel=\"noopener\">limat\u00fcnnikuid<\/a>,\u00a0<a href=\"https:\/\/elurikkus.ut.ee\/kirjeldus.php?lang=est&amp;id=167406\" target=\"_blank\" data-saferedirecturl=\"https:\/\/www.google.com\/url?hl=et&amp;q=https:\/\/elurikkus.ut.ee\/kirjeldus.php?lang%3Dest%26id%3D167406&amp;source=gmail&amp;ust=1521918036730000&amp;usg=AFQjCNGjkuYw3kZ7OM3uLscwhAku1cN3tQ\" rel=\"noopener\">v\u00e4rv-hernesseen<\/a>i,\u00a0<a href=\"https:\/\/elurikkus.ut.ee\/search_img.php?qresult=yes&amp;lang=est&amp;tree_searchbox_latin=Morchella+esculenta+%28liik%29&amp;latin_name=158920&amp;tree_searchbox_est=Kirjuta+siia&amp;est_name=&amp;keyword=&amp;items=&amp;tree_searchbox_owner=Kirjuta+siia&amp;rights_owner=&amp;tree_searchbox_author=Kirjuta+siia&amp;author=\" target=\"_blank\" title=\"\" data-url=\"https:\/\/elurikkus.ut.ee\/search_img.php?qresult=yes&amp;lang=est&amp;tree_searchbox_latin=Morchella+esculenta+%28liik%29&amp;latin_name=158920&amp;tree_searchbox_est=Kirjuta+siia&amp;est_name=&amp;keyword=&amp;items=&amp;tree_searchbox_owner=Kirjuta+siia&amp;rights_owner=&amp;tree_searchbox_author=Kirjuta+siia&amp;author=\" rel=\"noopener\">m\u00fcrkleid<\/a> ja teisi huvitavaid seeneliike.<\/p><p>Palun teata ka s\u00f5brale,\u00a0 Kui m\u00e4rkad et keegi huviline on kirja saajate hulgast puudu palun anna teada ja saadame ka talle. Kui tead sealkandis sobivat ja huvitavat seene paika uurimiseks seenelaagri retkedel, siis ootame infot ja\u00a0 anna\u00a0 meile teada<\/p><p>\u00a0VT Naisssaare kohta\u00a0<a href=\"https:\/\/www.youtube.com\/watch?v=rXv8QOR2EE4\" target=\"_blank\" title=\"\" data-url=\"https:\/\/www.youtube.com\/watch?v=rXv8QOR2EE4\" rel=\"noopener\">l\u00fchifilmi<\/a>.\u00a0<a href=\"https:\/\/www.youtube.com\/watch?v=rXv8QOR2EE4\" target=\"_blank\" data-saferedirecturl=\"https:\/\/www.google.com\/url?hl=et&amp;q=https:\/\/www.youtube.com\/watch?v%3DrXv8QOR2EE4&amp;source=gmail&amp;ust=1521918036730000&amp;usg=AFQjCNFzfTKju3mFGu0OnVe04s1YyEZXvw\" rel=\"noopener\"><br><\/a><\/p><p>K\u00fclli Kalamees ja Jane Oja<br>Eesti M\u00fckoloogia\u00fching<\/p><p>K\u00fclli telefon: 53425101\u00a0\u00a0<a href=\"mailto:kulli.kalamees-pani@ut.ee\" target=\"_blank\" rel=\"noopener\">kulli.kalamees-pani@ut.ee<\/a><\/p><p>Jane telefon:\u00a0 55565460\u00a0<a href=\"mailto:jane.oja@gmail.com\" target=\"_blank\" rel=\"noopener\">jane.oja@gmail.com<\/a><\/p><br><figure class=\"wp-block-gallery has-nested-images columns-3 is-cropped wp-block-gallery-1 is-layout-flex wp-block-gallery-is-layout-flex\"><figure class=\"wp-block-image size-large\"><a href=\"https:\/\/sisu.ut.ee\/wp-content\/uploads\/sites\/121\/img_20170505_135459-scaled.jpg\"><img loading=\"lazy\" decoding=\"async\" width=\"1920\" height=\"2560\" data-id=\"120\" src=\"https:\/\/sisu.ut.ee\/wp-content\/uploads\/sites\/121\/img_20170505_135459-scaled.jpg\" alt=\"T\u00f5nu Ploompuu seeneleiuga (foto: I. Hiiesalu)\" class=\"wp-image-120\" srcset=\"https:\/\/sisu.ut.ee\/wp-content\/uploads\/sites\/121\/img_20170505_135459-scaled.jpg 1920w, https:\/\/sisu.ut.ee\/wp-content\/uploads\/sites\/121\/img_20170505_135459-225x300.jpg 225w, https:\/\/sisu.ut.ee\/wp-content\/uploads\/sites\/121\/img_20170505_135459-768x1024.jpg 768w, https:\/\/sisu.ut.ee\/wp-content\/uploads\/sites\/121\/img_20170505_135459-1152x1536.jpg 1152w, https:\/\/sisu.ut.ee\/wp-content\/uploads\/sites\/121\/img_20170505_135459-1536x2048.jpg 1536w\" sizes=\"auto, (max-width: 1920px) 100vw, 1920px\"><\/a><figcaption class=\"wp-element-caption\">T\u00f5nu Ploompuu seeneleiuga (foto: I. Hiiesalu)<\/figcaption><\/figure><figure class=\"wp-block-image size-large\"><a href=\"https:\/\/sisu.ut.ee\/wp-content\/uploads\/sites\/121\/img_20170505_153222-scaled.jpg\"><img loading=\"lazy\" decoding=\"async\" width=\"1920\" height=\"2560\" data-id=\"121\" src=\"https:\/\/sisu.ut.ee\/wp-content\/uploads\/sites\/121\/img_20170505_153222-scaled.jpg\" alt=\"Vello Liiv ja Heidi Tamm seeni pildistamas ja kogumas  (foto: I. Hiiesalu)\" class=\"wp-image-121\" srcset=\"https:\/\/sisu.ut.ee\/wp-content\/uploads\/sites\/121\/img_20170505_153222-scaled.jpg 1920w, https:\/\/sisu.ut.ee\/wp-content\/uploads\/sites\/121\/img_20170505_153222-225x300.jpg 225w, https:\/\/sisu.ut.ee\/wp-content\/uploads\/sites\/121\/img_20170505_153222-768x1024.jpg 768w, https:\/\/sisu.ut.ee\/wp-content\/uploads\/sites\/121\/img_20170505_153222-1152x1536.jpg 1152w, https:\/\/sisu.ut.ee\/wp-content\/uploads\/sites\/121\/img_20170505_153222-1536x2048.jpg 1536w\" sizes=\"auto, (max-width: 1920px) 100vw, 1920px\"><\/a><figcaption class=\"wp-element-caption\">Vello Liiv ja Heidi Tamm seeni pildistamas ja kogumas  (foto: I. Hiiesalu)<\/figcaption><\/figure><figure class=\"wp-block-image size-large\"><a href=\"https:\/\/sisu.ut.ee\/wp-content\/uploads\/sites\/121\/img_20170505_152344-scaled.jpg\"><img loading=\"lazy\" decoding=\"async\" width=\"2560\" height=\"1920\" data-id=\"122\" src=\"https:\/\/sisu.ut.ee\/wp-content\/uploads\/sites\/121\/img_20170505_152344-scaled.jpg\" alt=\"Hiidkogrits  (foto: I. Hiiesalu)\" class=\"wp-image-122\" srcset=\"https:\/\/sisu.ut.ee\/wp-content\/uploads\/sites\/121\/img_20170505_152344-scaled.jpg 2560w, https:\/\/sisu.ut.ee\/wp-content\/uploads\/sites\/121\/img_20170505_152344-300x225.jpg 300w, https:\/\/sisu.ut.ee\/wp-content\/uploads\/sites\/121\/img_20170505_152344-1024x768.jpg 1024w, https:\/\/sisu.ut.ee\/wp-content\/uploads\/sites\/121\/img_20170505_152344-768x576.jpg 768w, https:\/\/sisu.ut.ee\/wp-content\/uploads\/sites\/121\/img_20170505_152344-1536x1152.jpg 1536w, https:\/\/sisu.ut.ee\/wp-content\/uploads\/sites\/121\/img_20170505_152344-2048x1536.jpg 2048w, https:\/\/sisu.ut.ee\/wp-content\/uploads\/sites\/121\/img_20170505_152344-1920x1440.jpg 1920w\" sizes=\"auto, (max-width: 2560px) 100vw, 2560px\"><\/a><figcaption class=\"wp-element-caption\">Hiidkogrits  (foto: I. Hiiesalu)<\/figcaption><\/figure><figure class=\"wp-block-image size-large\"><a href=\"https:\/\/sisu.ut.ee\/wp-content\/uploads\/sites\/121\/img_20170505_145604-scaled.jpg\"><img loading=\"lazy\" decoding=\"async\" width=\"1920\" height=\"2560\" data-id=\"123\" src=\"https:\/\/sisu.ut.ee\/wp-content\/uploads\/sites\/121\/img_20170505_145604-scaled.jpg\" alt=\"Seeneleiu diskussioon (foto: I. Hiiesalu)\" class=\"wp-image-123\" srcset=\"https:\/\/sisu.ut.ee\/wp-content\/uploads\/sites\/121\/img_20170505_145604-scaled.jpg 1920w, https:\/\/sisu.ut.ee\/wp-content\/uploads\/sites\/121\/img_20170505_145604-225x300.jpg 225w, https:\/\/sisu.ut.ee\/wp-content\/uploads\/sites\/121\/img_20170505_145604-768x1024.jpg 768w, https:\/\/sisu.ut.ee\/wp-content\/uploads\/sites\/121\/img_20170505_145604-1152x1536.jpg 1152w, https:\/\/sisu.ut.ee\/wp-content\/uploads\/sites\/121\/img_20170505_145604-1536x2048.jpg 1536w\" sizes=\"auto, (max-width: 1920px) 100vw, 1920px\"><\/a><figcaption class=\"wp-element-caption\">Seeneleiu diskussioon (foto: I. Hiiesalu)<\/figcaption><\/figure><figure class=\"wp-block-image size-large\"><a href=\"https:\/\/sisu.ut.ee\/wp-content\/uploads\/sites\/121\/img_20170506_105112-scaled.jpg\"><img loading=\"lazy\" decoding=\"async\" width=\"2560\" height=\"1920\" data-id=\"124\" src=\"https:\/\/sisu.ut.ee\/wp-content\/uploads\/sites\/121\/img_20170506_105112-scaled.jpg\" alt=\"Anu Kollom ja Vello Liiv limat\u00fcnnikuid pildistamas (foto: I. Hiiesalu)\" class=\"wp-image-124\" srcset=\"https:\/\/sisu.ut.ee\/wp-content\/uploads\/sites\/121\/img_20170506_105112-scaled.jpg 2560w, https:\/\/sisu.ut.ee\/wp-content\/uploads\/sites\/121\/img_20170506_105112-300x225.jpg 300w, https:\/\/sisu.ut.ee\/wp-content\/uploads\/sites\/121\/img_20170506_105112-1024x768.jpg 1024w, https:\/\/sisu.ut.ee\/wp-content\/uploads\/sites\/121\/img_20170506_105112-768x576.jpg 768w, https:\/\/sisu.ut.ee\/wp-content\/uploads\/sites\/121\/img_20170506_105112-1536x1152.jpg 1536w, https:\/\/sisu.ut.ee\/wp-content\/uploads\/sites\/121\/img_20170506_105112-2048x1536.jpg 2048w, https:\/\/sisu.ut.ee\/wp-content\/uploads\/sites\/121\/img_20170506_105112-1920x1440.jpg 1920w\" sizes=\"auto, (max-width: 2560px) 100vw, 2560px\"><\/a><figcaption class=\"wp-element-caption\">Anu Kollom ja Vello Liiv limat\u00fcnnikuid pildistamas (foto: I. Hiiesalu)<\/figcaption><\/figure><figure class=\"wp-block-image size-large\"><a href=\"https:\/\/sisu.ut.ee\/wp-content\/uploads\/sites\/121\/img_20170506_105554-scaled.jpg\"><img loading=\"lazy\" decoding=\"async\" width=\"2560\" height=\"1920\" data-id=\"125\" src=\"https:\/\/sisu.ut.ee\/wp-content\/uploads\/sites\/121\/img_20170506_105554-scaled.jpg\" alt=\"Limat\u00fcnnikud  (foto: I. Hiiesalu)\" class=\"wp-image-125\" srcset=\"https:\/\/sisu.ut.ee\/wp-content\/uploads\/sites\/121\/img_20170506_105554-scaled.jpg 2560w, https:\/\/sisu.ut.ee\/wp-content\/uploads\/sites\/121\/img_20170506_105554-300x225.jpg 300w, https:\/\/sisu.ut.ee\/wp-content\/uploads\/sites\/121\/img_20170506_105554-1024x768.jpg 1024w, https:\/\/sisu.ut.ee\/wp-content\/uploads\/sites\/121\/img_20170506_105554-768x576.jpg 768w, https:\/\/sisu.ut.ee\/wp-content\/uploads\/sites\/121\/img_20170506_105554-1536x1152.jpg 1536w, https:\/\/sisu.ut.ee\/wp-content\/uploads\/sites\/121\/img_20170506_105554-2048x1536.jpg 2048w, https:\/\/sisu.ut.ee\/wp-content\/uploads\/sites\/121\/img_20170506_105554-1920x1440.jpg 1920w\" sizes=\"auto, (max-width: 2560px) 100vw, 2560px\"><\/a><figcaption class=\"wp-element-caption\">Limat\u00fcnnikud  (foto: I. Hiiesalu)<\/figcaption><\/figure><figure class=\"wp-block-image size-large\"><a href=\"https:\/\/sisu.ut.ee\/wp-content\/uploads\/sites\/121\/img-1152-scaled.jpg\"><img loading=\"lazy\" decoding=\"async\" width=\"2560\" height=\"1920\" data-id=\"126\" src=\"https:\/\/sisu.ut.ee\/wp-content\/uploads\/sites\/121\/img-1152-scaled.jpg\" alt=\"Veiko Kastanje ja Inga Hiiesalu kevadseeni pildistamas (foto: J. Oja)\" class=\"wp-image-126\" srcset=\"https:\/\/sisu.ut.ee\/wp-content\/uploads\/sites\/121\/img-1152-scaled.jpg 2560w, https:\/\/sisu.ut.ee\/wp-content\/uploads\/sites\/121\/img-1152-300x225.jpg 300w, https:\/\/sisu.ut.ee\/wp-content\/uploads\/sites\/121\/img-1152-1024x768.jpg 1024w, https:\/\/sisu.ut.ee\/wp-content\/uploads\/sites\/121\/img-1152-768x576.jpg 768w, https:\/\/sisu.ut.ee\/wp-content\/uploads\/sites\/121\/img-1152-1536x1152.jpg 1536w, https:\/\/sisu.ut.ee\/wp-content\/uploads\/sites\/121\/img-1152-2048x1536.jpg 2048w, https:\/\/sisu.ut.ee\/wp-content\/uploads\/sites\/121\/img-1152-1920x1440.jpg 1920w\" sizes=\"auto, (max-width: 2560px) 100vw, 2560px\"><\/a><figcaption class=\"wp-element-caption\">Veiko Kastanje ja Inga Hiiesalu kevadseeni pildistamas (foto: J. Oja)<\/figcaption><\/figure><figure class=\"wp-block-image size-large\"><a href=\"https:\/\/sisu.ut.ee\/wp-content\/uploads\/sites\/121\/img-1126-scaled.jpg\"><img loading=\"lazy\" decoding=\"async\" width=\"1920\" height=\"2560\" data-id=\"127\" src=\"https:\/\/sisu.ut.ee\/wp-content\/uploads\/sites\/121\/img-1126-scaled.jpg\" alt=\"Harilik karikseen (foto: J. Oja)\" class=\"wp-image-127\" srcset=\"https:\/\/sisu.ut.ee\/wp-content\/uploads\/sites\/121\/img-1126-scaled.jpg 1920w, https:\/\/sisu.ut.ee\/wp-content\/uploads\/sites\/121\/img-1126-225x300.jpg 225w, https:\/\/sisu.ut.ee\/wp-content\/uploads\/sites\/121\/img-1126-768x1024.jpg 768w, https:\/\/sisu.ut.ee\/wp-content\/uploads\/sites\/121\/img-1126-1152x1536.jpg 1152w, https:\/\/sisu.ut.ee\/wp-content\/uploads\/sites\/121\/img-1126-1536x2048.jpg 1536w\" sizes=\"auto, (max-width: 1920px) 100vw, 1920px\"><\/a><figcaption class=\"wp-element-caption\">Harilik karikseen (foto: J. Oja)<\/figcaption><\/figure><\/figure>","protected":false},"excerpt":{"rendered":"<p>Eesti m\u00fckoloogia\u00fchingu kevadlaager Naissaarel Ootame teid kevadisse \u00a0seenelaagrisse, mis toimub\u00a018-20.05.2018.a. Naissaarel V\u00e4lit\u00f6\u00f6d toimuvad Naissaare l\u00f5una- (Kabelikari piirkonnas) ja p\u00f5hjaosas (Mustametsa otsast matk Naissaare tuletorni juurde) ning sadama piirkonnas (Taani kuninga aia l\u00e4heduses). Tutvu keskkonnaameti koostatud\u00a0tr\u00fckisega\u00a0Naissaare kohta.\u00a0T\u00e4psed seenepaigad saadame maikuus.\u00a0 \u00d6\u00f6bime &#8230;<\/p>\n","protected":false},"author":52,"featured_media":0,"parent":0,"menu_order":0,"comment_status":"closed","ping_status":"closed","template":"","meta":{"_acf_changed":false,"inline_featured_image":false,"footnotes":""},"class_list":["post-28","page","type-page","status-publish","hentry"],"acf":[],"_links":{"self":[{"href":"https:\/\/sisu.ut.ee\/mukoloogiauhing\/wp-json\/wp\/v2\/pages\/28","targetHints":{"allow":["GET"]}}],"collection":[{"href":"https:\/\/sisu.ut.ee\/mukoloogiauhing\/wp-json\/wp\/v2\/pages"}],"about":[{"href":"https:\/\/sisu.ut.ee\/mukoloogiauhing\/wp-json\/wp\/v2\/types\/page"}],"author":[{"embeddable":true,"href":"https:\/\/sisu.ut.ee\/mukoloogiauhing\/wp-json\/wp\/v2\/users\/52"}],"replies":[{"embeddable":true,"href":"https:\/\/sisu.ut.ee\/mukoloogiauhing\/wp-json\/wp\/v2\/comments?post=28"}],"version-history":[{"count":2,"href":"https:\/\/sisu.ut.ee\/mukoloogiauhing\/wp-json\/wp\/v2\/pages\/28\/revisions"}],"predecessor-version":[{"id":599,"href":"https:\/\/sisu.ut.ee\/mukoloogiauhing\/wp-json\/wp\/v2\/pages\/28\/revisions\/599"}],"wp:attachment":[{"href":"https:\/\/sisu.ut.ee\/mukoloogiauhing\/wp-json\/wp\/v2\/media?parent=28"}],"curies":[{"name":"wp","href":"https:\/\/api.w.org\/{rel}","templated":true}]}}