{"id":26,"date":"2024-04-04T00:19:10","date_gmt":"2024-04-03T21:19:10","guid":{"rendered":"https:\/\/sisu.ut.ee\/mukoloogiauhing\/aasta-seen-2019-soomustindik\/"},"modified":"2024-09-25T23:00:00","modified_gmt":"2024-09-25T20:00:00","slug":"aasta-seen-2019-soomustindik","status":"publish","type":"page","link":"https:\/\/sisu.ut.ee\/mukoloogiauhing\/aasta-seen-2019-soomustindik\/","title":{"rendered":"Aasta seen 2019 &#8211; soomustindik"},"content":{"rendered":"<p>Eesti m\u00fckoloogia\u00fching valis 2018. aasta detsembrikuus j\u00e4rgmise aasta seeneks <a href=\"https:\/\/elurikkus.ee\/app\/taxonomy\/taxon\/141301\">soomustindiku (<em>Coprinus comatus<\/em>)<\/a>.<\/p>\n<p>Soomustindiku viljakehad kasvavad tihti suurte kogumikena toitaineterikkal mullal haljasaladel, rohustutes, aedades ja j\u00e4\u00e4tmaadel kasvavad seened. Soomustindiku k\u00fcbar on noorelt valge piklikmunaja kujuga ja kaetud vatjate pruunikate soomustega. Vananedes k\u00fcbar avaneb kellukakujuliselt ja eoslehekesed muutuvad tintjasmustaks. Noorena, valgete eoslehekestega on seen v\u00e4ga hea s\u00f6\u00f6giseen ja s\u00f6\u00f6dav kupatamata. Soomustindik rikneb v\u00e4ga kiiresti (tundidega), millest annavad m\u00e4rku tumenenud eoslehekesed. Soomustindik kogub endasse raskemetalle, seega ei tohiks neid korjata t\u00f6\u00f6stuspiirkondadest ja suurte teede \u00e4\u00e4rest.<\/p>\n<p>Soomustindiku k\u00f5rval kasvab Eestis ka teisi sarnaseid liike, mis taksonoomiliselt kuuluvad k\u00fcll mitmetesse teistesse perekondadesse (<em>Coprinellus<\/em>, <em>Coprinopsis<\/em>, <em>Parasola<\/em>). Sarnasteks liikideks on pruunikashalli voldilise k\u00fcbaraga voldiline tindik (<em>Coprinopsis atramentaria<\/em>), helkivate ebemetega s\u00e4tendav tindik (<em>Coprinellus micaceus<\/em>) ja pisike seltsiv tindik (<em>Coprinellus disseminatus<\/em>).<\/p>\n<p>Teate edastas Eesti m\u00fckoloogia\u00fchingu esimees K\u00fclli Kalamees<\/p>\n<p>Fotol soomustindik <em>Coprinus comatus<\/em>\u00a0(Foto: K\u00fclli Kalamees)<\/p>\n<p><img loading=\"lazy\" decoding=\"async\" src=\"\/wp-content\/uploads\/sites\/121\/soomustindik_foto_kulli_kalamees_.jpg\" alt=\"Soomustindik (Foto: K. Kalamees-Pani)\" width=\"5472\" height=\"3648\"><\/p>\n","protected":false},"excerpt":{"rendered":"<p>Eesti m\u00fckoloogia\u00fching valis 2018. aasta detsembrikuus j\u00e4rgmise aasta seeneks soomustindiku (Coprinus comatus). Soomustindiku viljakehad kasvavad tihti suurte kogumikena toitaineterikkal mullal haljasaladel, rohustutes, aedades ja j\u00e4\u00e4tmaadel kasvavad seened. Soomustindiku k\u00fcbar on noorelt valge piklikmunaja kujuga ja kaetud vatjate pruunikate soomustega. Vananedes &#8230;<\/p>\n","protected":false},"author":52,"featured_media":0,"parent":0,"menu_order":0,"comment_status":"closed","ping_status":"closed","template":"","meta":{"_acf_changed":false,"inline_featured_image":false,"footnotes":""},"class_list":["post-26","page","type-page","status-publish","hentry"],"acf":[],"_links":{"self":[{"href":"https:\/\/sisu.ut.ee\/mukoloogiauhing\/wp-json\/wp\/v2\/pages\/26","targetHints":{"allow":["GET"]}}],"collection":[{"href":"https:\/\/sisu.ut.ee\/mukoloogiauhing\/wp-json\/wp\/v2\/pages"}],"about":[{"href":"https:\/\/sisu.ut.ee\/mukoloogiauhing\/wp-json\/wp\/v2\/types\/page"}],"author":[{"embeddable":true,"href":"https:\/\/sisu.ut.ee\/mukoloogiauhing\/wp-json\/wp\/v2\/users\/52"}],"replies":[{"embeddable":true,"href":"https:\/\/sisu.ut.ee\/mukoloogiauhing\/wp-json\/wp\/v2\/comments?post=26"}],"version-history":[{"count":4,"href":"https:\/\/sisu.ut.ee\/mukoloogiauhing\/wp-json\/wp\/v2\/pages\/26\/revisions"}],"predecessor-version":[{"id":1003,"href":"https:\/\/sisu.ut.ee\/mukoloogiauhing\/wp-json\/wp\/v2\/pages\/26\/revisions\/1003"}],"wp:attachment":[{"href":"https:\/\/sisu.ut.ee\/mukoloogiauhing\/wp-json\/wp\/v2\/media?parent=26"}],"curies":[{"name":"wp","href":"https:\/\/api.w.org\/{rel}","templated":true}]}}