{"id":11,"date":"2024-04-04T00:19:10","date_gmt":"2024-04-03T21:19:10","guid":{"rendered":"https:\/\/sisu.ut.ee\/mukoloogiauhing\/sugislaager-2017-louna-eestis\/"},"modified":"2024-04-04T00:28:05","modified_gmt":"2024-04-03T21:28:05","slug":"sugislaager-2017-louna-eestis","status":"publish","type":"page","link":"https:\/\/sisu.ut.ee\/mukoloogiauhing\/sugislaager-2017-louna-eestis\/","title":{"rendered":"S\u00fcgislaager 2017 L\u00f5una-Eestis"},"content":{"rendered":"<p><strong>Ootame teid s\u00fcgisesse \u00a0seenelaagrisse, mis toimub\u00a021-24.09.2017 L\u00f5una-Eestis.<\/strong><\/p>\n<p><strong>V\u00e4lit\u00f6\u00f6d toimuvad huvitavates seenepaikades Peetri j\u00f5e, M\u00f5niste, Karis\u00f6\u00f6di, Luhasoo, Paganamaa, P\u00e4hni, M\u00f5isam\u00f5tsa jt metsades ja parkides.<br><\/strong><\/p>\n<p><strong>\u00d6\u00f6bimine Seedri puhketalus looduskaunis kohas V\u00f5ru ja R\u00f5uge l\u00e4hedal (<\/strong><a href=\"http:\/\/www.seedripuhketalu.ee\/et\/\" target=\"_blank\" data-saferedirecturl=\"https:\/\/www.google.com\/url?hl=en&amp;q=http:\/\/www.seedripuhketalu.ee\/et\/&amp;source=gmail&amp;ust=1503236778048000&amp;usg=AFQjCNEFAWmFqW-5wp9Dlc4vRzvWflOGrQ\" rel=\"noopener\">http:\/\/www.seedripuhketalu.ee\/et\/<\/a><strong>) \u2013\u00a0<\/strong><\/p>\n<p>\u2013\u00a0\u00a0\u00a0\u00a0\u00a0\u00a0 majutus \u00fcksinda toas 28.- eur\/\u00f6\u00f6 inimene<br>\u2013\u00a0\u00a0\u00a0\u00a0\u00a0\u00a0 majutus kaheses toas 18.- eur\/\u00f6\u00f6 inimene<br>\u2013\u00a0\u00a0\u00a0\u00a0\u00a0\u00a0 \u00f6htus\u00f6\u00f6k 10.-\u00a0 eur\/kord<br>\u2013\u00a0\u00a0\u00a0\u00a0\u00a0\u00a0 hommikus\u00f6\u00f6k 7.- eur\/kord<br>\u2013\u00a0\u00a0\u00a0\u00a0\u00a0\u00a0 saun vastavalt soovidele lisamaksuga (otsustame kohapeal)<br>Seedri talus saab tasuda sularahas kohapeal (kaardimakse v\u00f5imalus puudub) ja \u00fclekande arvega tuleb tasuda ette\u00a0\u2013 st arve tuleb enne k\u00fcsida ja tasuda. Kirjaliku dokumendi saab m\u00f5lemal juhul.<\/p>\n<p><strong>Seenelaagri osalustasu 10 eur saab maksta kohapeal sularahas.<\/strong><\/p>\n<p><strong>Palun registreeruda seenelaagrisse lingil\u00a0<\/strong><strong><a href=\"https:\/\/docs.google.com\/forms\/d\/e\/1FAIpQLSdF2ULpHYy2F8unFCs0ScZ71V4BYyKOEpkfMMQz_daON8rBWw\/viewform\" target=\"_blank\" data-saferedirecturl=\"https:\/\/www.google.com\/url?hl=en&amp;q=https:\/\/docs.google.com\/forms\/d\/e\/1FAIpQLSdF2ULpHYy2F8unFCs0ScZ71V4BYyKOEpkfMMQz_daON8rBWw\/viewform&amp;source=gmail&amp;ust=1503236778048000&amp;usg=AFQjCNHvfrmNVzh98vPNho4vNGnL7dYhMA\" rel=\"noopener\">Google Docs\u2019is<\/a>,\u00a0<\/strong>v\u00f5i anna oma\u00a0<strong>osav\u00f5tust teada Jane Oja meilile (<\/strong><a href=\"mailto:jane.oja@gmail.com\" target=\"_blank\" rel=\"noopener\"><strong>jane.oja@gmail.com<\/strong><\/a><strong>) v\u00f5imalikult kiiresti ja hiljemalt\u00a0<strong>8.09. 2017.<\/strong><\/strong><\/p>\n<p>Registeerumisel palun \u00e4ra m\u00e4rkida:<\/p>\n<p>1) mitu p\u00e4eva osaled laagris, mis p\u00e4evadel, millal plaanid saabuda, millal lahkuda, 2) mitmel \u00f6\u00f6l majutud- toad peamiselt kahesed. 3) kui soovid viibida \u00fcksinda toas, siis anna ka sellest teada 4) kas soovid \u00f5htus\u00f6\u00f6ke, mis p\u00e4evadel. 5) kas soovid hommikus\u00f6\u00f6ke, mis p\u00e4evadel. 6) kui oled autoga tulija, siis anna sellest samuti teada. 6) kui soovid \u00fclekande arvet siis on vaja arve k\u00fcsida enne Seedrist.<\/p>\n<p>Palun teata ka s\u00f5brale,\u00a0 Kui m\u00e4rkad et keegi huviline on kirja saajate hulgast puudu palun anna teada ja saadame ka talle.<\/p>\n<p>Kui tead sealkandis sobivat ja huvitavat seene paika uurimiseks seenelaagri retkedel, siis ootame infot ja\u00a0 anna\u00a0 meile teada.<\/p>\n<p>Kevadlaagri kokkuv\u00f5tte ja lingid leiad M\u00fckoloogia\u00fchingu kodulehelt\u00a0<a href=\"http:\/\/mukoloogiauhing.ut.ee\/\" target=\"_blank\" data-saferedirecturl=\"https:\/\/www.google.com\/url?hl=en&amp;q=http:\/\/www.mukoloogiauhing.ut.ee&amp;source=gmail&amp;ust=1503236778048000&amp;usg=AFQjCNFQ9KP9XkpkWtJ7I21d5hSahAhrIw\" rel=\"noopener\">mukoloogiauhing.ut.ee<\/a>\u00a0, aastaseene kukeseene artikli leiad eesti looduse 2017 juuni-juuli numbrist.<\/p>\n<p>Parimat,<br>K\u00fclli Kalamees ja Jane Oja<br>Eesti M\u00fckoloogia\u00fching<\/p>\n<p>K\u00fclli telefon:\u00a053425101\u00a0<a href=\"mailto:kulli.kalamees-pani@ut.ee\" target=\"_blank\" rel=\"noopener\">kulli.kalamees-pani@ut.ee<\/a><br>Jane telefon:\u00a055565460\u00a0<a href=\"mailto:jane.oja@gmail.com\" target=\"_blank\" rel=\"noopener\">jane.oja@gmail.com<\/a><\/p>\n","protected":false},"excerpt":{"rendered":"<p>Ootame teid s\u00fcgisesse \u00a0seenelaagrisse, mis toimub\u00a021-24.09.2017 L\u00f5una-Eestis. V\u00e4lit\u00f6\u00f6d toimuvad huvitavates seenepaikades Peetri j\u00f5e, M\u00f5niste, Karis\u00f6\u00f6di, Luhasoo, Paganamaa, P\u00e4hni, M\u00f5isam\u00f5tsa jt metsades ja parkides. \u00d6\u00f6bimine Seedri puhketalus looduskaunis kohas V\u00f5ru ja R\u00f5uge l\u00e4hedal (http:\/\/www.seedripuhketalu.ee\/et\/) \u2013\u00a0 \u2013\u00a0\u00a0\u00a0\u00a0\u00a0\u00a0 majutus \u00fcksinda toas 28.- eur\/\u00f6\u00f6 &#8230;<\/p>\n","protected":false},"author":52,"featured_media":0,"parent":0,"menu_order":0,"comment_status":"closed","ping_status":"closed","template":"","meta":{"_acf_changed":false,"inline_featured_image":false,"footnotes":""},"class_list":["post-11","page","type-page","status-publish","hentry"],"acf":[],"_links":{"self":[{"href":"https:\/\/sisu.ut.ee\/mukoloogiauhing\/wp-json\/wp\/v2\/pages\/11","targetHints":{"allow":["GET"]}}],"collection":[{"href":"https:\/\/sisu.ut.ee\/mukoloogiauhing\/wp-json\/wp\/v2\/pages"}],"about":[{"href":"https:\/\/sisu.ut.ee\/mukoloogiauhing\/wp-json\/wp\/v2\/types\/page"}],"author":[{"embeddable":true,"href":"https:\/\/sisu.ut.ee\/mukoloogiauhing\/wp-json\/wp\/v2\/users\/52"}],"replies":[{"embeddable":true,"href":"https:\/\/sisu.ut.ee\/mukoloogiauhing\/wp-json\/wp\/v2\/comments?post=11"}],"version-history":[{"count":1,"href":"https:\/\/sisu.ut.ee\/mukoloogiauhing\/wp-json\/wp\/v2\/pages\/11\/revisions"}],"predecessor-version":[{"id":574,"href":"https:\/\/sisu.ut.ee\/mukoloogiauhing\/wp-json\/wp\/v2\/pages\/11\/revisions\/574"}],"wp:attachment":[{"href":"https:\/\/sisu.ut.ee\/mukoloogiauhing\/wp-json\/wp\/v2\/media?parent=11"}],"curies":[{"name":"wp","href":"https:\/\/api.w.org\/{rel}","templated":true}]}}