{"id":8,"date":"2024-04-04T02:27:44","date_gmt":"2024-04-03T23:27:44","guid":{"rendered":"https:\/\/sisu.ut.ee\/moocs\/autorid-ja-labiviijad\/"},"modified":"2024-04-04T02:27:51","modified_gmt":"2024-04-03T23:27:51","slug":"autorid-ja-labiviijad","status":"publish","type":"page","link":"https:\/\/sisu.ut.ee\/moocs\/autorid-ja-labiviijad\/","title":{"rendered":"Autorid ja l\u00e4biviijad"},"content":{"rendered":"<table class=\"table table-hover\" style=\"width: 100%\" border=\"0\" align=\"center\">\n<tbody>\n<tr>\n<td style=\"width: 110px\">\n<h2><img loading=\"lazy\" decoding=\"async\" width=\"120\" height=\"150\" class=\"alignnone wp-image-30\" style=\"margin-left: auto;margin-right: auto;border: 1px solid #eee\" src=\"https:\/\/sisu.ut.ee\/wp-content\/uploads\/sites\/170\/lehti_pilt.jpg\" title=\"lehti_pilt.jpg\" alt=\"lehti_pilt.jpg\"><\/h2>\n<\/td>\n<td><\/td>\n<td>\n<h4><span style=\"font-size: x-large\" data-mce-mark=\"1\">Lehti Pilt<\/span><\/h4>\n<p>Tartu \u00dclikooli \u00f5ppeosakonna elukestva \u00f5ppe keskuse haridustehnoloogia peaspetsialist.\u00a0Lehti tegeleb e-\u00f5ppega alates 2000. aastast, kui asus t\u00f6\u00f6le haridustehnoloogina. Praegu tegeleb ta Tartu \u00dclikoolis k\u00f5igega, mis puudutab e-\u00f5ppe korraldamist ning kasutusel olevate \u00f5pikeskkondade\/vahendite haldamist ja arendamist (Moodle, Sisu@UT, Mahara, LimeSurvey, Panopto). Ta on olnud alates 2007. aastast HITSA e-\u00f5ppe kvaliteedit\u00f6\u00f6r\u00fchma liige.<\/p>\n<\/td>\n<\/tr>\n<tr>\n<td><\/td>\n<td><\/td>\n<td><\/td>\n<\/tr>\n<tr>\n<td>\n<h2><img loading=\"lazy\" decoding=\"async\" width=\"95\" height=\"120\" class=\"alignnone wp-image-31\" style=\"border: 1px solid #eee\" src=\"https:\/\/sisu.ut.ee\/wp-content\/uploads\/sites\/170\/triin_2017.png\" title=\"triin_2017.png\" alt=\"triin_2017.png\"><\/h2>\n<\/td>\n<td><\/td>\n<td>\n<h4><span style=\"font-size: x-large\" data-mce-mark=\"1\">Triin Marandi<\/span><\/h4>\n<p>Tartu \u00dclikooli \u00f5ppeosakonna elukestva \u00f5ppe keskuse \u00f5ppedisainer, kelle \u00fclesandeks on <span data-mce-mark=\"1\">meditsiiniteaduste valdkonna \u00f5ppej\u00f5udude e-\u00f5ppealane tehniline ja metodoloogiline n\u00f5ustamine ning elektrooniliste \u00f5ppematerjalide ja e-kursuste disainimine. E-\u00f5ppega hakkas tegelema alates 2001. aastast T\u00dc hariduskorralduse \u00f5ppej\u00f5una. N\u00fc\u00fcd koolitab nii T\u00dc \u00fcli\u00f5pilasi, \u00f5ppej\u00f5ude kui teiste \u00f5ppeasutuste \u00f5petajaid. Tema abiga on valminud 7 MOOCi.<\/span><\/p>\n<\/td>\n<\/tr>\n<\/tbody>\n<\/table>\n<h2><\/h2>\n","protected":false},"excerpt":{"rendered":"<p>Lehti Pilt Tartu \u00dclikooli \u00f5ppeosakonna elukestva \u00f5ppe keskuse haridustehnoloogia peaspetsialist.\u00a0Lehti tegeleb e-\u00f5ppega alates 2000. aastast, kui asus t\u00f6\u00f6le haridustehnoloogina. Praegu tegeleb ta Tartu \u00dclikoolis k\u00f5igega, mis puudutab e-\u00f5ppe korraldamist ning kasutusel olevate \u00f5pikeskkondade\/vahendite haldamist ja arendamist (Moodle, Sisu@UT, Mahara, LimeSurvey, &#8230;<\/p>\n","protected":false},"author":6,"featured_media":0,"parent":0,"menu_order":0,"comment_status":"closed","ping_status":"closed","template":"","meta":{"_acf_changed":false,"inline_featured_image":false,"footnotes":""},"class_list":["post-8","page","type-page","status-publish","hentry"],"acf":[],"_links":{"self":[{"href":"https:\/\/sisu.ut.ee\/moocs\/wp-json\/wp\/v2\/pages\/8","targetHints":{"allow":["GET"]}}],"collection":[{"href":"https:\/\/sisu.ut.ee\/moocs\/wp-json\/wp\/v2\/pages"}],"about":[{"href":"https:\/\/sisu.ut.ee\/moocs\/wp-json\/wp\/v2\/types\/page"}],"author":[{"embeddable":true,"href":"https:\/\/sisu.ut.ee\/moocs\/wp-json\/wp\/v2\/users\/6"}],"replies":[{"embeddable":true,"href":"https:\/\/sisu.ut.ee\/moocs\/wp-json\/wp\/v2\/comments?post=8"}],"version-history":[{"count":1,"href":"https:\/\/sisu.ut.ee\/moocs\/wp-json\/wp\/v2\/pages\/8\/revisions"}],"predecessor-version":[{"id":67,"href":"https:\/\/sisu.ut.ee\/moocs\/wp-json\/wp\/v2\/pages\/8\/revisions\/67"}],"wp:attachment":[{"href":"https:\/\/sisu.ut.ee\/moocs\/wp-json\/wp\/v2\/media?parent=8"}],"curies":[{"name":"wp","href":"https:\/\/api.w.org\/{rel}","templated":true}]}}