{"id":6,"date":"2024-04-04T02:27:44","date_gmt":"2024-04-03T23:27:44","guid":{"rendered":"https:\/\/sisu.ut.ee\/moocs\/37-mooci-tehniline-disainimine\/"},"modified":"2024-04-04T02:27:51","modified_gmt":"2024-04-03T23:27:51","slug":"37-mooci-tehniline-disainimine","status":"publish","type":"page","link":"https:\/\/sisu.ut.ee\/moocs\/37-mooci-tehniline-disainimine\/","title":{"rendered":"3.7. MOOCi  tehniline disainimine"},"content":{"rendered":"<p>MOOCi tehniline disainimine kujutab endast materjalide, juhendite, testide jm tehnoloogiliste vahendite kursusele lisamist, seadistamist ja testimist. Tehnilist t\u00f6\u00f6d v\u00f5iks teha meeskonnaliige, kes valitud keskkondade v\u00f5imalusi k\u00f5ige paremini tunneb ja kasutada oskab. MOOC peaks sisaldama v\u00f5imalikult v\u00e4he erinevaid tehnoloogilisi vahendeid. Seet\u00f5ttu on spetsiaalselt MOOCidele loodud \u00f5pikeskkonnad v\u00f5imalikult lihtsad: videod, tekstilised materjalid, foorumid suhtlemiseks, testid ning kodut\u00f6\u00f6de esitamise v\u00f5imalused. Kui kasutada MOOCi loomisel enamate v\u00f5imalustega keskkonda (nt Moodle), siis tuleb pakutavatest v\u00f5imalustest vaid k\u00f5ige olulisemad ning tavalisemad v\u00e4lja valida.<\/p>\n<p>Lisaks \u00fcldistele foorumitele korralduslike k\u00fcsimuste, tehniliste probleemide ja vaba suhtlemise jaoks v\u00f5iks iga n\u00e4dala v\u00f5i teema juures olla eraldi foorum sisulisteks aruteludeks ja k\u00fcsimusteks-vastusteks, et samasisulised postitused oleks lihtsamini leitavad ja hallatavad.<\/p>\n<p>Kursuse disainimisel tuleks lisada v\u00f5imalikult v\u00e4he piiranguid \u2013 ajalisi vm. Kursuse avaleht peaks olema lihtne ja selge, materjalide formaadid universaalsed ning tegevuste nimetused \u00fchtset s\u00fcsteemi j\u00e4rgivad ja informatiivsed: kas on kodut\u00f6\u00f6 esitamiseks, arutlemiseks, enesekontrolliks v\u00f5i hinnatav test.<\/p>\n<table class=\"table table-hover\" style=\"width: 90%\" border=\"0\" align=\"center\">\n<tbody>\n<tr>\n<td>\n<p><img loading=\"lazy\" decoding=\"async\" width=\"150\" height=\"39\" class=\"alignnone wp-image-29\" src=\"https:\/\/sisu.ut.ee\/wp-content\/uploads\/sites\/170\/kasulik.png\" title=\"kasulik.png\" alt=\"kasulik.png\"><\/p>\n<ul>\n<li>\n<h5>HITSA Moodle\u2019i kasutamisjuhend:\u00a0<a style=\"font-family: inherit;line-height: 1.1\" href=\"http:\/\/files.voog.com\/0000\/0034\/3577\/files\/juhendi_fail.pdf\" target=\"_blank\" rel=\"noopener\">http:\/\/files.voog.com\/0000\/0034\/3577\/files\/juhendi_fail.pdf<\/a><\/h5>\n<\/li>\n<li>\n<h5>Tartu \u00dclikooli Moodle\u2019i kasutamisjuhend:\u00a0<a href=\"https:\/\/sisu.ut.ee\/juhendid\/moodle\" target=\"_blank\" rel=\"noopener\">https:\/\/sisu.ut.ee\/juhendid\/moodle<\/a><\/h5>\n<\/li>\n<li>\n<h5>Eliademy kasutamisjuhend:\u00a0<a style=\"font-family: inherit;line-height: 1.1\" href=\"https:\/\/eliademy.com\/en\/features\" target=\"_blank\" rel=\"noopener\">https:\/\/eliademy.com\/en\/features<\/a><\/h5>\n<\/li>\n<li>\n<h5>EdX kasutamisjuhend:\u00a0<a style=\"font-family: inherit;line-height: 1.1\" href=\"http:\/\/edx.readthedocs.io\/projects\/edx-partner-course-staff\/en\/latest\/getting_started\/index.html\" target=\"_blank\" rel=\"noopener\">http:\/\/edx.readthedocs.io\/projects\/edx-partner-course-staff\/en\/ latest\/getting_started\/index.html<\/a><\/h5>\n<\/li>\n<\/ul>\n<h5><span data-mce-mark=\"1\">Kui kursus on valmis, tuleks l\u00e4bi teha kursuse eneseanal\u00fc\u00fcs\u00a0<a href=\"http:\/\/www.e-ope.ee\/kvaliteet\/protsess\" target=\"_blank\" rel=\"noopener\">http:\/\/www.e-ope.ee\/kvaliteet\/protsess<\/a>, mis aitab enne kursuse avamist veel olulised aspektid \u00fcle kontrollida ning viimased parandused sisse viia.<\/span>\u00a0<\/h5>\n<\/td>\n<\/tr>\n<\/tbody>\n<\/table>\n<p>Kontrollige, et kursus oleks tehniliselt t\u00f6\u00f6korras: lingid avanevad, vajalikud vahendid t\u00f6\u00f6tavad, kursuselt viidatud veebilehed avanevad, \u00f5pijuhises on selgitused kasutatud vahendite ning tehnoloogiliste lahenduste kohta \u00a0(nt. meediafailide avamiseks vajalik tarkvara, ligip\u00e4\u00e4s tasulistele andmebaasidele jm).<\/p>\n<p>Kui olete otsustanud MOOCi l\u00f5petanutele v\u00e4ljastada \u00f5pim\u00e4rke, peaksite need looma ning kursusele lisama (Moodle\u2019i \u00f5pim\u00e4rkide loomise kohta vt\u00a0<a href=\"https:\/\/docs.moodle.org\/25\/en\/Badges\" target=\"_blank\" rel=\"noopener\">https:\/\/docs.moodle.org\/25\/en\/Badges<\/a>).<\/p>\n","protected":false},"excerpt":{"rendered":"<p>MOOCi tehniline disainimine kujutab endast materjalide, juhendite, testide jm tehnoloogiliste vahendite kursusele lisamist, seadistamist ja testimist. Tehnilist t\u00f6\u00f6d v\u00f5iks teha meeskonnaliige, kes valitud keskkondade v\u00f5imalusi k\u00f5ige paremini tunneb ja kasutada oskab. MOOC peaks sisaldama v\u00f5imalikult v\u00e4he erinevaid tehnoloogilisi vahendeid. Seet\u00f5ttu &#8230;<\/p>\n","protected":false},"author":6,"featured_media":0,"parent":0,"menu_order":0,"comment_status":"closed","ping_status":"closed","template":"","meta":{"_acf_changed":false,"inline_featured_image":false,"footnotes":""},"class_list":["post-6","page","type-page","status-publish","hentry"],"acf":[],"_links":{"self":[{"href":"https:\/\/sisu.ut.ee\/moocs\/wp-json\/wp\/v2\/pages\/6","targetHints":{"allow":["GET"]}}],"collection":[{"href":"https:\/\/sisu.ut.ee\/moocs\/wp-json\/wp\/v2\/pages"}],"about":[{"href":"https:\/\/sisu.ut.ee\/moocs\/wp-json\/wp\/v2\/types\/page"}],"author":[{"embeddable":true,"href":"https:\/\/sisu.ut.ee\/moocs\/wp-json\/wp\/v2\/users\/6"}],"replies":[{"embeddable":true,"href":"https:\/\/sisu.ut.ee\/moocs\/wp-json\/wp\/v2\/comments?post=6"}],"version-history":[{"count":1,"href":"https:\/\/sisu.ut.ee\/moocs\/wp-json\/wp\/v2\/pages\/6\/revisions"}],"predecessor-version":[{"id":65,"href":"https:\/\/sisu.ut.ee\/moocs\/wp-json\/wp\/v2\/pages\/6\/revisions\/65"}],"wp:attachment":[{"href":"https:\/\/sisu.ut.ee\/moocs\/wp-json\/wp\/v2\/media?parent=6"}],"curies":[{"name":"wp","href":"https:\/\/api.w.org\/{rel}","templated":true}]}}