{"id":28,"date":"2024-04-04T02:27:45","date_gmt":"2024-04-03T23:27:45","guid":{"rendered":"https:\/\/sisu.ut.ee\/moocs\/33-oppetekstide-loomine\/"},"modified":"2024-04-04T02:27:51","modified_gmt":"2024-04-03T23:27:51","slug":"33-oppetekstide-loomine","status":"publish","type":"page","link":"https:\/\/sisu.ut.ee\/moocs\/33-oppetekstide-loomine\/","title":{"rendered":"3.3. \u00d5ppetekstide loomine"},"content":{"rendered":"<p><span data-mce-mark=\"1\">Tekstilised materjalid v\u00f5ivad paikneda \u00f5pikeskkonnas v\u00f5i v\u00e4ljaspool \u00fchtse tervikuna ja olla lingitud \u00f5pikeskkonda. Kui materjalid on html-failidena (veebilehtedena), tuleks kontrollida, kas need on kujundatud ka v\u00e4ljatr\u00fckiks sobivalt.<\/span><\/p>\n<p><span data-mce-mark=\"1\">Materjalide loomisel on soovitav j\u00e4rgida allj\u00e4rgnevaid p\u00f5him\u00f5tteid:<\/span><\/p>\n<ul>\n<li>materjalid on universaalsed: veebilehtedena v\u00f5i pdf-formaadis;<\/li>\n<li>\u00f5ppematerjal on kasutatav erinevate veebilehitsejate (Mozilla Firefox, Microsoft Internet Explorer) ning operatsioonis\u00fcsteemidega (Microsoft Windows, Linux, Mac OS). Vastupidisel juhul peab info olema selgelt esitatud tehniliste n\u00f5uete juures (nt Tehnilised n\u00f5uded kursuse l\u00e4bimiseks);<\/li>\n<li>\u00f5ppematerjal on sobivalt liigendatud v\u00e4iksemateks osadeks: peat\u00fckkideks ning alampeat\u00fckkideks;<\/li>\n<li>peat\u00fckk esitatakse osadena: pealkiri, \u00f5pieesm\u00e4rgid, sissejuhatus, alampealkirjad, kokkuv\u00f5te;<\/li>\n<li>sarnaste elementide disain on \u00fchtne l\u00e4bi terve kursuse;<\/li>\n<li>vajalik eritarkvara on tagatud k\u00f5igile \u00f5ppijatele nt programmide testversioonidena;<\/li>\n<li>\u00f5ppematerjali sisu on usaldusv\u00e4\u00e4rne, t\u00e4pne ja ajakohane;<\/li>\n<li>\u00f5ppematerjalid on keeleliselt korrektsed;<\/li>\n<li>kasutatud allikatele on viidatud vastavalt autori\u00f5iguse seadusele;<\/li>\n<li>internetilingid (aadressid pikalt v\u00e4lja kirjutatud ja avanevad uude aknasse) t\u00f6\u00f6tavad;<\/li>\n<li>arusaamise h\u00f5lbustamiseks kasutatakse n\u00e4iteid, illustratsioone, tabeleid;<\/li>\n<li>oluline informatsioon (terminid, definitsioonid, kontseptsioonid) on r\u00f5hutatud (nt v\u00e4rvilisel alal, graafilise elemendina, rasvases kirjas (mitte allajoonituna!);<\/li>\n<li>teksti vahel v\u00f5i l\u00f5pus on m\u00f5tlemis\u00fclesanded v\u00f5i kordamisk\u00fcsimused;<\/li>\n<li>viidatud on lisamaterjalidele.<\/li>\n<\/ul>\n<p>Keerulisemate teemade puhul on hea luua \u00f5ppematerjale toetav s\u00f5nastik olulisemate m\u00f5istetega ning selgitustega.<\/p>\n<h2>Kasutatud allikad:<\/h2>\n<ul>\n<li>Building and Running an edX Course. 4.3. Accessibility Best Practices for Developing Course Content (2016). <a style=\"background-color: #ffffff\" href=\"http:\/\/edx.readthedocs.io\/projects\/edx-partner-course-staff\/en\/latest\/accessibility\/best_practices_course_content_dev.html#accessibility-best-practices-for-course-content-development\" target=\"_blank\" rel=\"noopener\">http:\/\/edx.readthedocs.io\/projects\/edx-partner-course-staff\/en\/latest\/accessibility\/best_practices_course_content_dev.html#accessibility-best-practices-for-course-content-development<\/a><\/li>\n<li>Digitaalse \u00f5ppematerjali loomise soovitused. Juhend digitaalse \u00f5ppematerjali autorile (2015).<a style=\"background-color: #ffffff\" href=\"http:\/\/oppevara.hitsa.ee\/kvaliteet\/#tekstiliste-materjalide-loomine\" target=\"_blank\" rel=\"noopener\">http:\/\/oppevara.hitsa.ee\/kvaliteet\/#tekstiliste-materjalide-loomine<\/a><\/li>\n<\/ul>\n","protected":false},"excerpt":{"rendered":"<p>Tekstilised materjalid v\u00f5ivad paikneda \u00f5pikeskkonnas v\u00f5i v\u00e4ljaspool \u00fchtse tervikuna ja olla lingitud \u00f5pikeskkonda. Kui materjalid on html-failidena (veebilehtedena), tuleks kontrollida, kas need on kujundatud ka v\u00e4ljatr\u00fckiks sobivalt. Materjalide loomisel on soovitav j\u00e4rgida allj\u00e4rgnevaid p\u00f5him\u00f5tteid: materjalid on universaalsed: veebilehtedena v\u00f5i pdf-formaadis; &#8230;<\/p>\n","protected":false},"author":6,"featured_media":0,"parent":0,"menu_order":0,"comment_status":"closed","ping_status":"closed","template":"","meta":{"_acf_changed":false,"inline_featured_image":false,"footnotes":""},"class_list":["post-28","page","type-page","status-publish","hentry"],"acf":[],"_links":{"self":[{"href":"https:\/\/sisu.ut.ee\/moocs\/wp-json\/wp\/v2\/pages\/28","targetHints":{"allow":["GET"]}}],"collection":[{"href":"https:\/\/sisu.ut.ee\/moocs\/wp-json\/wp\/v2\/pages"}],"about":[{"href":"https:\/\/sisu.ut.ee\/moocs\/wp-json\/wp\/v2\/types\/page"}],"author":[{"embeddable":true,"href":"https:\/\/sisu.ut.ee\/moocs\/wp-json\/wp\/v2\/users\/6"}],"replies":[{"embeddable":true,"href":"https:\/\/sisu.ut.ee\/moocs\/wp-json\/wp\/v2\/comments?post=28"}],"version-history":[{"count":1,"href":"https:\/\/sisu.ut.ee\/moocs\/wp-json\/wp\/v2\/pages\/28\/revisions"}],"predecessor-version":[{"id":64,"href":"https:\/\/sisu.ut.ee\/moocs\/wp-json\/wp\/v2\/pages\/28\/revisions\/64"}],"wp:attachment":[{"href":"https:\/\/sisu.ut.ee\/moocs\/wp-json\/wp\/v2\/media?parent=28"}],"curies":[{"name":"wp","href":"https:\/\/api.w.org\/{rel}","templated":true}]}}