{"id":15,"date":"2024-04-04T02:27:44","date_gmt":"2024-04-03T23:27:44","guid":{"rendered":"https:\/\/sisu.ut.ee\/moocs\/meeskond\/"},"modified":"2024-04-04T02:27:51","modified_gmt":"2024-04-03T23:27:51","slug":"meeskond","status":"publish","type":"page","link":"https:\/\/sisu.ut.ee\/moocs\/meeskond\/","title":{"rendered":"2.1. Meeskond"},"content":{"rendered":"<p><span data-mce-mark=\"1\">MOOCi planeerides tuleb k\u00f5igepealt moodustada meeskond, kes hakkab MOOCi v\u00e4lja t\u00f6\u00f6tama ja l\u00e4bi viima, sest hea MOOCi loomiseks on vaja teha koost\u00f6\u00f6d. Meeskonda v\u00f5iks kuuluda minimaalselt sisu tootja, tehniline tugi ja tuutorid, kes aitavad MOOCi l\u00e4biviimisel. Meeskonda saab kaasata kolleege, \u00fcli\u00f5pilasi, administratiivt\u00f6\u00f6tajaid, veebi- ja videospetsialiste.<\/span><\/p>\n<table class=\"table table-hover\" style=\"width: 90%\" border=\"0\" align=\"center\">\n<tbody>\n<tr>\n<td>\n<p><img loading=\"lazy\" decoding=\"async\" width=\"150\" height=\"39\" class=\"alignnone wp-image-32\" src=\"https:\/\/sisu.ut.ee\/wp-content\/uploads\/sites\/170\/huvitav2.png\" title=\"huvitav2.png\" alt=\"huvitav2.png\"><\/p>\n<h5>MITi MOOCi\u00a0\u201cIntroduction to Solid-state Chemistry\u201d meeskonda kuulus 33 inimest.<\/h5>\n<\/td>\n<\/tr>\n<\/tbody>\n<\/table>\n<p><span data-mce-mark=\"1\"><\/span><\/p>\n<p>MOOCi loomise meeskonnas peaksid olema esindatud j\u00e4rgmised rollid nimetatud \u00fclesannetega:<\/p>\n<h3>Projektijuht<\/h3>\n<p><span style=\"font-size: small;color: #808080\">Kes v\u00f5ib veel seda rolli t\u00e4ita: vastutav \u00f5ppej\u00f5ud, haridustehnoloog<\/span><\/p>\n<p style=\"padding-left: 30px\">Rahastuse taotlemine, eelarve koostamine ja j\u00e4rgimine, meeskonna moodustamine, kokkulepete s\u00f5lmimine, MOOCi loomise koordineerimine (ajakava koostamine, meeskonna kohtumiste planeerimine), autori\u00f5iguse k\u00fcsimustega tegelemine, vajadusel litsentside hankimine, turundust\u00f6\u00f6, abij\u00f5udude leidmine tehnilisteks t\u00f6\u00f6deks (nt audio transkribeerimine tekstiks, subtiitrite failide ettevalmistus, t\u00f5lket\u00f6\u00f6d, tekstide toimetamine).<\/p>\n<h3>\u00d5ppej\u00f5ud, sisu autor\u00a0<\/h3>\n<p><span style=\"font-size: small;color: #808080\" data-mce-mark=\"1\">Kes v\u00f5ib veel seda rolli t\u00e4ita:\u00a0magistri- ja\/v\u00f5i doktori\u00f5ppe \u00fcli\u00f5pilased, assistendid<\/span><\/p>\n<p style=\"padding-left: 30px\">MOOCi juhend- ja \u00f5ppematerjalide (tekstid, videod) loomine, kursuse \u00f5ppeprotsessi kavandamine, \u00fclesannete\/tegevuste (sh hindeliste) loomine, kursuse disainimine, MOOCi l\u00e4biviimine (\u00f5ppijate hindamine, sisulistele k\u00fcsimsutele vastamine, tagasiside andmine).<\/p>\n<h3>Haridustehnoloog<\/h3>\n<p><span style=\"font-size: small;color: #808080\" data-mce-mark=\"1\">Kes v\u00f5ib veel seda rolli t\u00e4ita: e-\u00f5ppe kogemusega \u00f5ppej\u00f5ud<\/span><\/p>\n<p style=\"padding-left: 30px\">\u00d5ppej\u00f5udude\/sisu autorite n\u00f5ustamine ning neile metodoloogilise ja tehniline toe pakkumine MOOCi \u00f5ppematerjalide loomisel, MOOCi kavandamisel, disainimisel ning l\u00e4biviimisel.<\/p>\n<h3>Veebispetsialist<\/h3>\n<p><span style=\"font-size: small;color: #808080\">Kes v\u00f5ib veel seda rolli t\u00e4ita: haridustehnoloog<\/span><\/p>\n<p style=\"padding-left: 30px\">MOOCide \u00f5ppematerjalide veebilehe \u00fclesseadmine, tehniline teostus ja kujundamine; \u00f5pikeskkonna haldamine.<\/p>\n<h3>Videotehnik<\/h3>\n<p><span style=\"font-size: small;color: #808080\">Kes v\u00f5ib veel seda rolli t\u00e4ita: haridustehnoloog<\/span><\/p>\n<p style=\"padding-left: 30px\">MOOCi videote salvestamine, monteerimine, videotele subtiitrite lisamine.<\/p>\n<h3>Arvutigraafik<\/h3>\n<p><span style=\"font-size: small;color: #808080\">Kes v\u00f5ib veel seda rolli t\u00e4ita: haridustehnoloog<\/span><\/p>\n<p style=\"padding-left: 30px\">MOOCi visuaalsete komponentide kujundamine (nt \u00f5ppematerjalide veebilehe \u00fcldkujundus, banner, joonised, videod, esitluste slaidid jms).<\/p>\n<h3>Tuutor (nt magistri- ja\/v\u00f5i doktori\u00f5ppe \u00fcli\u00f5pilane, assistent)<\/h3>\n<p><span style=\"font-size: small;color: #808080\">Kes v\u00f5ib veel seda rolli t\u00e4ita: \u00f5ppej\u00f5ud<\/span><\/p>\n<p style=\"padding-left: 30px\">\u00d5ppej\u00f5u abiline kursuse l\u00e4biviimisel, organisatoorse ja pedagoogilise rolli t\u00e4itmine (\u00f5ppeprotsessi juhtimine, \u00f5ppijate k\u00fcsimustele vastamine, arutelude modereerimine, \u00f5ppijate hindamine ja neile tagasiside andmine)<\/p>\n<h3>Programmijuht<\/h3>\n<p><span style=\"color: #808080;font-size: small\">Kes v\u00f5ib veel seda rolli t\u00e4ita: \u00f5ppej\u00f5ud<\/span><\/p>\n<p style=\"padding-left: 30px\">MOOCI reklaamimine, osalejate registreerimine\/registreerimise korraldamine, vajadusel osalejatega suhtlemine (nt puuduvate\/vigaste isikuandmete asjus), arvete v\u00e4ljastamine (juhul kui sertifikaat on tasuline), tulemuste protokollimine, tunnistuste v\u00e4ljastamine l\u00f5petanutele, tunnistuste saatmine l\u00f5petanutele (postiga v\u00f5i digitaalselt)<\/p>\n\n<p><span data-mce-mark=\"1\">Meeskonda moodustades tuleb arvestada, et k\u00f5ik rollid oleksid kaetud. Vajadusel v\u00f5ib \u00fcks inimene t\u00e4ita erinevaid rolle \u2013 nt \u00f5ppej\u00f5ud ise v\u00f5ib olla projektijuht ning t\u00e4ita ka programmijuhi \u00fclesandeid. <\/span><\/p>\n<p>MOOCide puhul on tavap\u00e4rane, et MOOCi sisu t\u00f6\u00f6tavad v\u00e4lja professorid, kuid l\u00e4biviimisel kasutatakse teisi \u00f5ppej\u00f5udude, magistri- ja doktori\u00f5ppe \u00fcli\u00f5pilasi v\u00f5i assistente. Hea tava on MOOCi alguses edastada osalejatele videotervitus professorilt.<\/p>\n<p>MOOCi pole m\u00f5tet teha \u00fcheks korraks. Tuleb teha kokkulepped ka j\u00e4rgmisteks l\u00e4biviimisteks, MOOCi parandamiseks ja uuendamiseks.<\/p>\n<h2>Kasutatud allikad:<\/h2>\n<ul>\n<li>Hollands, F.M., Tirthali, D. (2014). MOOCs: Expectations and Reality. Full Report. Center for Benefit-Cost Studies of Education Teachers College, Columbia University.<\/li>\n<\/ul>\n","protected":false},"excerpt":{"rendered":"<p>MOOCi planeerides tuleb k\u00f5igepealt moodustada meeskond, kes hakkab MOOCi v\u00e4lja t\u00f6\u00f6tama ja l\u00e4bi viima, sest hea MOOCi loomiseks on vaja teha koost\u00f6\u00f6d. Meeskonda v\u00f5iks kuuluda minimaalselt sisu tootja, tehniline tugi ja tuutorid, kes aitavad MOOCi l\u00e4biviimisel. Meeskonda saab kaasata kolleege, &#8230;<\/p>\n","protected":false},"author":6,"featured_media":0,"parent":0,"menu_order":0,"comment_status":"closed","ping_status":"closed","template":"","meta":{"_acf_changed":false,"inline_featured_image":false,"footnotes":""},"class_list":["post-15","page","type-page","status-publish","hentry"],"acf":[],"_links":{"self":[{"href":"https:\/\/sisu.ut.ee\/moocs\/wp-json\/wp\/v2\/pages\/15","targetHints":{"allow":["GET"]}}],"collection":[{"href":"https:\/\/sisu.ut.ee\/moocs\/wp-json\/wp\/v2\/pages"}],"about":[{"href":"https:\/\/sisu.ut.ee\/moocs\/wp-json\/wp\/v2\/types\/page"}],"author":[{"embeddable":true,"href":"https:\/\/sisu.ut.ee\/moocs\/wp-json\/wp\/v2\/users\/6"}],"replies":[{"embeddable":true,"href":"https:\/\/sisu.ut.ee\/moocs\/wp-json\/wp\/v2\/comments?post=15"}],"version-history":[{"count":1,"href":"https:\/\/sisu.ut.ee\/moocs\/wp-json\/wp\/v2\/pages\/15\/revisions"}],"predecessor-version":[{"id":74,"href":"https:\/\/sisu.ut.ee\/moocs\/wp-json\/wp\/v2\/pages\/15\/revisions\/74"}],"wp:attachment":[{"href":"https:\/\/sisu.ut.ee\/moocs\/wp-json\/wp\/v2\/media?parent=15"}],"curies":[{"name":"wp","href":"https:\/\/api.w.org\/{rel}","templated":true}]}}