{"id":11,"date":"2024-04-04T02:27:44","date_gmt":"2024-04-03T23:27:44","guid":{"rendered":"https:\/\/sisu.ut.ee\/moocs\/3-moodul\/"},"modified":"2024-04-04T02:27:51","modified_gmt":"2024-04-03T23:27:51","slug":"3-moodul","status":"publish","type":"page","link":"https:\/\/sisu.ut.ee\/moocs\/3-moodul\/","title":{"rendered":"3. moodul. MOOCi loomine"},"content":{"rendered":"<p><span data-mce-mark=\"1\">MOOC peab olema tervikuna registreerumise alguseks valmis ning \u00f5ppijatele avatud \u2013 seda ei saa luua v\u00f5i t\u00e4iendada j\u00e4rk-j\u00e4rgult kursuse toimumise ajal. Loomise etappi kuulub nii \u00f5ppematerjalide, \u00fclesannete, juhendite sisuline loomine kui ka e-kursuse tehniline disainimine.<\/span><\/p>\n<p><span id=\"docs-internal-guid-a7c80ec8-dd99-a9dc-52df-d8a4d6d524bf\" data-mce-mark=\"1\"><span data-mce-mark=\"1\">E-kursus peab sisult ja \u00fclesehituselt toetama \u00f5piv\u00e4ljundite saavutamist, olema juhendav, illustreeritud, interaktiivne, tagasisidet andev, erinevate \u00f5pistiilidega \u00f5ppijatele sobiv ning toetama k\u00f5iki \u00f5ppeprotsessi etappe: t\u00e4helepanu haaramine ja motiveerimine, eelnevalt \u00f5pitu (vajalike eelteadmiste) kordamine, uue materjali omandamine, \u00f5ppimise suunamine, \u00f5pitu kinnistamine ja harjutamine, teadmiste\/oskuste kontroll koos tagasisidestamisega.<\/span><\/span><\/p>\n<p style=\"text-align: center\"><img loading=\"lazy\" decoding=\"async\" width=\"486\" height=\"342\" class=\"alignnone wp-image-33\" src=\"https:\/\/sisu.ut.ee\/wp-content\/uploads\/sites\/170\/kursuse_moodul3.png\" title=\"kursuse_moodul3.png\" alt=\"kursuse_moodul3.png\" srcset=\"https:\/\/sisu.ut.ee\/wp-content\/uploads\/sites\/170\/kursuse_moodul3.png 486w, https:\/\/sisu.ut.ee\/wp-content\/uploads\/sites\/170\/kursuse_moodul3-300x211.png 300w\" sizes=\"auto, (max-width: 486px) 100vw, 486px\"><\/p>\n<h6 style=\"text-align: center\">\n<\/h6><p>MOOCi \u00fche mooduli struktuur\n<\/p><p><\/p><div class=\"accordion mb-3\">\n        <div class=\"accordion-item accordion-item--white\">\n        <h2 class=\"accordion-header\" id=\"accordion-69e16168a4bda-heading\">\n            <button class=\"accordion-button collapsed\" type=\"button\" data-bs-toggle=\"collapse\" data-bs-target=\"#accordion-69e16168a4bda-collapse\" aria-expanded=\"true\" aria-controls=\"accordion-69e16168a4bda-collapse\">Vaata lisaks: MOOCidest Tartu \u00dclikooli \u00f5ppej\u00f5ududele<\/button>\n        <\/h2>\n        <div id=\"accordion-69e16168a4bda-collapse\" class=\"accordion-collapse collapse\" aria-labelledby=\"accordion-69e16168a4bda-heading\">\n            <div class=\"accordion-body\">\n<p><\/p><div class=\"ratio ratio-16x9 mb-3\"><div class=\"video-placeholder-wrapper video-placeholder-wrapper--16x9\">\n\t\t\t    <div class=\"video-placeholder d-flex justify-content-center align-items-center\">\n\t\t\t        <div class=\"overlay text-white p-2 w-100 text-center d-block justify-content-center align-items-center\">\n\t\t\t            <div>Kolmandate osapoolte sisu n\u00e4gemiseks palun n\u00f5ustu k\u00fcpsistega.<\/div>\n\t\t\t            <button class=\"btn btn-secondary btn-sm mt-1 consent-change\">Muuda n\u00f5usolekut<\/button>\n\t\t\t        <\/div>\n\t\t\t    <\/div>\n\t\t\t<\/div>\n<\/div>\n<p><\/p><\/div>\n        <\/div>\n        <\/div>\n    <\/div>\n","protected":false},"excerpt":{"rendered":"<p>MOOC peab olema tervikuna registreerumise alguseks valmis ning \u00f5ppijatele avatud \u2013 seda ei saa luua v\u00f5i t\u00e4iendada j\u00e4rk-j\u00e4rgult kursuse toimumise ajal. Loomise etappi kuulub nii \u00f5ppematerjalide, \u00fclesannete, juhendite sisuline loomine kui ka e-kursuse tehniline disainimine. E-kursus peab sisult ja \u00fclesehituselt &#8230;<\/p>\n","protected":false},"author":6,"featured_media":0,"parent":0,"menu_order":0,"comment_status":"closed","ping_status":"closed","template":"","meta":{"_acf_changed":false,"inline_featured_image":false,"footnotes":""},"class_list":["post-11","page","type-page","status-publish","hentry"],"acf":[],"_links":{"self":[{"href":"https:\/\/sisu.ut.ee\/moocs\/wp-json\/wp\/v2\/pages\/11","targetHints":{"allow":["GET"]}}],"collection":[{"href":"https:\/\/sisu.ut.ee\/moocs\/wp-json\/wp\/v2\/pages"}],"about":[{"href":"https:\/\/sisu.ut.ee\/moocs\/wp-json\/wp\/v2\/types\/page"}],"author":[{"embeddable":true,"href":"https:\/\/sisu.ut.ee\/moocs\/wp-json\/wp\/v2\/users\/6"}],"replies":[{"embeddable":true,"href":"https:\/\/sisu.ut.ee\/moocs\/wp-json\/wp\/v2\/comments?post=11"}],"version-history":[{"count":1,"href":"https:\/\/sisu.ut.ee\/moocs\/wp-json\/wp\/v2\/pages\/11\/revisions"}],"predecessor-version":[{"id":70,"href":"https:\/\/sisu.ut.ee\/moocs\/wp-json\/wp\/v2\/pages\/11\/revisions\/70"}],"wp:attachment":[{"href":"https:\/\/sisu.ut.ee\/moocs\/wp-json\/wp\/v2\/media?parent=11"}],"curies":[{"name":"wp","href":"https:\/\/api.w.org\/{rel}","templated":true}]}}