{"id":20,"date":"2024-04-04T08:44:51","date_gmt":"2024-04-04T05:44:51","guid":{"rendered":"https:\/\/sisu.ut.ee\/mobiletartu2024\/home-0\/"},"modified":"2026-01-21T12:21:57","modified_gmt":"2026-01-21T10:21:57","slug":"keynote-speakers","status":"publish","type":"page","link":"https:\/\/sisu.ut.ee\/mobiletartu2026\/keynote-speakers\/","title":{"rendered":"Keynote Speakers"},"content":{"rendered":"<hr class=\"wp-block-separator has-alpha-channel-opacity\">\n\n\n\n<h2 class=\"wp-block-heading\"><strong>Rein Ahas Lecture <\/strong><strong>by <span data-teams=\"true\">Prof. em. Kay W. Axhausen<\/span><\/strong><\/h2>\n\n\n\n<div class=\"wp-block-group is-vertical is-layout-flex wp-container-core-group-is-layout-8cf370e7 wp-block-group-is-layout-flex\">\n<p class=\"x\"><span style=\"color: #696969;\">Institute for Transport Planning and Systems<\/span><\/p>\n\n\n\n<p class=\"x\"><span style=\"color: #696969;\"><span lang=\"EN-GB\">ETH Zurich<\/span><\/span><\/p>\n\n\n\n<p class=\"x\"><span style=\"color: #696969;\"><span lang=\"EN-GB\">Switzerland<\/span><\/span><\/p>\n<\/div>\n\n\n\n<figure class=\"wp-block-image alignleft size-full is-resized\"><img loading=\"lazy\" decoding=\"async\" width=\"768\" height=\"768\" src=\"https:\/\/sisu.ut.ee\/wp-content\/uploads\/sites\/914\/Axhausen768x768.png\" alt=\"\" class=\"wp-image-485\" style=\"width:276px;height:auto\" title=\"keynote_speakers_2.png\" srcset=\"https:\/\/sisu.ut.ee\/wp-content\/uploads\/sites\/914\/Axhausen768x768.png 768w, https:\/\/sisu.ut.ee\/wp-content\/uploads\/sites\/914\/Axhausen768x768-300x300.png 300w, https:\/\/sisu.ut.ee\/wp-content\/uploads\/sites\/914\/Axhausen768x768-150x150.png 150w\" sizes=\"auto, (max-width: 768px) 100vw, 768px\"><\/figure>\n\n\n\n<p><\/p>\n\n\n\n<p><\/p>\n\n\n\n<p><a href=\"https:\/\/www.ivt.ethz.ch\/en\/people\/profile.kay-axhausen.html\" target=\"_blank\" rel=\"noreferrer noopener\">Dr. K.\u00a0W.\u202fAxhausen<\/a>\u00a0is Professor emeritus of Transport Planning at the Eidgen\u00f6ssische Technische Hochschule (ETH) Z\u00fcrich. Before he worked at the Leopold-Franzens Universit\u00e4t, Innsbruck, Imperial College London, and the University of Oxford. Over the past 40 years, he has worked on measuring and modelling movement behaviours, making significant contributions to the scientific literature in areas such as stated preferences,\u00a0<a href=\"http:\/\/www.matsim.org\/\">microsimulation of travel behaviour<\/a>, accessibility, evaluation of travel time and its components, parking behaviour, activity timing, social networks, and the collection of travel diary data, including GPS tracking. His current work focuses on the\u00a0<a href=\"https:\/\/ebikecity.baug.ethz.ch\/\">electric bicycle city project<\/a>.<\/p>\n\n\n\n<p class=\"MsoPlainText\"><\/p>\n\n\n\n<p><\/p>\n\n\n\n<h4 class=\"wp-block-heading MsoPlainText\"><\/h4>\n\n\n\n<h4 class=\"wp-block-heading MsoPlainText\"><span style=\"color: #000080;\"><strong><span lang=\"EN-GB\">\u201cActivity space from idea to measurement<\/span><\/strong><\/span><span style=\"color: #000080;\"><strong><span lang=\"EN-GB\">\u201c<\/span><\/strong><\/span><\/h4>\n\n\n\n<p class=\"has-text-align-left\">Transport planning and related behavioural research have long assumed that individuals have well-defined activity spaces, long before their precise measurement was feasible. The talk will begin with a discussion of the basic idea and its difficulties of capture. The talk will then discuss today\u2019s possibilities for capturing them using GPS, GSM, and other big data sources. It will conclude with recommendations for their affordable measurement.<\/p>\n\n\n\n<!-- <p class=\"has-text-align-left\"><div class=\"ratio ratio-16x9 mb-3\"><iframe loading=\"lazy\" src=\"https:\/\/www.youtube.com\/embed\/GgGKODtxZt4?si=DizjsGjSCl1Q_9bD\" width=\"840\" height=\"472.5\" frameborder=\"0\" allowfullscreen=\"allowfullscreen\"><\/iframe><\/div><\/p> -->\n\n\n\n<hr class=\"wp-block-separator has-alpha-channel-opacity\">\n\n\n\n<h2 class=\"wp-block-heading\"><strong>Keynote speech by Prof.\u00a0<span data-teams=\"true\">Mimi Sheller<\/span><\/strong><\/h2>\n\n\n\n<div class=\"wp-block-group is-vertical is-layout-flex wp-container-core-group-is-layout-8cf370e7 wp-block-group-is-layout-flex\">\n<p><span style=\"color: #696969;\">Dean of The Global School<\/span><\/p>\n\n\n\n<p><span style=\"color: #696969;\">Worcester Polytechnic Institute\u00a0<\/span><\/p>\n\n\n\n<p class=\"x\"><span style=\"color: #696969;\">USA<\/span><\/p>\n<\/div>\n\n\n\n<figure class=\"wp-block-image alignleft size-full is-resized\"><img loading=\"lazy\" decoding=\"async\" width=\"768\" height=\"768\" src=\"https:\/\/sisu.ut.ee\/wp-content\/uploads\/sites\/914\/Shiller768x768_hex.png\" alt=\"\" class=\"wp-image-491\" style=\"width:247px;height:auto\" title=\"keynote_speakers.png\" srcset=\"https:\/\/sisu.ut.ee\/wp-content\/uploads\/sites\/914\/Shiller768x768_hex.png 768w, https:\/\/sisu.ut.ee\/wp-content\/uploads\/sites\/914\/Shiller768x768_hex-300x300.png 300w, https:\/\/sisu.ut.ee\/wp-content\/uploads\/sites\/914\/Shiller768x768_hex-150x150.png 150w\" sizes=\"auto, (max-width: 768px) 100vw, 768px\"><\/figure>\n\n\n\n<p><\/p>\n\n\n\n<p>Professor Mimi Sheller is the Inaugural Dean of The Global School at Worcester Polytechnic Institute, in Massachusetts, USA. She helped establish the \u201cnew mobilities paradigm\u201d and is considered a key theorist in the interdisciplinary field of mobilities research. Sheller completed her AB in History and Literature at Harvard University and her MA and PhD in Sociology and Historical Studies at the New School for Social Research. She was awarded the Doctor Honoris Causa from Roskilde University, Denmark (2015). She was founding co-director of the Centre for Mobilities Research at Lancaster University, England, with John Urry, and then became Professor of Sociology, Head of the Sociology Department, and founding Director of the Center for Mobilities Research and Policy at Drexel University in Philadelphia.\u202fSheller was founding co-editor of the journal <em>Mobilities<\/em>, past President of the International Association for the History of Transport, Traffic and Mobility (<a href=\"https:\/\/t2m.org\/\" target=\"_blank\" rel=\"noreferrer noopener\">T2M.org<\/a>). She serves on numerous editorial boards and international advisory boards, and is co-editor of the Berghahn Books Series, Exploring Mobilities.\u202f\u00a0<\/p>\n\n\n\n<p>Sheller also works in Caribbean Studies and is currently Co-Principal Investigator for the Caribbean Collaborative Action Network (2022-2027), a NOAA Climate Adaptation Program team, and PI for a NOAA-BIL award on Improving Engagement Methods for Coastal Resilience and Reducing Climate Risk (2023-2027). She has published more than 180 articles and book chapters, and is author or co-editor of fifteen books, including\u202f<em>Advanced Introduction to Mobilities\u202f<\/em>(2021);\u202f<em>Island Futures: Caribbean Survival in the Anthropocene<\/em>\u202f (2020);\u202f<em>Mobility Justice: The Politics of Movement in an Age of Extremes<\/em>\u202f(2018); and\u202f<em>Aluminum Dreams: The Making of Light Modernity\u202f<\/em> (2014).\u202f<\/p>\n\n\n\n<h4 class=\"wp-block-heading\">\u00a0<\/h4>\n\n\n\n<h4 class=\"wp-block-heading\"><span style=\"color: #000080;\"><b>\u201cMobility Data Justice in the Age of AI\u00a0\u201c<\/b><\/span><\/h4>\n\n\n\n<p class=\"has-text-align-left\"><span style=\"background: white;\"><span style=\"color: black;\">In recent work with Frauke Behrendt,<\/span><\/span> we have argued that \u201cdatafication\u201d is now central to the governance and control of movement, and hence to the production of unequal mobilities, leading us to also consider the need for \u201cmobility data justice.\u201d Being mobile nowadays more often than not involves the production, collection and distribution of data (consciously or not): from mobile phones and ride-sharing apps, car sensor data for diagnostics and car insurance apps ticketing apps for public transport, geofencing of urban bike or scooter share schemes, use of Google maps and GPS data, step counting or running fitness and wellbeing apps, traffic sensors and Internet of Things (IoT) data from traffic lights or car parks, etc. All these sources may be feeding training data for Machine Learning (ML). Unequal access to data now emerges as a crucial feature of the uneven distribution of capabilities for potential movement, or for the stopping of mobility. This elicits the following key questions that I will address in this talk: What happens when the algorithmic divide collides with the injustices of inequitable mobility regimes,<span style=\"background: white;\"><span style=\"color: black;\"> and how do both together reshape the mobile and networked terrain of struggles for justice? How are bodies, infrastructures, cities and mobility regimes caught up in and produced via these algorithmic inequities within new horizons of automation and AI?\u00a0<\/span><\/span><\/p>\n\n\n\n<hr class=\"wp-block-separator has-alpha-channel-opacity\">\n\n\n\n<h2 class=\"wp-block-heading\"><strong>Keynote speech by <strong>Asst. Prof.<\/strong> Tiina Rinne<\/strong><\/h2>\n\n\n\n<div class=\"wp-block-group is-vertical is-layout-flex wp-container-core-group-is-layout-8cf370e7 wp-block-group-is-layout-flex\">\n<p>Assistant Professor, Academy Research Fellow\u00a0<\/p>\n\n\n\n<p>Tampere University<\/p>\n\n\n\n<p>Finland\u00a0<\/p>\n<\/div>\n\n\n\n<figure class=\"wp-block-image alignleft size-full is-resized\"><img loading=\"lazy\" decoding=\"async\" width=\"768\" height=\"768\" src=\"https:\/\/sisu.ut.ee\/wp-content\/uploads\/sites\/914\/Ruudukujuline-disain.png\" alt=\"\" class=\"wp-image-809\" style=\"width:247px;height:auto\" title=\"keynote_speakers.png\" srcset=\"https:\/\/sisu.ut.ee\/wp-content\/uploads\/sites\/914\/Ruudukujuline-disain.png 768w, https:\/\/sisu.ut.ee\/wp-content\/uploads\/sites\/914\/Ruudukujuline-disain-300x300.png 300w, https:\/\/sisu.ut.ee\/wp-content\/uploads\/sites\/914\/Ruudukujuline-disain-150x150.png 150w\" sizes=\"auto, (max-width: 768px) 100vw, 768px\"><\/figure>\n\n\n\n<p><\/p>\n\n\n\n<p><a href=\"https:\/\/researchportal.tuni.fi\/en\/persons\/tiina-rinne\/\">Tiina Rinne<\/a> is an Assistant Professor of Sustainable Transport System Planning and an Academy Research Fellow at Tampere University, Finland. Over the past decade, her research has explored how the built environment can promote health, with a particular focus on everyday mobility practices, mobility-related urban and transport planning interventions, and creating age- and child-friendly environments. She has made notable contributions to the scientific literature on participatory mapping methods and advanced their application in urban and transport planning research. At present, her work examines how prioritizing active travel modes in winter maintenance affects children\u2019s mobility practices, the efficiency of maintenance and behavioral interventions, and the role of families in supporting active mobility.<\/p>\n\n\n\n<h4 class=\"wp-block-heading\">\u00a0<\/h4>\n\n\n\n<h4 class=\"wp-block-heading\"><span style=\"color: #000080;\"><b>\u201cIndicators and Insights: Driving Change in Urban and Transport Planning\u201d<\/b><\/span><\/h4>\n\n\n\n<p class=\"has-text-align-left\">Cities are at the heart of today\u2019s health and environmental crises and urban and transport planning hold the keys to change. But creating cities that truly support the well-being of people, other species, and ecosystems is complex and deeply context-dependent. To meet this challenge, we must move beyond asking\u00a0<em>why<\/em>\u00a0societies need to transition and start answering\u00a0<em>how<\/em>\u00a0and\u00a0<em>what<\/em>\u00a0needs to change.<\/p>\n\n\n\n<p class=\"has-text-align-left\">This shift demands robust indicators, measurement, and monitoring systems, the tools that not only quantify progress but remain meaningful and actionable for practitioners. Yet metrics alone are not enough. Planning succeeds only when it combines technical indicators with the behavioural and social dimensions of urban life. This talk will share insights from urban and transport planning research and practice to explore how measurement and monitoring can drive transformation while highlighting that many aspects of how cities shape behaviour are complex and not easily measurable.<span style=\"background: white;\"><span style=\"color: black;\">\u00a0<\/span><\/span><\/p>\n\n\n\n<hr class=\"wp-block-separator has-alpha-channel-opacity\">\n\n\n\n<p><\/p>\n","protected":false},"excerpt":{"rendered":"<p>Rein Ahas Lecture by Prof. em. Kay W. Axhausen Institute for Transport Planning and Systems ETH Zurich Switzerland Dr. K.\u00a0W.\u202fAxhausen\u00a0is Professor emeritus of Transport Planning at the Eidgen\u00f6ssische Technische Hochschule (ETH) Z\u00fcrich. Before he worked at the Leopold-Franzens Universit\u00e4t, Innsbruck, &#8230;<\/p>\n","protected":false},"author":793,"featured_media":0,"parent":0,"menu_order":0,"comment_status":"closed","ping_status":"closed","template":"","meta":{"_acf_changed":false,"inline_featured_image":false,"footnotes":""},"class_list":["post-20","page","type-page","status-publish","hentry"],"acf":[],"_links":{"self":[{"href":"https:\/\/sisu.ut.ee\/mobiletartu2026\/wp-json\/wp\/v2\/pages\/20","targetHints":{"allow":["GET"]}}],"collection":[{"href":"https:\/\/sisu.ut.ee\/mobiletartu2026\/wp-json\/wp\/v2\/pages"}],"about":[{"href":"https:\/\/sisu.ut.ee\/mobiletartu2026\/wp-json\/wp\/v2\/types\/page"}],"author":[{"embeddable":true,"href":"https:\/\/sisu.ut.ee\/mobiletartu2026\/wp-json\/wp\/v2\/users\/793"}],"replies":[{"embeddable":true,"href":"https:\/\/sisu.ut.ee\/mobiletartu2026\/wp-json\/wp\/v2\/comments?post=20"}],"version-history":[{"count":20,"href":"https:\/\/sisu.ut.ee\/mobiletartu2026\/wp-json\/wp\/v2\/pages\/20\/revisions"}],"predecessor-version":[{"id":823,"href":"https:\/\/sisu.ut.ee\/mobiletartu2026\/wp-json\/wp\/v2\/pages\/20\/revisions\/823"}],"wp:attachment":[{"href":"https:\/\/sisu.ut.ee\/mobiletartu2026\/wp-json\/wp\/v2\/media?parent=20"}],"curies":[{"name":"wp","href":"https:\/\/api.w.org\/{rel}","templated":true}]}}