{"id":6,"date":"2024-04-04T05:24:11","date_gmt":"2024-04-04T02:24:11","guid":{"rendered":"https:\/\/sisu.ut.ee\/mobiilneelu\/tp-5-sobivamate-lahenduste-testimine-ja-poliitikaettepanekute-koostamine\/"},"modified":"2024-04-25T16:31:52","modified_gmt":"2024-04-25T13:31:52","slug":"tp-5-sobivamate-lahenduste-testimine-ja-poliitikaettepanekute-koostamine","status":"publish","type":"page","link":"https:\/\/sisu.ut.ee\/mobiilneelu\/tp-5-sobivamate-lahenduste-testimine-ja-poliitikaettepanekute-koostamine\/","title":{"rendered":"TP 5 \u2013 Sobivamate lahenduste testimine ja poliitikaettepanekute koostamine"},"content":{"rendered":"<p style=\"text-align: left;\">Uuring kulmineerub\u00a0viiendas\u00a0t\u00f6\u00f6papaketis Eestile sobivaima lahenduse leidmisele ja poliitikasoovituste s\u00f5nastamisele. T\u00f6\u00f6paketi raames vastame j\u00e4rgmistele\u00a0uurimisk\u00fcsimustele:<\/p>\n<ol style=\"text-align: left;\">\n<li style=\"text-align: justify;\">Milline on v\u00e4ljat\u00f6\u00f6tatud lahenduste rakendatavus ja sobivus?<\/li>\n<li style=\"text-align: justify;\">Millised on huvir\u00fchmade ning laiema avalikkuse hoiakud ja seisukohad lahenduste ja rakendamise ettepanekute osas?<\/li>\n<li style=\"text-align: justify;\">Millised on lahenduste rakendamiseks vajalikud ettepanekud?<\/li>\n<\/ol>\n<p style=\"text-align: left;\">Selgitame, milliseid muudatusi ja tegevusi on eri valdkondades vaja ellu viia pakutud lahenduste rakendamiseks ning s\u00f5nastame ettepanekud vajalikeks valdkondade poliitikakujundamiseks.<\/p>\n<p style=\"text-align: left;\"><span style=\"color: #3366cc;\"><strong>Esimene suund (TP5-1)<\/strong><\/span> keskendub v\u00e4ljat\u00f6\u00f6tatud lahenduste rakendatavuse testimisele, seda nii tehniliselt kui sisuliselt. Vastamaks esimesele t\u00f6\u00f6paketi k\u00fcsimusele keskendume registriandmete (nii elukohad kui elektroonsed aadressid) parandamise lahendusteede vaagimisele nii (a) olemasolevatele andmekogudele ehk registrite alusel, (b) alternatiivsetele andmekogudele ehk peamiselt mobiilpositsioneerimise andmete alusel kui (c) inimeste registreerimisk\u00e4itumise muutumise alusel.<\/p>\n<p style=\"text-align: left;\"><span style=\"color: #3366cc;\"><strong>Teine suund (TP5-2)<\/strong><\/span> keskendub erinevate huvir\u00fchmade ning laiema avalikkuse hoiakute ja seisukohade kaardistamisele lahenduste ja rakendamise ettepanekute osas.\u00a0Selleks, et tulemusi testida ning inimeste registreerimisk\u00e4itumist parandada, kaasatakse viiendas t\u00f6\u00f6paketis allt\u00f6\u00f6v\u00f5tjana suurte kogemustega meedia- ja kommunikatsioonifirma, kelle \u00fclesandeks j\u00e4\u00e4b peamiselt TP3 ja ka TP4 tulemuste p\u00f5hjal meedia- ja kommunikatsiooniplaani v\u00e4lja t\u00f6\u00f6tamine, testimine ja tulemuslikkuse hindamine sellest, millised on erinevate huvir\u00fchmade (poliitikud ja KOV-d) ja eelk\u00f5ige laiema avalikkuse hoiakud ja seisukohad pakutavate lahenduste ja rakendusettepanekute osas.<\/p>\n<p style=\"text-align: left;\"><span style=\"color: #3366cc;\"><strong>Kolmas suund (TP5-3)<\/strong><\/span> kulmineerub poliitikaettepanekute s\u00f5nastamisega, mida toetavad k\u00f5ik uuringu projekti raames l\u00e4bi viidud anal\u00fc\u00fcsid ja materjalid.<\/p>\n<p style=\"text-align: left;\"><span style=\"line-height: 107%;\"><span style=\"color: #3366cc;\"><strong>Vastutav t\u00e4itja: <\/strong><\/span><b>Tartu \u00dclikooli \u00d6koloogia ja maateaduste instituut (juht Tiit Tammaru)<\/b><\/span><\/p>\n<p style=\"text-align: left;\">\n<\/p>","protected":false},"excerpt":{"rendered":"<p>Uuring kulmineerub\u00a0viiendas\u00a0t\u00f6\u00f6papaketis Eestile sobivaima lahenduse leidmisele ja poliitikasoovituste s\u00f5nastamisele. T\u00f6\u00f6paketi raames vastame j\u00e4rgmistele\u00a0uurimisk\u00fcsimustele: Milline on v\u00e4ljat\u00f6\u00f6tatud lahenduste rakendatavus ja sobivus? Millised on huvir\u00fchmade ning laiema avalikkuse hoiakud ja seisukohad lahenduste ja rakendamise ettepanekute osas? Millised on lahenduste rakendamiseks vajalikud ettepanekud? &#8230;<\/p>\n","protected":false},"author":193,"featured_media":0,"parent":0,"menu_order":0,"comment_status":"closed","ping_status":"closed","template":"","meta":{"_acf_changed":false,"inline_featured_image":false,"footnotes":""},"class_list":["post-6","page","type-page","status-publish","hentry"],"acf":[],"_links":{"self":[{"href":"https:\/\/sisu.ut.ee\/mobiilneelu\/wp-json\/wp\/v2\/pages\/6","targetHints":{"allow":["GET"]}}],"collection":[{"href":"https:\/\/sisu.ut.ee\/mobiilneelu\/wp-json\/wp\/v2\/pages"}],"about":[{"href":"https:\/\/sisu.ut.ee\/mobiilneelu\/wp-json\/wp\/v2\/types\/page"}],"author":[{"embeddable":true,"href":"https:\/\/sisu.ut.ee\/mobiilneelu\/wp-json\/wp\/v2\/users\/193"}],"replies":[{"embeddable":true,"href":"https:\/\/sisu.ut.ee\/mobiilneelu\/wp-json\/wp\/v2\/comments?post=6"}],"version-history":[{"count":3,"href":"https:\/\/sisu.ut.ee\/mobiilneelu\/wp-json\/wp\/v2\/pages\/6\/revisions"}],"predecessor-version":[{"id":391,"href":"https:\/\/sisu.ut.ee\/mobiilneelu\/wp-json\/wp\/v2\/pages\/6\/revisions\/391"}],"wp:attachment":[{"href":"https:\/\/sisu.ut.ee\/mobiilneelu\/wp-json\/wp\/v2\/media?parent=6"}],"curies":[{"name":"wp","href":"https:\/\/api.w.org\/{rel}","templated":true}]}}