{"id":37,"date":"2024-04-04T05:24:13","date_gmt":"2024-04-04T02:24:13","guid":{"rendered":"https:\/\/sisu.ut.ee\/mobiilneelu\/toopaketid\/"},"modified":"2024-04-25T16:02:32","modified_gmt":"2024-04-25T13:02:32","slug":"toopaketid","status":"publish","type":"page","link":"https:\/\/sisu.ut.ee\/mobiilneelu\/toopaketid\/","title":{"rendered":"T\u00f6\u00f6paketid"},"content":{"rendered":"<p style=\"text-align: left;\">Uuring on jaotatud <strong>kolmeks etapiks<\/strong> ja <strong>kuude t\u00f6\u00f6paketti<\/strong>. Uuringu esimene etapp koosneb kolmest t\u00f6\u00f6paketist: <strong>TP1<\/strong> ehk rahvastikuregistri andmete t\u00e4psus, <strong>TP2<\/strong> ehk alternatiivsed andmep\u00f5hised lahendused ja <strong>TP3<\/strong> ehk inimeste k\u00e4itumist m\u00f5jutavad tegurid. Uuringu II etapp sisaldab tegevusi <strong>TP4<\/strong>s ehk lahenduste v\u00e4ljat\u00f6\u00f6tamine ja anal\u00fc\u00fcs ning uuringu III etapp ehk <strong>TP5<\/strong> on Eestile toimiva lahenduse v\u00e4ljat\u00f6\u00f6tamine ja selle rakendamiseks vajalike poliitikaettepanekute koostamine. Uuringut juhib <strong>TP6<\/strong> ehk uurignu juhtimine ja haldamine.<\/p>\n<p>Uuringu etappide ja t\u00f6\u00f6pakettide jaotus:<\/p>\n<p style=\"text-align: justify;\"><img loading=\"lazy\" decoding=\"async\" width=\"2109\" height=\"1416\" class=\"alignnone wp-image-189\" title=\"metoodika_1.jpeg\" src=\"https:\/\/sisu.ut.ee\/wp-content\/uploads\/sites\/377\/metoodika_1.jpeg\" alt=\"T\u00f6\u00f6paketid\" srcset=\"https:\/\/sisu.ut.ee\/wp-content\/uploads\/sites\/377\/metoodika_1.jpeg 2109w, https:\/\/sisu.ut.ee\/wp-content\/uploads\/sites\/377\/metoodika_1-300x201.jpeg 300w, https:\/\/sisu.ut.ee\/wp-content\/uploads\/sites\/377\/metoodika_1-1024x688.jpeg 1024w, https:\/\/sisu.ut.ee\/wp-content\/uploads\/sites\/377\/metoodika_1-768x516.jpeg 768w, https:\/\/sisu.ut.ee\/wp-content\/uploads\/sites\/377\/metoodika_1-1536x1031.jpeg 1536w, https:\/\/sisu.ut.ee\/wp-content\/uploads\/sites\/377\/metoodika_1-2048x1375.jpeg 2048w, https:\/\/sisu.ut.ee\/wp-content\/uploads\/sites\/377\/metoodika_1-1920x1289.jpeg 1920w\" sizes=\"auto, (max-width: 2109px) 100vw, 2109px\"><\/p>\n","protected":false},"excerpt":{"rendered":"<p>Uuring on jaotatud kolmeks etapiks ja kuude t\u00f6\u00f6paketti. Uuringu esimene etapp koosneb kolmest t\u00f6\u00f6paketist: TP1 ehk rahvastikuregistri andmete t\u00e4psus, TP2 ehk alternatiivsed andmep\u00f5hised lahendused ja TP3 ehk inimeste k\u00e4itumist m\u00f5jutavad tegurid. Uuringu II etapp sisaldab tegevusi TP4s ehk lahenduste v\u00e4ljat\u00f6\u00f6tamine &#8230;<\/p>\n","protected":false},"author":193,"featured_media":0,"parent":0,"menu_order":0,"comment_status":"closed","ping_status":"closed","template":"","meta":{"_acf_changed":false,"inline_featured_image":false,"footnotes":""},"class_list":["post-37","page","type-page","status-publish","hentry"],"acf":[],"_links":{"self":[{"href":"https:\/\/sisu.ut.ee\/mobiilneelu\/wp-json\/wp\/v2\/pages\/37","targetHints":{"allow":["GET"]}}],"collection":[{"href":"https:\/\/sisu.ut.ee\/mobiilneelu\/wp-json\/wp\/v2\/pages"}],"about":[{"href":"https:\/\/sisu.ut.ee\/mobiilneelu\/wp-json\/wp\/v2\/types\/page"}],"author":[{"embeddable":true,"href":"https:\/\/sisu.ut.ee\/mobiilneelu\/wp-json\/wp\/v2\/users\/193"}],"replies":[{"embeddable":true,"href":"https:\/\/sisu.ut.ee\/mobiilneelu\/wp-json\/wp\/v2\/comments?post=37"}],"version-history":[{"count":4,"href":"https:\/\/sisu.ut.ee\/mobiilneelu\/wp-json\/wp\/v2\/pages\/37\/revisions"}],"predecessor-version":[{"id":354,"href":"https:\/\/sisu.ut.ee\/mobiilneelu\/wp-json\/wp\/v2\/pages\/37\/revisions\/354"}],"wp:attachment":[{"href":"https:\/\/sisu.ut.ee\/mobiilneelu\/wp-json\/wp\/v2\/media?parent=37"}],"curies":[{"name":"wp","href":"https:\/\/api.w.org\/{rel}","templated":true}]}}