{"id":11,"date":"2024-04-04T05:24:11","date_gmt":"2024-04-04T02:24:11","guid":{"rendered":"https:\/\/sisu.ut.ee\/mobiilneelu\/kontakt\/"},"modified":"2024-04-25T16:12:47","modified_gmt":"2024-04-25T13:12:47","slug":"kontakt","status":"publish","type":"page","link":"https:\/\/sisu.ut.ee\/mobiilneelu\/kontakt\/","title":{"rendered":"Kontakt"},"content":{"rendered":"<h3>Sisulised k\u00fcsimused:<\/h3>\n<table class=\"table table-hover\" style=\"width: 300px;\" border=\"0\" cellspacing=\"1\" cellpadding=\"1\">\n<tbody>\n<tr>\n<td>\n<div style=\"margin-left: 40px;\"><strong>Raul Eamets<\/strong><\/div>\n<div style=\"margin-left: 40px;\"><em>Konsortsiumi juht<\/em><\/div>\n<div style=\"margin-left: 40px;\">Sotsiaalteaduste valdkond<\/div>\n<div style=\"margin-left: 40px;\">Tartu \u00dclikool<\/div>\n<div style=\"margin-left: 40px;\">Lossi 36-130, 51003 Tartu<\/div>\n<div style=\"margin-left: 40px;\">Tel:\u00a0737 5901<\/div>\n<div style=\"margin-left: 40px;\">E-post:\u00a0raul.eamets@ut.ee<\/div>\n<div style=\"margin-left: 40px;\"><\/div>\n<\/td>\n<\/tr>\n<tr>\n<td>\n<div style=\"margin-left: 40px;\"><strong>Tiit Tammaru<\/strong><\/div>\n<div style=\"margin-left: 40px;\"><em>Projekti kaasjuht<\/em><\/div>\n<div style=\"margin-left: 40px;\">\u00d6koloogia\u00a0ja maateaduste instituut<\/div>\n<div style=\"margin-left: 40px;\">Tartu \u00dclikool<\/div>\n<div style=\"margin-left: 40px;\">Vanemuise 46, 51014 Tartu<\/div>\n<div style=\"margin-left: 40px;\">Tel:\u00a0737 6842<\/div>\n<div style=\"margin-left: 40px;\">E-post: tiit.tammaru@ut.ee<\/div>\n<div style=\"margin-left: 40px;\"><\/div>\n<\/td>\n<\/tr>\n<\/tbody>\n<\/table>\n<div>\n<h3>Tehnilised ja korralduslikud k\u00fcsimused:<\/h3>\n<div style=\"margin-left: 40px;\"><strong>Kaidi N\u00f5mmela<\/strong><\/div>\n<div style=\"margin-left: 40px;\"><em>Projekti koordinaator<\/em><\/div>\n<div style=\"margin-left: 40px;\">Johan Skytte poliitikauuringute instituut,<\/div>\n<div style=\"margin-left: 40px;\">sotsiaalteaduslike rakendusuuringute keskus (RAKE)<\/div>\n<div style=\"margin-left: 40px;\">Tartu \u00dclikool<\/div>\n<div style=\"margin-left: 40px;\">Lossi 36-329, 51003 Tartu<\/div>\n<div style=\"margin-left: 40px;\">Tel:\u00a0737 6373<\/div>\n<div style=\"margin-left: 40px;\">E-post: kaidi.nommela@ut.ee<\/div>\n<div>\n<h3>T\u00f6\u00f6r\u00fchmajuhtide e-post:\u00a0<a href=\"mailto:rita-mobiilneelu@lists.ut.ee\">rita-mobiilneelu@lists.ut.ee<\/a><\/h3>\n<h3>Juhtkomisjoni e-post:\u00a0<a href=\"mailto:mobiilneelu-jk@lists.ut.ee\">mobiilneelu-jk@lists.ut.ee<\/a><\/h3>\n<\/div>\n<\/div>\n<h3>Lisainfo RITA programmist:<\/h3>\n<div style=\"margin-left: 40px;\"><b>Kaidi Meus<\/b><br>\n<em>RITA konsultant<\/em><br>\nSA Eesti Teadusagentuur<\/div>\n<div style=\"margin-left: 40px;\">Soola 8, 51004\u00a0Tartu<\/div>\n<div style=\"margin-left: 40px;\">Tel:\u00a0731\u00a07380<br>\nE-post:\u00a0<a href=\"mailto:maikki.moosus@etag.ee\">kaidi.meus@etag.ee<\/a><\/div>\n<div style=\"margin-left: 40px;\"><\/div>\n<div style=\"margin-left: 40px;\">\n<div><strong><br>\nLiina Eek<\/strong><br>\n<em>RITA programmi juht<\/em><br>\nSA Eesti Teadusagentuur<\/div>\n<div>Soola 8, 51004\u00a0Tartu<\/div>\n<div>Tel:\u00a0731 7383<br>\nE-post:\u00a0<a href=\"mailto:liina.eek@etag.ee\">liina.eek@etag.ee<\/a><\/div>\n<\/div>\n","protected":false},"excerpt":{"rendered":"<p>Sisulised k\u00fcsimused: Raul Eamets Konsortsiumi juht Sotsiaalteaduste valdkond Tartu \u00dclikool Lossi 36-130, 51003 Tartu Tel:\u00a0737 5901 E-post:\u00a0raul.eamets@ut.ee Tiit Tammaru Projekti kaasjuht \u00d6koloogia\u00a0ja maateaduste instituut Tartu \u00dclikool Vanemuise 46, 51014 Tartu Tel:\u00a0737 6842 E-post: tiit.tammaru@ut.ee Tehnilised ja korralduslikud k\u00fcsimused: Kaidi N\u00f5mmela &#8230;<\/p>\n","protected":false},"author":193,"featured_media":0,"parent":0,"menu_order":0,"comment_status":"closed","ping_status":"closed","template":"","meta":{"_acf_changed":false,"inline_featured_image":false,"footnotes":""},"class_list":["post-11","page","type-page","status-publish","hentry"],"acf":[],"_links":{"self":[{"href":"https:\/\/sisu.ut.ee\/mobiilneelu\/wp-json\/wp\/v2\/pages\/11","targetHints":{"allow":["GET"]}}],"collection":[{"href":"https:\/\/sisu.ut.ee\/mobiilneelu\/wp-json\/wp\/v2\/pages"}],"about":[{"href":"https:\/\/sisu.ut.ee\/mobiilneelu\/wp-json\/wp\/v2\/types\/page"}],"author":[{"embeddable":true,"href":"https:\/\/sisu.ut.ee\/mobiilneelu\/wp-json\/wp\/v2\/users\/193"}],"replies":[{"embeddable":true,"href":"https:\/\/sisu.ut.ee\/mobiilneelu\/wp-json\/wp\/v2\/comments?post=11"}],"version-history":[{"count":3,"href":"https:\/\/sisu.ut.ee\/mobiilneelu\/wp-json\/wp\/v2\/pages\/11\/revisions"}],"predecessor-version":[{"id":364,"href":"https:\/\/sisu.ut.ee\/mobiilneelu\/wp-json\/wp\/v2\/pages\/11\/revisions\/364"}],"wp:attachment":[{"href":"https:\/\/sisu.ut.ee\/mobiilneelu\/wp-json\/wp\/v2\/media?parent=11"}],"curies":[{"name":"wp","href":"https:\/\/api.w.org\/{rel}","templated":true}]}}