{"id":786,"date":"2024-09-11T14:30:03","date_gmt":"2024-09-11T11:30:03","guid":{"rendered":"https:\/\/sisu.ut.ee\/mmc\/imc12\/"},"modified":"2024-09-11T15:52:50","modified_gmt":"2024-09-11T12:52:50","slug":"imc12","status":"publish","type":"page","link":"https:\/\/sisu.ut.ee\/mmc\/imc12\/","title":{"rendered":"IMC12"},"content":{"rendered":"<p>2024. aasta augustis toimus Maastrichtis, Hollandis Rahvusvaheline M\u00fckoloogia-alane Kongress, kus osalesid ka m\u00f5ned MMK liikmed. Professor Leho Tedersoo tegi oma konverentsi leidudest l\u00fchikese kokkuv\u00f5tte e-seminaril, mille salvestust saab vaadata siin:<\/p>\n\n\n\n<figure class=\"wp-block-embed is-type-video is-provider-youtube wp-block-embed-youtube wp-embed-aspect-16-9 wp-has-aspect-ratio\"><div class=\"wp-block-embed__wrapper\">\n<div class=\"ratio ratio-16x9 mb-3\"><div class=\"video-placeholder-wrapper video-placeholder-wrapper--16x9\">\n\t\t\t    <div class=\"video-placeholder d-flex justify-content-center align-items-center\">\n\t\t\t        <div class=\"overlay text-white p-2 w-100 text-center d-block justify-content-center align-items-center\">\n\t\t\t            <div>Kolmandate osapoolte sisu n\u00e4gemiseks palun n\u00f5ustu k\u00fcpsistega.<\/div>\n\t\t\t            <button class=\"btn btn-secondary btn-sm mt-1 consent-change\">Muuda n\u00f5usolekut<\/button>\n\t\t\t        <\/div>\n\t\t\t    <\/div>\n\t\t\t<\/div>\n<\/div>\n<\/div><\/figure>\n\n\n\n<p>IMC12 osalejate vahel jagati l\u00fchike k\u00fcsimustik 7 k\u00fcsimusega eDNA\/j\u00e4rjestusp\u00f5hise liigikirjelduse kohta. Saime vastused 21 inimeselt, kellest 10 olid doktorandid, \u00fclej\u00e4\u00e4nutest enamik t\u00f6\u00f6tas teadlaste v\u00f5i professoritena ning m\u00f5ned otsustasid oma akadeemilist ametikohta mitte avaldada. Vastajate keskmine vanus oli 40 aastat ja enamik vastanutest t\u00f6\u00f6tab praegu EL-i uurimisinstituudis. Vastajatel paluti sobivad vastused \u00fcmber ring teha, et iga inimene saaks valida rohkem kui \u00fche variandi.<\/p>\n\n\n\n<p>Esimeses k\u00fcsimuses paluti vastajatel t\u00e4psustada, mida saaks liigikirjelduse t\u00fc\u00fcbimaterjalina kasutada<\/p>\n\n\n\n<p>\u00a0<\/p>\n\n\n\n<figure class=\"wp-block-image size-full\"><img loading=\"lazy\" decoding=\"async\" width=\"686\" height=\"448\" src=\"https:\/\/sisu.ut.ee\/wp-content\/uploads\/sites\/474\/image-13.png\" alt=\"\" class=\"wp-image-793\" srcset=\"https:\/\/sisu.ut.ee\/wp-content\/uploads\/sites\/474\/image-13.png 686w, https:\/\/sisu.ut.ee\/wp-content\/uploads\/sites\/474\/image-13-300x196.png 300w\" sizes=\"auto, (max-width: 686px) 100vw, 686px\"><\/figure>\n\n\n\n<p>K\u00f5ige populaarsem vastus oli, et parim variant on kasutada viljakeha\/kultuuri isendit, mille iga\u00fcks ise valis. \u00dchel avatud vastusel oli ka \u201cMuu\u201d, mille valisid 4 vastanutest. Nende lisatud valikud on n\u00e4ha alloleval graafikul.<\/p>\n\n\n\n<p>2. k\u00fcsimus: millised peaksid olema t\u00fcpiseerimisel kasutatava j\u00e4rjestuse miinimumn\u00f5uded?<\/p>\n\n\n\n<figure class=\"wp-block-image size-full\"><img loading=\"lazy\" decoding=\"async\" width=\"666\" height=\"406\" src=\"https:\/\/sisu.ut.ee\/wp-content\/uploads\/sites\/474\/image-16.png\" alt=\"\" class=\"wp-image-800\" srcset=\"https:\/\/sisu.ut.ee\/wp-content\/uploads\/sites\/474\/image-16.png 666w, https:\/\/sisu.ut.ee\/wp-content\/uploads\/sites\/474\/image-16-300x183.png 300w\" sizes=\"auto, (max-width: 666px) 100vw, 666px\"><\/figure>\n\n\n\n<p>Vastanute seas puudub selge arusaam, nagu oli n\u00e4ha esimese k\u00fcsimuse juures. Siiski on selge, et \u201ck\u00f5ik, mis autorile meeldib\u201d pole valik. M\u00f5ned vastajad lisasid oma ideed veeristesse, nt. \u00fcks vastaja lisas v\u00f5imaluse g) f\u00fc\u00fcsilise isendi olemasolu miinimumn\u00f5udeks. \u00dcks vastaja soovis selgitada, et genoom + rRNA operon on valik ainult f\u00fclogeneesiga.<\/p>\n\n\n\n<p>3. k\u00fcsimus: millised peaksid olema eDNA\/j\u00e4rjestusp\u00f5hise liigikirjelduse kohustuslikud aspektid?<\/p>\n\n\n\n<figure class=\"wp-block-image size-full\"><img loading=\"lazy\" decoding=\"async\" width=\"684\" height=\"405\" src=\"https:\/\/sisu.ut.ee\/wp-content\/uploads\/sites\/474\/image-17.png\" alt=\"\" class=\"wp-image-802\" srcset=\"https:\/\/sisu.ut.ee\/wp-content\/uploads\/sites\/474\/image-17.png 684w, https:\/\/sisu.ut.ee\/wp-content\/uploads\/sites\/474\/image-17-300x178.png 300w\" sizes=\"auto, (max-width: 684px) 100vw, 684px\"><\/figure>\n\n\n\n<p>4. ja 5. k\u00fcsimus olid m\u00f5lemad nime andmise kohta, esimene epiteedi ja teine \u200b\u200bperekonna kohta. Enamik vastajaid n\u00f5ustus, et paikkonna ja\/v\u00f5i elupaiga nime v\u00f5ib kasutada nii epiteedi kui ka perekonna nimetamiseks. \u00dckski vastanutest ei pidanud sobivaks nimetada uut epiteeti v\u00f5i perekonda m\u00f5ne poliitiku v\u00f5i n\u00e4itleja j\u00e4rgi. Kuigi m\u00f5ned n\u00f5ustusid, et nime, mida m\u00f5ned sotsiaalsed r\u00fchmad v\u00f5ivad pidada solvavaks\/agressiivseks, v\u00f5ib kasutada epiteedi\/perekonna nimetamiseks, n\u00e4itasid m\u00f5ned vastajad mitte n\u00f5ustumist variantide l\u00e4bi kriipsutamisega.<\/p>\n\n\n\n<figure class=\"wp-block-image size-full\"><img loading=\"lazy\" decoding=\"async\" width=\"697\" height=\"419\" src=\"https:\/\/sisu.ut.ee\/wp-content\/uploads\/sites\/474\/image-14.png\" alt=\"\" class=\"wp-image-795\" srcset=\"https:\/\/sisu.ut.ee\/wp-content\/uploads\/sites\/474\/image-14.png 697w, https:\/\/sisu.ut.ee\/wp-content\/uploads\/sites\/474\/image-14-300x180.png 300w\" sizes=\"auto, (max-width: 697px) 100vw, 697px\"><\/figure>\n\n\n\n<p>Kuuendale k\u00fcsimusele vastates n\u00f5ustus enamik vastajaid oma nime kasutamisega epiteedi v\u00f5i perekonnanimena, kuid esines ka juhtumeid, kus m\u00f5ni v\u00f5i k\u00f5ik valikuv\u00f5imalused olid l\u00e4bi kriipsutatud.<\/p>\n\n\n\n<p><\/p>\n\n\n\n<figure class=\"wp-block-image size-full\"><img loading=\"lazy\" decoding=\"async\" width=\"706\" height=\"420\" src=\"https:\/\/sisu.ut.ee\/wp-content\/uploads\/sites\/474\/image-18.png\" alt=\"\" class=\"wp-image-804\" srcset=\"https:\/\/sisu.ut.ee\/wp-content\/uploads\/sites\/474\/image-18.png 706w, https:\/\/sisu.ut.ee\/wp-content\/uploads\/sites\/474\/image-18-300x178.png 300w\" sizes=\"auto, (max-width: 706px) 100vw, 706px\"><\/figure>\n\n\n\n<p>7. k\u00fcsimus oli t\u00e4helepanuv\u00e4\u00e4rne selle poolest, et \u00fckski vastajatest ei soovinud kasutada rohkem kui \u00fchte varianti ja selgelt domineerib variant b, kus vastajad v\u00e4idavad, et liigid ja k\u00f5rgemad taksonid eDNA\/j\u00e4rjestuse alusel tuleks registreerida\/avaldada eelretsenseeritavas ajakirjas.<\/p>\n\n\n\n<figure class=\"wp-block-image size-full\"><img loading=\"lazy\" decoding=\"async\" width=\"630\" height=\"444\" src=\"https:\/\/sisu.ut.ee\/wp-content\/uploads\/sites\/474\/image-15.png\" alt=\"\" class=\"wp-image-798\" srcset=\"https:\/\/sisu.ut.ee\/wp-content\/uploads\/sites\/474\/image-15.png 630w, https:\/\/sisu.ut.ee\/wp-content\/uploads\/sites\/474\/image-15-300x211.png 300w\" sizes=\"auto, (max-width: 630px) 100vw, 630px\"><\/figure>\n\n\n\n<p><\/p>\n\n\n\n<p>\u00a0<\/p>\n","protected":false},"excerpt":{"rendered":"<p>2024. aasta augustis toimus Maastrichtis, Hollandis Rahvusvaheline M\u00fckoloogia-alane Kongress, kus osalesid ka m\u00f5ned MMK liikmed. Professor Leho Tedersoo tegi oma konverentsi leidudest l\u00fchikese kokkuv\u00f5tte e-seminaril, mille salvestust saab vaadata siin: IMC12 osalejate vahel jagati l\u00fchike k\u00fcsimustik 7 k\u00fcsimusega eDNA\/j\u00e4rjestusp\u00f5hise liigikirjelduse &#8230;<\/p>\n","protected":false},"author":163,"featured_media":0,"parent":0,"menu_order":0,"comment_status":"closed","ping_status":"closed","template":"","meta":{"_acf_changed":false,"inline_featured_image":false,"footnotes":""},"class_list":["post-786","page","type-page","status-publish","hentry"],"acf":[],"_links":{"self":[{"href":"https:\/\/sisu.ut.ee\/mmc\/wp-json\/wp\/v2\/pages\/786","targetHints":{"allow":["GET"]}}],"collection":[{"href":"https:\/\/sisu.ut.ee\/mmc\/wp-json\/wp\/v2\/pages"}],"about":[{"href":"https:\/\/sisu.ut.ee\/mmc\/wp-json\/wp\/v2\/types\/page"}],"author":[{"embeddable":true,"href":"https:\/\/sisu.ut.ee\/mmc\/wp-json\/wp\/v2\/users\/163"}],"replies":[{"embeddable":true,"href":"https:\/\/sisu.ut.ee\/mmc\/wp-json\/wp\/v2\/comments?post=786"}],"version-history":[{"count":2,"href":"https:\/\/sisu.ut.ee\/mmc\/wp-json\/wp\/v2\/pages\/786\/revisions"}],"predecessor-version":[{"id":806,"href":"https:\/\/sisu.ut.ee\/mmc\/wp-json\/wp\/v2\/pages\/786\/revisions\/806"}],"wp:attachment":[{"href":"https:\/\/sisu.ut.ee\/mmc\/wp-json\/wp\/v2\/media?parent=786"}],"curies":[{"name":"wp","href":"https:\/\/api.w.org\/{rel}","templated":true}]}}