{"id":745,"date":"2024-09-10T11:34:27","date_gmt":"2024-09-10T08:34:27","guid":{"rendered":"https:\/\/sisu.ut.ee\/mmc\/icsem11\/"},"modified":"2024-09-10T11:34:27","modified_gmt":"2024-09-10T08:34:27","slug":"icsem11","status":"publish","type":"page","link":"https:\/\/sisu.ut.ee\/mmc\/icsem11\/","title":{"rendered":"ICSEM11"},"content":{"rendered":"<p>2023. aasta augustis toimus Tartus \u00fcheteistk\u00fcmnes rahvusvaheline limakute s\u00fcstemaatika ja \u00f6koloogia (International Congress on Systematics and Ecology of Myxomycetes). \u00dcritusel tehtud esitlustest on \u00fcleval salvestised ka meie Youtube\u2019i kanalil, siit leiab \u00fcrituse ajakava:<\/p>\n","protected":false},"excerpt":{"rendered":"<p>2023. aasta augustis toimus Tartus \u00fcheteistk\u00fcmnes rahvusvaheline limakute s\u00fcstemaatika ja \u00f6koloogia (International Congress on Systematics and Ecology of Myxomycetes). \u00dcritusel tehtud esitlustest on \u00fcleval salvestised ka meie Youtube\u2019i kanalil, siit leiab \u00fcrituse ajakava:<\/p>\n","protected":false},"author":163,"featured_media":0,"parent":0,"menu_order":0,"comment_status":"closed","ping_status":"closed","template":"","meta":{"_acf_changed":false,"inline_featured_image":false,"footnotes":""},"class_list":["post-745","page","type-page","status-publish","hentry"],"acf":[],"_links":{"self":[{"href":"https:\/\/sisu.ut.ee\/mmc\/wp-json\/wp\/v2\/pages\/745","targetHints":{"allow":["GET"]}}],"collection":[{"href":"https:\/\/sisu.ut.ee\/mmc\/wp-json\/wp\/v2\/pages"}],"about":[{"href":"https:\/\/sisu.ut.ee\/mmc\/wp-json\/wp\/v2\/types\/page"}],"author":[{"embeddable":true,"href":"https:\/\/sisu.ut.ee\/mmc\/wp-json\/wp\/v2\/users\/163"}],"replies":[{"embeddable":true,"href":"https:\/\/sisu.ut.ee\/mmc\/wp-json\/wp\/v2\/comments?post=745"}],"version-history":[{"count":0,"href":"https:\/\/sisu.ut.ee\/mmc\/wp-json\/wp\/v2\/pages\/745\/revisions"}],"wp:attachment":[{"href":"https:\/\/sisu.ut.ee\/mmc\/wp-json\/wp\/v2\/media?parent=745"}],"curies":[{"name":"wp","href":"https:\/\/api.w.org\/{rel}","templated":true}]}}