{"id":5,"date":"2024-04-04T09:10:38","date_gmt":"2024-04-04T06:10:38","guid":{"rendered":"https:\/\/sisu.ut.ee\/mma2024\/committees\/"},"modified":"2024-04-04T09:10:44","modified_gmt":"2024-04-04T06:10:44","slug":"committees","status":"publish","type":"page","link":"https:\/\/sisu.ut.ee\/mma2024\/committees\/","title":{"rendered":"Committees"},"content":{"rendered":"<h3 style=\"text-align: justify\">\n\tInternational Scientific Committee:<br>\n<\/h3>\n<p style=\"text-align: justify\">\n\tS. Asmuss (Latvia), <span>L. Brugnano (Italy)<\/span>, I. Bula (Latvia), R. Ciegis (Lithuania), <span>N. J. Ford (UK)<\/span>, F. Gaspar (Spain), A. Gritsans (Latvia), U. H\u00e4marik (Estonia), O.Iliev (Germany), Z. Jackiewicz (USA), J. Janno (Estonia), A. Kolishkins (Latvia), A. Pedas (Estonia), K. Pileckas (Lithuania), M. Radziunas (Germany), M. Ragulskis (Lithuania), A. Reinfelds (Latvia), F. Sadyrbaev (Latvia), M. Sapagovas (Lithuania), A. Sostaks (Latvia), V. Starikovicius (Lithuania), A. Stikonas (Lithuania), U. Strautins (Latvia), G. Vainikko (Estonia).\n<\/p>\n<p style=\"text-align: justify\">\n\t\u00a0\n<\/p>\n<h3 style=\"text-align: justify\">\n\tOrganizing Committee:<br>\n<\/h3>\n<p style=\"text-align: justify\">\n\tA. Pedas (Chairman), R. Ciegis (Vice-chairman), T. Raus (Vice-Chairman), U. H\u00e4marik, U. Kangro, E. Kirsiaed, M. Lillem\u00e4e, K. L\u00e4tt, K. Orav-Puurand, H. B. Soots, M. Vikerpuur.<\/p>\n","protected":false},"excerpt":{"rendered":"<p>International Scientific Committee: S. Asmuss (Latvia), L. Brugnano (Italy), I. Bula (Latvia), R. Ciegis (Lithuania), N. J. Ford (UK), F. Gaspar (Spain), A. Gritsans (Latvia), U. H\u00e4marik (Estonia), O.Iliev (Germany), Z. Jackiewicz (USA), J. Janno (Estonia), A. Kolishkins (Latvia), A. &#8230;<\/p>\n","protected":false},"author":329,"featured_media":0,"parent":0,"menu_order":0,"comment_status":"closed","ping_status":"closed","template":"","meta":{"_acf_changed":false,"inline_featured_image":false,"footnotes":""},"class_list":["post-5","page","type-page","status-publish","hentry"],"acf":[],"_links":{"self":[{"href":"https:\/\/sisu.ut.ee\/mma2024\/wp-json\/wp\/v2\/pages\/5","targetHints":{"allow":["GET"]}}],"collection":[{"href":"https:\/\/sisu.ut.ee\/mma2024\/wp-json\/wp\/v2\/pages"}],"about":[{"href":"https:\/\/sisu.ut.ee\/mma2024\/wp-json\/wp\/v2\/types\/page"}],"author":[{"embeddable":true,"href":"https:\/\/sisu.ut.ee\/mma2024\/wp-json\/wp\/v2\/users\/329"}],"replies":[{"embeddable":true,"href":"https:\/\/sisu.ut.ee\/mma2024\/wp-json\/wp\/v2\/comments?post=5"}],"version-history":[{"count":1,"href":"https:\/\/sisu.ut.ee\/mma2024\/wp-json\/wp\/v2\/pages\/5\/revisions"}],"predecessor-version":[{"id":38,"href":"https:\/\/sisu.ut.ee\/mma2024\/wp-json\/wp\/v2\/pages\/5\/revisions\/38"}],"wp:attachment":[{"href":"https:\/\/sisu.ut.ee\/mma2024\/wp-json\/wp\/v2\/media?parent=5"}],"curies":[{"name":"wp","href":"https:\/\/api.w.org\/{rel}","templated":true}]}}