{"id":3,"date":"2024-04-04T09:10:38","date_gmt":"2024-04-04T06:10:38","guid":{"rendered":"https:\/\/sisu.ut.ee\/mma2024\/minisymposia\/"},"modified":"2024-04-29T15:19:08","modified_gmt":"2024-04-29T12:19:08","slug":"minisymposia","status":"publish","type":"page","link":"https:\/\/sisu.ut.ee\/mma2024\/minisymposia\/","title":{"rendered":"Minisymposia"},"content":{"rendered":"<p>We invite participants to organize minisymposia composed of one or more sessions of coordinated presentations on a single topic of interest. The format for the\u00a0minisymposium might be a principal lecture and a number of 20 minute communications given by other speakers. <strong>If you wish to organize a minisymposia, please let us know by sending an email to mma2024@ut.ee.<\/strong><\/p>\n<p><strong>Currently confirmed minisymposia:<\/strong><\/p>\n<ul>\n<li><strong>Nonlocal differential problems and their applications<\/strong>; Organizers:<strong> Kristina Kaulakyt\u0117 <\/strong>and <strong>Raimondas \u010ciegis<\/strong>.<\/li>\n<li><span data-ogsc=\"rgb(0, 0, 0)\"><strong>Application of zeta functions for approximation of analytical functions<\/strong>; Organizers:<\/span> <span data-ogsc=\"rgb(0, 0, 0)\"><strong>Antanas Laurin\u010dikas<\/strong> and<strong> Darius \u0160iau\u010di\u016bnas<\/strong>.<\/span><\/li>\n<li><strong>Fractional calculus, fractal sets and zeta functions<\/strong>; Organizer: <strong>Emanuel Guariglia<\/strong>.<\/li>\n<\/ul>\n","protected":false},"excerpt":{"rendered":"<p>We invite participants to organize minisymposia composed of one or more sessions of coordinated presentations on a single topic of interest. The format for the\u00a0minisymposium might be a principal lecture and a number of 20 minute communications given by other &#8230;<\/p>\n","protected":false},"author":329,"featured_media":0,"parent":0,"menu_order":0,"comment_status":"closed","ping_status":"closed","template":"","meta":{"_acf_changed":false,"inline_featured_image":false,"footnotes":""},"class_list":["post-3","page","type-page","status-publish","hentry"],"acf":[],"_links":{"self":[{"href":"https:\/\/sisu.ut.ee\/mma2024\/wp-json\/wp\/v2\/pages\/3","targetHints":{"allow":["GET"]}}],"collection":[{"href":"https:\/\/sisu.ut.ee\/mma2024\/wp-json\/wp\/v2\/pages"}],"about":[{"href":"https:\/\/sisu.ut.ee\/mma2024\/wp-json\/wp\/v2\/types\/page"}],"author":[{"embeddable":true,"href":"https:\/\/sisu.ut.ee\/mma2024\/wp-json\/wp\/v2\/users\/329"}],"replies":[{"embeddable":true,"href":"https:\/\/sisu.ut.ee\/mma2024\/wp-json\/wp\/v2\/comments?post=3"}],"version-history":[{"count":3,"href":"https:\/\/sisu.ut.ee\/mma2024\/wp-json\/wp\/v2\/pages\/3\/revisions"}],"predecessor-version":[{"id":51,"href":"https:\/\/sisu.ut.ee\/mma2024\/wp-json\/wp\/v2\/pages\/3\/revisions\/51"}],"wp:attachment":[{"href":"https:\/\/sisu.ut.ee\/mma2024\/wp-json\/wp\/v2\/media?parent=3"}],"curies":[{"name":"wp","href":"https:\/\/api.w.org\/{rel}","templated":true}]}}