{"id":175,"date":"2026-01-27T16:21:53","date_gmt":"2026-01-27T14:21:53","guid":{"rendered":"https:\/\/sisu.ut.ee\/mkm-pol23\/?page_id=175"},"modified":"2026-01-27T16:45:31","modified_gmt":"2026-01-27T14:45:31","slug":"teadusnoukoja-liikmed","status":"publish","type":"page","link":"https:\/\/sisu.ut.ee\/mkm-pol23\/teadusnoukoja-liikmed\/","title":{"rendered":"Teadusn\u00f5ukoja liikmed"},"content":{"rendered":"<div style=\"height:26px\" aria-hidden=\"true\" class=\"wp-block-spacer\"><\/div>\n\n\n\n<p><\/p>\n\n\n<div class=\"person-card border rounded p-2 pb-4 mb-4\">\n\t<div class=\"d-flex \">\n\t\t\t\t\t<img loading=\"lazy\" decoding=\"async\" width=\"150\" height=\"150\" src=\"https:\/\/sisu.ut.ee\/wp-content\/uploads\/sites\/873\/Ulla-Palander-150x150.jpg\" class=\"flex-shrink-0 object-fit-cover person-card__image img-fluid rounded mb-2 me-2\" alt=\"\" srcset=\"https:\/\/sisu.ut.ee\/wp-content\/uploads\/sites\/873\/Ulla-Palander-150x150.jpg 150w, https:\/\/sisu.ut.ee\/wp-content\/uploads\/sites\/873\/Ulla-Palander.jpg 300w\" sizes=\"auto, (max-width: 150px) 100vw, 150px\">\n\t\t\t\t<div class=\"person-card__info\">\n\t\t\t\t\t\t\t<h3 class=\"h4 mb-2\">Ulla Palander<\/h3>\n\t\t\t\t\t\t\t\t\t\t<div class=\"mb-2\">\n\t\t\t\t\t<p>Ulla Palander on Soome Majandus- ja T\u00f6\u00f6h\u00f5iveministeeriumi juhtivspetsialist. Ulla koordineerib biomajanduse valdkonda nii ministeeriumi siseselt kui ka erinevate ministeeriumide vahel. Tema vastutusvaldkonnaks on ka Euroopa Liidu tasandi biomajanduse edendamine koost\u00f6\u00f6s teiste liikmesriikidega. Ulla on t\u00f6\u00f6tanud Majandus- ja T\u00f6\u00f6h\u00f5iveministeeriumis alates 2013. aastast, algselt kui Venemaa ekspert, ning alates 2017. aastast kui biomajanduse ekspert.<\/p>\n\n\t\t\t\t<\/div>\n\t\t\t\t\t\t\t\t\t\t\t\t\t\t<\/div>\n\t<\/div>\n\t\t\t<div class=\"person-card__description mt-2\">\n\t\t\t<p>Ulla Palander is a Senior Specialist working at the Ministry of Economic Affairs and Employment of Finland. She coordinates bioeconomy matters within the ministry as well as between different ministries in Finland. Her work also includes key responsibilities in EU-level bioeconomy advocacy in cooperation with other Member States. She has worked at the Ministry of Economic Affairs and Employment since 2013, initially as a Russia Specialist and, since 2017, as a specialist in the field of bioeconomy.<\/p>\n\n\t\t<\/div>\n\t<\/div>\n\n\n<div class=\"person-card border rounded p-2 pb-4 mb-4\">\n\t<div class=\"d-flex \">\n\t\t\t\t\t<img loading=\"lazy\" decoding=\"async\" width=\"150\" height=\"150\" src=\"https:\/\/sisu.ut.ee\/wp-content\/uploads\/sites\/873\/Emilie-Molin-150x150.jpg\" class=\"flex-shrink-0 object-fit-cover person-card__image img-fluid rounded mb-2 me-2\" alt=\"\">\n\t\t\t\t<div class=\"person-card__info\">\n\t\t\t\t\t\t\t<h3 class=\"h4 mb-2\">Emilie Molin<\/h3>\n\t\t\t\t\t\t\t\t\t\t<div class=\"mb-2\">\n\t\t\t\t\t<p>Emilie Molin on metsa-, kliima ja teadusosakonna asedirektor Rootsi Maaelu- ja Infrastruktuuriministeeriumis. Ta koordineerib biomajandussektoriga seonduvat kliima- ja energiapoliitikat nii riigi, Euroopa Liidu kui rahvusvahelisel tasandil. Emilie t\u00f6\u00f6 \u00fchendab anal\u00fc\u00fcsi ja strateegilist poliitikakujundamist kasvava biomajanduse jaoks. Tal on metsateaduse magistrikraad (MSc) SLU\u2019st ning nii era- kui avaliku sektori metsanduse kogemus.<\/p>\n\n\t\t\t\t<\/div>\n\t\t\t\t\t\t\t\t\t\t\t\t\t\t<\/div>\n\t<\/div>\n\t\t\t<div class=\"person-card__description mt-2\">\n\t\t\t<p>Emilie Molin is a Deputy Director of the Division for forest, climate and research at the Swedish Ministry of Rural Affairs and Infrastructure. She coordinates climate and energy policy regarding the bioeconomy sectors at national, EU and international level. Emilie\u2019s work bridges analysis and strategic policymaking for a growing bioeconomy. She has a MSc of Forestry sciences from SLU and experience from both the private and public forest sector in Sweden.<\/p>\n\n\t\t<\/div>\n\t<\/div>\n\n\n<div class=\"person-card border rounded p-2 pb-4 mb-4\">\n\t<div class=\"d-flex \">\n\t\t\t\t\t<img loading=\"lazy\" decoding=\"async\" width=\"150\" height=\"150\" src=\"https:\/\/sisu.ut.ee\/wp-content\/uploads\/sites\/873\/Mark-Jolly-150x150.jpeg\" class=\"flex-shrink-0 object-fit-cover person-card__image img-fluid rounded mb-2 me-2\" alt=\"\">\n\t\t\t\t<div class=\"person-card__info\">\n\t\t\t\t\t\t\t<h3 class=\"h4 mb-2\">Mark Jolly<\/h3>\n\t\t\t\t\t\t\t\t\t\t<div class=\"mb-2\">\n\t\t\t\t\t<p>Mark Jolly on rohkem kui 40 aasta kogemusega kestlike materjalide ja t\u00f6\u00f6stusprotsesside professor Cranfield\u2019i \u00dclikoolis. Enne 1995. aastal akadeemilisse maailma siirdumist t\u00f6\u00f6tas ta nii Suurbritannia kui v\u00e4lismaistes t\u00f6\u00f6stustes. Mark kuulub Kuningliku Inseneriakadeemia (RAEng) Riikliku Inseneripoliitika Keskuse (NEPC) nullnetoheite materjalide t\u00f6\u00f6r\u00fchma, mis tegeleb taristu tulevaste materjalide n\u00f5udluse uurimisega. Tema peamised uurimishuvid on ringmajandus ja kestlikkus, sealhulgas ressursit\u00f5hus t\u00f6\u00f6stuslik tootmine ning protsesside modelleerimine.<\/p>\n\n\t\t\t\t<\/div>\n\t\t\t\t\t\t\t\t\t\t\t\t\t\t<\/div>\n\t<\/div>\n\t\t\t<div class=\"person-card__description mt-2\">\n\t\t\t<p>Mark Jolly is Professor of Sustainable Materials and Manufacturing at Cranfield University with over 40 years of experience. He worked in industry, both in the UK and abroad, before moving into academia in 1995. Mark is on the Royal Academy of Engineering (RAEng) National Engineering Policy Centre (NEPC) working group on Materials for Net-Zero which is currently looking at the future materials demands for infrastructure. His main areas of research are in circular economy and sustainability including resource efficient manufacturing and process modelling.<\/p>\n\n\t\t<\/div>\n\t<\/div>\n\n\n<div class=\"person-card border rounded p-2 pb-4 mb-4\">\n\t<div class=\"d-flex \">\n\t\t\t\t\t<img loading=\"lazy\" decoding=\"async\" width=\"150\" height=\"150\" src=\"https:\/\/sisu.ut.ee\/wp-content\/uploads\/sites\/873\/Per-Anker_Nilssen-150x150.jpg\" class=\"flex-shrink-0 object-fit-cover person-card__image img-fluid rounded mb-2 me-2\" alt=\"\">\n\t\t\t\t<div class=\"person-card__info\">\n\t\t\t\t\t\t\t<h3 class=\"h4 mb-2\">Per Anker-Nilssen<\/h3>\n\t\t\t\t\t\t\t\t\t\t<div class=\"mb-2\">\n\t\t\t\t\t<p>Per Anker-Nilssen on Norra Ettev\u00f5tete Konf\u00f6deratsiooni asedirektor energeetika ja keskkonnavaldkonna vallas. Per on ka Norra Juhtimiskooli (Norwegian School of Management) teadur, keskendudes multidistsiplinaarsetele uuringutele naftaturgudest kuni energiasotsioloogiani. Varasem karj\u00e4\u00e4r bioloogia vallas on suunanud ta huvi poliitiliselt keerulise energeetika, kliima ja keskkonna kokkupuutepunktide vastu. Peril on magistrikraadid mere zooloogias ja energia\u00f6konoomikas.<\/p>\n\n\t\t\t\t<\/div>\n\t\t\t\t\t\t\t\t\t\t\t\t\t\t<\/div>\n\t<\/div>\n\t\t\t<div class=\"person-card__description mt-2\">\n\t\t\t<p>Per Anker-Nilssen is Assistant Director of the Confederation of Norwegian Enterprise focussing on energy and environment. He is also a Research Fellow at the Norwegian School of Management doing multi-disciplinary energy research, from oil markets to energy sociology. A former career in biology lead to his interest in the politically difficult intersection between energy, climate, and environment. Per holds master\u2019s degrees in marine zoology and energy economics.<\/p>\n\n\t\t<\/div>\n\t<\/div>\n\n\n\n<div class=\"wp-block-group is-layout-grid wp-container-core-group-is-layout-9649a0d9 wp-block-group-is-layout-grid\"><\/div>\n\n\n\n<hr class=\"wp-block-separator has-alpha-channel-opacity\">\n","protected":false},"excerpt":{"rendered":"","protected":false},"author":254,"featured_media":0,"parent":0,"menu_order":0,"comment_status":"closed","ping_status":"closed","template":"","meta":{"_acf_changed":false,"inline_featured_image":false,"footnotes":""},"class_list":["post-175","page","type-page","status-publish","hentry"],"acf":[],"_links":{"self":[{"href":"https:\/\/sisu.ut.ee\/mkm-pol23\/wp-json\/wp\/v2\/pages\/175","targetHints":{"allow":["GET"]}}],"collection":[{"href":"https:\/\/sisu.ut.ee\/mkm-pol23\/wp-json\/wp\/v2\/pages"}],"about":[{"href":"https:\/\/sisu.ut.ee\/mkm-pol23\/wp-json\/wp\/v2\/types\/page"}],"author":[{"embeddable":true,"href":"https:\/\/sisu.ut.ee\/mkm-pol23\/wp-json\/wp\/v2\/users\/254"}],"replies":[{"embeddable":true,"href":"https:\/\/sisu.ut.ee\/mkm-pol23\/wp-json\/wp\/v2\/comments?post=175"}],"version-history":[{"count":7,"href":"https:\/\/sisu.ut.ee\/mkm-pol23\/wp-json\/wp\/v2\/pages\/175\/revisions"}],"predecessor-version":[{"id":207,"href":"https:\/\/sisu.ut.ee\/mkm-pol23\/wp-json\/wp\/v2\/pages\/175\/revisions\/207"}],"wp:attachment":[{"href":"https:\/\/sisu.ut.ee\/mkm-pol23\/wp-json\/wp\/v2\/media?parent=175"}],"curies":[{"name":"wp","href":"https:\/\/api.w.org\/{rel}","templated":true}]}}