{"id":18,"date":"2024-04-04T03:43:51","date_gmt":"2024-04-04T00:43:51","guid":{"rendered":"https:\/\/sisu.ut.ee\/minuandmed\/andmete-havitamine\/"},"modified":"2024-04-04T03:43:56","modified_gmt":"2024-04-04T00:43:56","slug":"andmete-havitamine","status":"publish","type":"page","link":"https:\/\/sisu.ut.ee\/minuandmed\/andmete-havitamine\/","title":{"rendered":"Andmete h\u00e4vitamine"},"content":{"rendered":"<h2>Andmete h\u00e4vitamine oma seadmest v\u00f5i v\u00e4liselt andmekandjalt<\/h2>\n<p>Kui me eelnevalt vaatasime, kuidas oma <strong>andmeid s\u00e4ilitada<\/strong>, siis m\u00f5nikord v\u00f5ib juhtuda, et <strong>andmeid on vaja h\u00e4vitada<\/strong>. N\u00e4iteks siis, kui soovite oma seadet m\u00fc\u00fca v\u00f5i m\u00f5nest teenusest loobuda. T\u00f5en\u00e4oliselt ei soovi Sa, et isik, kellele seadme m\u00fc\u00fcd saaks seadmest k\u00e4tte Sinu failid. Aga Sa ju kustutasid andmed seadmest \u00e4ra? Tuleb v\u00e4lja, et<strong> failide kustutamisel kustutatakse \u00e4ra vaid viited info asukohale kettal<\/strong>, andmed ise j\u00e4\u00e4vad alles. V\u00e4hemasti niikauaks, kui andmete asemele midagi uut ei kirjutata. On olemas programmid, millega saab taastada faile, mis on kustutatud.<\/p>\n<p>&lt;img class=\"alignnone wp-image-27\" style=\"\" src=\"https:\/\/sisu.ut.ee\/wp-content\/uploads\/sites\/252\/er_pilt_hdd-1273984_640.jpg\" title=\"Failide kustutamisel kustutatakse \u00e4ra vaid viited info asukohale kettal <br> [val=Allikas href=https:\/\/pixabay.com\/en\/hdd-hard-disk-pc-parts-1273984\/]\u201d alt=\u201dFailide kustutamisel kustutatakse \u00e4ra vaid viited info asukohale kettal\u201d&gt;<\/p>\n<p>K\u00f5vaketaste puhul soovitatakse teha t\u00e4ielik formaatimine (k\u00f5ik baidid kirjutatakse \u00fcle). SSD-d on oluliselt teistsuguse ehitusega, neid kettaid soovitatakse kaks korda formaatida, et kahandada t\u00f5en\u00e4osust, et andmeid saaks taastada. Ketastelt andmete kustutamiseks on olemas spetsiaalsed programmid. Eelnev jutt k\u00e4ib ka nutiseadmete sisu, m\u00e4lupulkade ja m\u00e4lukaartide kohta (StackExchange, kuup\u00e4ev puudub).<\/p>\n<p>Andmete p\u00e4riselt kustutamiseks on olemas tarkvara <a href=\"https:\/\/dban.org\/\" target=\"_blank\" rel=\"noopener\">DBAN<\/a>\u00a0(DBAN, kuup\u00e4ev puudub) ja\u00a0<a href=\"https:\/\/eraser.heidi.ie\/\" target=\"_blank\" rel=\"noopener\">Eraser<\/a>\u00a0(Eraser, kuup\u00e4ev puudub). Kuna selle tarkvara vale kasutamine on potentsiaalselt ohtlik Sinu andmetele, mida Sa soovid alles j\u00e4tta, siis lase seda teha p\u00e4deval IT-spetsialistil.\u00a0<\/p>\n<p>Andmete k\u00f5ige kindlam h\u00e4vitamismeetod on salvestusseadme f\u00fc\u00fcsiline purustamine.<\/p>\n<h2>Andmete h\u00e4vitamine pilvest<\/h2>\n<p>See on\u00a0 keeruline olukord, sest Sul <strong>pole otsest kontrolli oma andmete \u00fcle<\/strong>. Sa ei saa olla kindel, et kui Sa faili pilvest kustutad, see ka p\u00e4riselt \u00e4ra kustutatakse. Siinkohal on oluline lugeda enne pilveteenuse kasutama hakkamist kasutustingimusi, mis on teenusepakkuja poolt v\u00e4lja pakutud. Kasutustingimustes on kirjas muuhulgas, kuidas andmetega ringi k\u00e4iakse ja millised \u00f5igused on teenusepakkujal seoses Sinu andmetega. V\u00f5ib juhtuda, et pilveteenusesse \u00fcles laetud andmetele on teenusepakkujal \u00fcsna laialdased \u00f5igused \u2013 n\u00e4iteks andmeid ei kustutata ka peale konto sulgemist ja teenusepakkuja v\u00f5ib neid edasi kasutada.<\/p>\n<p>Erinevate teenuste kasutamistingimustest saab kokkuvotet lugeda lehelt <a href=\"https:\/\/tosdr.org\/\" target=\"_blank\" rel=\"noopener\">Terms of Service Didn\u2019t Read<\/a>\u00a0(Terms of Service; Didn\u2019t Read, kuup\u00e4ev puudub). Selle asemel et lugeda l\u00e4bi mituk\u00fcmmend lehek\u00fclge juriidilises keeles teksti, on lehel v\u00e4lja toodud erinevate teenuste kasutamistingimuste kokkuv\u00f5tted.<\/p>\n<p>N\u00e4iteks Google\u2019i teenuste \u00fcldistest kasutamise tingimustest leiab muuhulgas, et:<\/p>\n<ul>\n<li>\n<p>Google hoiab alles Sinu otsingud ja muud kasutajat identifitseeritava info m\u00e4\u00e4ramata ajaks.<\/p>\n<\/li>\n<li>\n<p>Google saab kasutada kogutud andmeid k\u00f5igi nende praeguste ja tulevaste teenuste jaoks.<\/p>\n<\/li>\n<li>\n<p>Google j\u00e4lgib Sinu tegevust isegi teistel veebilehek\u00fclgedel.<\/p>\n<\/li>\n<li>\n<p>Google v\u00f5ib jagada Sinu infot kolmandatele osapooltele.<\/p>\n<\/li>\n<li>\n<p>Google v\u00f5ib l\u00f5petada teenuse pakkumise igal ajal. Google lubab Sul oma andmed v\u00e4lja v\u00f5tta kui teenuse osutamine on l\u00f5petatud.<\/p>\n<\/li>\n<li>\n<p>Google avaldab kasutustingimuste muudatused 14 p\u00e4eva ette, Sa pead nendega n\u00f5ustuma v\u00f5i loobuma teenuse kasutamisest.<\/p>\n<\/li>\n<li>\n<p>Sa annad Google\u2019ile ja tema koost\u00f6\u00f6partneritele \u00fclemaailmse litsentsi kasutada, pakkuda teenuseid, salvestada, reprodutseerida, muuta, luua tuletisteoseid (t\u00f5lkida, kohandada ja teha muid muudatusi nii, et sisu t\u00f6\u00f6taks nende teenustes paremini), edastada, avaldada, avalikult esitada, n\u00e4idata ja levitada Sinu loodut. Litsentsitingimused kehtivad ka p\u00e4rast Google teenuste kasutamise l\u00f5petamist.<\/p>\n<\/li>\n<\/ul>\n<p>Nagu n\u00e4ha on Google\u2019il p\u00e4ris suured \u00f5igused Sinu andmetega toimetada ka peale teenuste Sinu poolse kasutamise l\u00f5ppu. Seega enne teenuste kasutamist tutvu teenuse kasutamise tingimustega.<\/p>\n<h2>Enda poolt jagatud andmete h\u00e4vitamine<\/h2>\n<p>Kui oled kellelegi oma andmeid jaganud, siis on peaaegu v\u00f5imatu neid andmeid teise osapoole k\u00e4est j\u00e4\u00e4davalt \u00e4ra kustutada. Sa saad k\u00fcll sulgeda ligip\u00e4\u00e4su andmetele, aga Sa ei saa olla kindel, et andmetest ei ole tehtud koopiaid ja neid ei ole edasi jagatud.<\/p>\n<p>Sageli on keeruline v\u00f5i v\u00f5imatu kustutada ka erinevatesse keskkondadesse loodud kasutajakontosid. \u00dclevaate oma kontode kustutamisv\u00f5imalustest saab veebikeskkonnas <a href=\"http:\/\/backgroundchecks.org\/justdeleteme\/\" target=\"_blank\" rel=\"noopener\">justdelete.me<\/a>\u00a0(justdelete.me, kuup\u00e4ev puudub).<\/p>\n<p><\/p><div class=\"accordion mb-3\">\n        <div class=\"accordion-item accordion-item--white\">\n        <h2 class=\"accordion-header\" id=\"accordion-69da158b5e6ea-heading\">\n            <button class=\"accordion-button collapsed\" type=\"button\" data-bs-toggle=\"collapse\" data-bs-target=\"#accordion-69da158b5e6ea-collapse\" aria-expanded=\"true\" aria-controls=\"accordion-69da158b5e6ea-collapse\">M\u00f5tisklus\u00fclesanne<\/button>\n        <\/h2>\n        <div id=\"accordion-69da158b5e6ea-collapse\" class=\"accordion-collapse collapse\" aria-labelledby=\"accordion-69da158b5e6ea-heading\">\n            <div class=\"accordion-body\">Kui Sinu pilveteenuse pakkuja sulgeb ligip\u00e4\u00e4su Sinu andmetele, siis kui suurest hulgast andmetest Sa ilma j\u00e4\u00e4d? Millised on v\u00f5imalikud kahjud? Kuidas saab kahjusid ennetada?<\/div>\n        <\/div>\n        <\/div>\n    <\/div>\n","protected":false},"excerpt":{"rendered":"<p>Andmete h\u00e4vitamine oma seadmest v\u00f5i v\u00e4liselt andmekandjalt Kui me eelnevalt vaatasime, kuidas oma andmeid s\u00e4ilitada, siis m\u00f5nikord v\u00f5ib juhtuda, et andmeid on vaja h\u00e4vitada. N\u00e4iteks siis, kui soovite oma seadet m\u00fc\u00fca v\u00f5i m\u00f5nest teenusest loobuda. T\u00f5en\u00e4oliselt ei soovi Sa, et &#8230;<\/p>\n","protected":false},"author":6,"featured_media":0,"parent":0,"menu_order":0,"comment_status":"closed","ping_status":"closed","template":"","meta":{"_acf_changed":false,"inline_featured_image":false,"footnotes":""},"class_list":["post-18","page","type-page","status-publish","hentry"],"acf":[],"_links":{"self":[{"href":"https:\/\/sisu.ut.ee\/minuandmed\/wp-json\/wp\/v2\/pages\/18","targetHints":{"allow":["GET"]}}],"collection":[{"href":"https:\/\/sisu.ut.ee\/minuandmed\/wp-json\/wp\/v2\/pages"}],"about":[{"href":"https:\/\/sisu.ut.ee\/minuandmed\/wp-json\/wp\/v2\/types\/page"}],"author":[{"embeddable":true,"href":"https:\/\/sisu.ut.ee\/minuandmed\/wp-json\/wp\/v2\/users\/6"}],"replies":[{"embeddable":true,"href":"https:\/\/sisu.ut.ee\/minuandmed\/wp-json\/wp\/v2\/comments?post=18"}],"version-history":[{"count":1,"href":"https:\/\/sisu.ut.ee\/minuandmed\/wp-json\/wp\/v2\/pages\/18\/revisions"}],"predecessor-version":[{"id":53,"href":"https:\/\/sisu.ut.ee\/minuandmed\/wp-json\/wp\/v2\/pages\/18\/revisions\/53"}],"wp:attachment":[{"href":"https:\/\/sisu.ut.ee\/minuandmed\/wp-json\/wp\/v2\/media?parent=18"}],"curies":[{"name":"wp","href":"https:\/\/api.w.org\/{rel}","templated":true}]}}