{"id":17,"date":"2024-04-04T03:43:51","date_gmt":"2024-04-04T00:43:51","guid":{"rendered":"https:\/\/sisu.ut.ee\/minuandmed\/andmete-jagamine\/"},"modified":"2024-04-04T03:43:56","modified_gmt":"2024-04-04T00:43:56","slug":"andmete-jagamine","status":"publish","type":"page","link":"https:\/\/sisu.ut.ee\/minuandmed\/andmete-jagamine\/","title":{"rendered":"Andmete jagamine"},"content":{"rendered":"<p>Koost\u00f6\u00f6 tegemiseks on vajalik <strong>andmeid jagada<\/strong>. K\u00fcmme aastat tagasi seisnes andmete jagamine <strong>manusega meili saatmises teistele osapooltele<\/strong>. Kui sooviti, et faili tehtaks t\u00e4iendusi, siis p\u00e4rast k\u00f5ikide andmete k\u00e4ttesaamist umbes n\u00e4dala p\u00e4rast tuli saatjal k\u00f5ik <strong>muudatused \u00fcle vaadata ja originaaldokumenti t\u00e4iendada<\/strong>. T\u00e4ienduste tulemusena v\u00f5isid tekkida vastuolud ning dokument l\u00e4ks uuele ringile.<\/p>\n<p>\u00d5nneks on t\u00e4nap\u00e4eval olemas t\u00f5husamad vahendid koost\u00f6\u00f6 tegemiseks. N\u00e4iteks saab Google Drive\u2019is Google Dokumendi dokumenti <strong>jagada lingiga<\/strong> k\u00f5igile osapooltele, kellega on soov koost\u00f6\u00f6d teha. Dokumendi t\u00e4itmine toimub \u00fchist\u00f6\u00f6na nii, et k\u00f5ik muudatused on k\u00f5igile osapooltele koheselt n\u00e4ha.<\/p>\n<p>Koost\u00f6\u00f6 aluseks on <strong>usaldus<\/strong>. Samamoodi on veebis \u00fchisdokumentidega. Sina usaldad v\u00f5i Sulle usaldatakse dokument t\u00e4itmiseks. Osapooled eeldavad, et dokumendile on ligip\u00e4\u00e4s ainult nendel inimestel kellele on dokument jagatud. Seega peab iga osapool olema teadlik ohtudest, mis v\u00f5ib juhtuda talle usaldatud dokumendiga.<\/p>\n<p>&lt;img class=\"alignnone wp-image-26\" style=\"\" src=\"https:\/\/sisu.ut.ee\/wp-content\/uploads\/sites\/252\/er_pilt_sharing_internet-315132_640.jpg\" title=\"Jagatud andmed pole enam Sinu kontrolli all <br>[val=Allikas href=https:\/\/pixabay.com\/en\/internet-content-portal-search-315132\/]\u201d alt=\u201dJagatud andmed pole enam Sinu kontrolli all\u201d&gt;<\/p>\n<h2>Andmete jagamisega seotud ohud<\/h2>\n<p>\u00dcldistatult v\u00f5ib \u00f6elda, et jagatud andmed pole enam Sinu kontrolli all. Kui Sa laadid pildi avalikult v\u00f5i poolavalikult internetti, siis saab sellest koopia teha ja edasi jagada.<\/p>\n<p><strong>Enne andmete jagamist m\u00f5tle:<\/strong><\/p>\n<ul>\n<li>\n<p>Kas on vajalik jagada?<\/p>\n<\/li>\n<ul>\n<li>\n<p>Arvesta, et jagatud info pole enam Sinu kontrolli all, teised osapooled v\u00f5ivad sellest teha koopiaid.<\/p>\n<\/li>\n<li>\n<p>Mis kaalutlustel Sa infot jagad, mis on selle eesm\u00e4rk?<\/p>\n<\/li>\n<li>\n<p>Kas info jagamine kahjustab kedagi?<\/p>\n<\/li>\n<\/ul>\n<li>\n<p>Mida plaanid jagada?<\/p>\n<\/li>\n<ul>\n<li>\n<p>Mida Sa arvad, et jagad, ja mis on see, mida Sa tegelikult jagad?<\/p>\n<\/li>\n<li>\n<p>Kas info jagamisega kaasneb varjatud infot?<\/p>\n<\/li>\n<\/ul>\n<li>\n<p>Kellele plaanid jagada?<\/p>\n<\/li>\n<ul>\n<li>\n<p>Kellele ja mis \u00f5igustes (vaatamiseks, muutmiseks) plaanid infot jagada?<\/p>\n<\/li>\n<li>\n<p>Kas teine osapool kasutab infot eesm\u00e4rgip\u00e4raselt?<\/p>\n<\/li>\n<\/ul>\n<\/ul>\n<h2>N\u00e4ide andmete jagamisest<\/h2>\n<p>Oletame, et otsustate \u00fchiselt kolleegidega teha kontrollt\u00f6\u00f6. Sa valid \u00fchist\u00f6\u00f6 keskkonnaks Google Drive keskkonna ja lood seal Google Dokumendi faili. Sa jagad selle faili lingiga k\u00f5igile muutmiseks. K\u00f5ik osapooled sisestavad sinna \u00fclesanded. Kontrollt\u00f6\u00f6d l\u00e4bi viies selgub, et \u00f5ppijate tulemused on tavalisest olulised paremad \u2013 peaaegu k\u00f5ik said k\u00f5rgeima hinde.\u00a0<\/p>\n<p><\/p><div class=\"accordion mb-3\">\n        <div class=\"accordion-item accordion-item--white\">\n        <h2 class=\"accordion-header\" id=\"accordion-69d45788d9daf-heading\">\n            <button class=\"accordion-button collapsed\" type=\"button\" data-bs-toggle=\"collapse\" data-bs-target=\"#accordion-69d45788d9daf-collapse\" aria-expanded=\"true\" aria-controls=\"accordion-69d45788d9daf-collapse\">M\u00f5tisklus\u00fclesanne<\/button>\n        <\/h2>\n        <div id=\"accordion-69d45788d9daf-collapse\" class=\"accordion-collapse collapse\" aria-labelledby=\"accordion-69d45788d9daf-heading\">\n            <div class=\"accordion-body\">Mis v\u00f5is olla \u00f5ppijate k\u00f5rge tulemuse p\u00f5hus? Mida oleksid v\u00f5inud osapooled teisiti teha?<\/div>\n        <\/div>\n        <\/div>\n    <\/div>\n<p><\/p><div class=\"accordion mb-3\">\n        <div class=\"accordion-item accordion-item--white\">\n        <h2 class=\"accordion-header\" id=\"accordion-69d45788d9db5-heading\">\n            <button class=\"accordion-button collapsed\" type=\"button\" data-bs-toggle=\"collapse\" data-bs-target=\"#accordion-69d45788d9db5-collapse\" aria-expanded=\"true\" aria-controls=\"accordion-69d45788d9db5-collapse\">M\u00f5tisklus\u00fclesanne<\/button>\n        <\/h2>\n        <div id=\"accordion-69d45788d9db5-collapse\" class=\"accordion-collapse collapse\" aria-labelledby=\"accordion-69d45788d9db5-heading\">\n            <div class=\"accordion-body\">Kui Sa postitad koduse peo pildi Facebooki oma seinale, siis kas Sa tead, kes sellele pildile ligi saavad? Kas Sinu Facebooki s\u00f5prade s\u00f5brad on usaldusv\u00e4\u00e4rsed? Kas Sa tead, millist infot Sa veel jagasid seoses pildi \u00fcleslaadimisega? V\u00f5ib-olla on Sinu nutitelefon salvestanud selle pildi sisse ka GPS- koordinaadid? V\u00f5ib-olla n\u00e4evad pahalase silmad sellel pildil vara, millele tasub j\u00e4rgi tulla?<\/div>\n        <\/div>\n        <\/div>\n    <\/div>\n","protected":false},"excerpt":{"rendered":"<p>Koost\u00f6\u00f6 tegemiseks on vajalik andmeid jagada. K\u00fcmme aastat tagasi seisnes andmete jagamine manusega meili saatmises teistele osapooltele. Kui sooviti, et faili tehtaks t\u00e4iendusi, siis p\u00e4rast k\u00f5ikide andmete k\u00e4ttesaamist umbes n\u00e4dala p\u00e4rast tuli saatjal k\u00f5ik muudatused \u00fcle vaadata ja originaaldokumenti t\u00e4iendada. &#8230;<\/p>\n","protected":false},"author":6,"featured_media":0,"parent":0,"menu_order":0,"comment_status":"closed","ping_status":"closed","template":"","meta":{"_acf_changed":false,"inline_featured_image":false,"footnotes":""},"class_list":["post-17","page","type-page","status-publish","hentry"],"acf":[],"_links":{"self":[{"href":"https:\/\/sisu.ut.ee\/minuandmed\/wp-json\/wp\/v2\/pages\/17","targetHints":{"allow":["GET"]}}],"collection":[{"href":"https:\/\/sisu.ut.ee\/minuandmed\/wp-json\/wp\/v2\/pages"}],"about":[{"href":"https:\/\/sisu.ut.ee\/minuandmed\/wp-json\/wp\/v2\/types\/page"}],"author":[{"embeddable":true,"href":"https:\/\/sisu.ut.ee\/minuandmed\/wp-json\/wp\/v2\/users\/6"}],"replies":[{"embeddable":true,"href":"https:\/\/sisu.ut.ee\/minuandmed\/wp-json\/wp\/v2\/comments?post=17"}],"version-history":[{"count":1,"href":"https:\/\/sisu.ut.ee\/minuandmed\/wp-json\/wp\/v2\/pages\/17\/revisions"}],"predecessor-version":[{"id":52,"href":"https:\/\/sisu.ut.ee\/minuandmed\/wp-json\/wp\/v2\/pages\/17\/revisions\/52"}],"wp:attachment":[{"href":"https:\/\/sisu.ut.ee\/minuandmed\/wp-json\/wp\/v2\/media?parent=17"}],"curies":[{"name":"wp","href":"https:\/\/api.w.org\/{rel}","templated":true}]}}