{"id":13,"date":"2024-04-04T03:43:51","date_gmt":"2024-04-04T00:43:51","guid":{"rendered":"https:\/\/sisu.ut.ee\/minuandmed\/sissejuhatus\/"},"modified":"2024-04-04T03:43:55","modified_gmt":"2024-04-04T00:43:55","slug":"sissejuhatus","status":"publish","type":"page","link":"https:\/\/sisu.ut.ee\/minuandmed\/sissejuhatus\/","title":{"rendered":"Sissejuhatus"},"content":{"rendered":"<p>Kus on Sinu andmed?\u00a0 Kes p\u00e4\u00e4seb nendele andmetele ligi? Kas need andmed on kaitstud h\u00e4vimise, rikkumise v\u00f5i avalikustamise eest? Need on k\u00fcsimused, millele leiame vastused selles \u00f5ppematerjalis.<\/p>\n<p><span>Selles \u00f5piobjektis k\u00e4sitleme veebi\u00f5histe andmete <strong>s\u00e4ilitamist, jagamist ja h\u00e4vitamist<\/strong> ning nendega kaasnevaid\u00a0<strong>riske<\/strong>.<\/span><\/p>\n<p><span>Kui me r\u00e4\u00e4gime <strong>veebip\u00f5histest andmetest<\/strong>, siis tuleb t\u00e4hele panna seda, et <strong>meie andmed asuvad kellegi teise arvutis<\/strong>. Mingil p\u00f5hjusel oleme me teadlikult v\u00f5i mitte nii v\u00e4ga teadlikult hakanud usaldama teist osapoolt nii palju, et me oleme andnud oma andmed teise osapoole k\u00e4tte hoiule. Kas meie otsus hakata oma andmeid hoidma <strong>pilveteenuses<\/strong> (=kellegi teises arvutis) oli teadlik ja me arvestame sellega seotud <strong>riskidega<\/strong>? Millised on andmete <strong>pilves hoidmise ohud<\/strong>? Kas pilveteenuse pakkujad hoiavad meie andmeid paremini, kui me ise suudaksime seda teha? Uurime l\u00e4hemalt, millised on v\u00f5imalused andmetest varukoopiate tegemiseks.<\/span><\/p>\n<p><span>&lt;img class=\"alignnone wp-image-23\" style=\"\" src=\"https:\/\/sisu.ut.ee\/wp-content\/uploads\/sites\/252\/er_pilt_ball-457334_1280.jpg\" title=\"Sinu andmed on oluline infovara, mida hoida <br> [val=Allikas href=https:\/\/pixabay.com\/en\/ball-about-binary-ball-hand-keep-457334\/]\u201d alt=\u201dSinu andmed on oluline infovara, mida hoida\u201d&gt;<\/span><\/p>\n<p><span>\u00a0<\/span><\/p>\n","protected":false},"excerpt":{"rendered":"<p>Kus on Sinu andmed?\u00a0 Kes p\u00e4\u00e4seb nendele andmetele ligi? Kas need andmed on kaitstud h\u00e4vimise, rikkumise v\u00f5i avalikustamise eest? Need on k\u00fcsimused, millele leiame vastused selles \u00f5ppematerjalis. Selles \u00f5piobjektis k\u00e4sitleme veebi\u00f5histe andmete s\u00e4ilitamist, jagamist ja h\u00e4vitamist ning nendega kaasnevaid\u00a0riske. Kui &#8230;<\/p>\n","protected":false},"author":6,"featured_media":0,"parent":0,"menu_order":0,"comment_status":"closed","ping_status":"closed","template":"","meta":{"_acf_changed":false,"inline_featured_image":false,"footnotes":""},"class_list":["post-13","page","type-page","status-publish","hentry"],"acf":[],"_links":{"self":[{"href":"https:\/\/sisu.ut.ee\/minuandmed\/wp-json\/wp\/v2\/pages\/13","targetHints":{"allow":["GET"]}}],"collection":[{"href":"https:\/\/sisu.ut.ee\/minuandmed\/wp-json\/wp\/v2\/pages"}],"about":[{"href":"https:\/\/sisu.ut.ee\/minuandmed\/wp-json\/wp\/v2\/types\/page"}],"author":[{"embeddable":true,"href":"https:\/\/sisu.ut.ee\/minuandmed\/wp-json\/wp\/v2\/users\/6"}],"replies":[{"embeddable":true,"href":"https:\/\/sisu.ut.ee\/minuandmed\/wp-json\/wp\/v2\/comments?post=13"}],"version-history":[{"count":1,"href":"https:\/\/sisu.ut.ee\/minuandmed\/wp-json\/wp\/v2\/pages\/13\/revisions"}],"predecessor-version":[{"id":48,"href":"https:\/\/sisu.ut.ee\/minuandmed\/wp-json\/wp\/v2\/pages\/13\/revisions\/48"}],"wp:attachment":[{"href":"https:\/\/sisu.ut.ee\/minuandmed\/wp-json\/wp\/v2\/media?parent=13"}],"curies":[{"name":"wp","href":"https:\/\/api.w.org\/{rel}","templated":true}]}}