{"id":96,"date":"2024-04-04T06:11:43","date_gmt":"2024-04-04T03:11:43","guid":{"rendered":"https:\/\/sisu.ut.ee\/mineraalid-ja-kivimid\/v2rvus\/"},"modified":"2024-04-04T06:13:04","modified_gmt":"2024-04-04T03:13:04","slug":"v2rvus","status":"publish","type":"page","link":"https:\/\/sisu.ut.ee\/mineraalid-ja-kivimid\/v2rvus\/","title":{"rendered":"V\u00e4rvus"},"content":{"rendered":"<p>\n\tV\u00e4rvus kuulub oluliste, juba palja silmaga kindlaks tehtavate omaduste hulka, kuid paraku v\u00f5ib \u00fche mineraali v\u00e4rvus varieeruda laiades piirides.\u00a0<b>Mineraali v\u00e4rvus<\/b>\u00a0on p\u00f5hjustatud mineraali l\u00e4binud v\u00f5i sellelt peegeldunud valgusvoo spektrist. Kuigi paljud mineraalid v\u00f5ivad olla erineva v\u00e4rvusega, mis v\u00f5ib kivi m\u00e4\u00e4ramisel viia eksiteele, kuulub v\u00e4rvus (v\u00e4hemalt esialgsel m\u00e4\u00e4ramisel) iseloomulike tunnuste hulka. Paljudel mineraalidel on v\u00e4rvus iseloomulikuks ja heaks tunnuseks. N\u00e4iteks on\u00a0<a data-url=\"https:\/\/sisu.ut.ee\/mineraalid-ja-kivimid\/v%C3%A4%C3%A4vel\" href=\"https:\/\/sisu.ut.ee\/mineraalid-ja-kivimid\/v%C3%A4%C3%A4vel\" target=\"_blank\" title=\"\" rel=\"noopener\">vaavel<\/a>\u00a0alati kollane,\u00a0<a data-url=\"https:\/\/sisu.ut.ee\/mineraalid-ja-kivimid\/malahhiit\" href=\"https:\/\/sisu.ut.ee\/mineraalid-ja-kivimid\/malahhiit\" target=\"_blank\" title=\"\" rel=\"noopener\">malahhiit<\/a>\u00a0roheline,\u00a0<a data-url=\"https:\/\/sisu.ut.ee\/mineraalid-ja-kivimid\/oliviin\" href=\"https:\/\/sisu.ut.ee\/mineraalid-ja-kivimid\/oliviin\" target=\"_blank\" title=\"\" rel=\"noopener\">oliviin<\/a>\u00a0rohekas, jne. P\u00fcsiva v\u00e4rvusega on ka\u00a0<a data-url=\"https:\/\/sisu.ut.ee\/mineraalid-ja-kivimid\/pyriit\" href=\"https:\/\/sisu.ut.ee\/mineraalid-ja-kivimid\/pyriit\" target=\"_blank\" title=\"\" rel=\"noopener\">p\u00fcriit<\/a>,\u00a0<a data-url=\"https:\/\/sisu.ut.ee\/mineraalid-ja-kivimid\/galeniit\" href=\"https:\/\/sisu.ut.ee\/mineraalid-ja-kivimid\/galeniit\" target=\"_blank\" title=\"\" rel=\"noopener\">galeniit<\/a>,\u00a0<a data-url=\"https:\/\/sisu.ut.ee\/mineraalid-ja-kivimid\/grafiit\" href=\"https:\/\/sisu.ut.ee\/mineraalid-ja-kivimid\/grafiit\" target=\"_blank\" title=\"\" rel=\"noopener\">grafiit<\/a>, kalkop\u00fcriit jne.\n<\/p>\n<p>\n\tMineraale jaotatakse v\u00e4rvuse j\u00e4rgi:\n<\/p>\n<ul>\n<li>\n\t\t<b>v\u00e4rvitud ehk akromaatilised<\/b>\u00a0(n\u00e4iteks teemant,\u00a0<a data-url=\"https:\/\/sisu.ut.ee\/mineraalid-ja-kivimid\/kvarts\" href=\"https:\/\/sisu.ut.ee\/mineraalid-ja-kivimid\/kvarts\" target=\"_blank\" title=\"\" rel=\"noopener\">m\u00e4ekristall<\/a>), kus valguskiir l\u00e4bib kivi, ilma et neelduks mingi kindla lainepikkusega valguslaineid;\n\t<\/li>\n<li>\n\t\t<b>idiokromaatilised<\/b>\u00a0(<a data-url=\"https:\/\/sisu.ut.ee\/mineraalid-ja-kivimid\/malahhiit\" href=\"https:\/\/sisu.ut.ee\/mineraalid-ja-kivimid\/malahhiit\" target=\"_blank\" title=\"\" rel=\"noopener\">malahhiit<\/a>,\u00a0<a data-url=\"https:\/\/sisu.ut.ee\/mineraalid-ja-kivimid\/rodo1-jpg\" href=\"https:\/\/sisu.ut.ee\/mineraalid-ja-kivimid\/rodo1-jpg\" target=\"_blank\" title=\"\" rel=\"noopener\">rodoniit<\/a>), kus v\u00e4rvus on tingitud mineraali keemilises valemis olevast elemendist (n\u00e4iteks malahhiidil vask, rodoniidil mangaan);\n\t<\/li>\n<li>\n\t\t<b>allokromaatilised<\/b>\u00a0(n\u00e4iteks\u00a0<a data-url=\"https:\/\/sisu.ut.ee\/mineraalid-ja-kivimid\/ametyst1-jpg\" href=\"https:\/\/sisu.ut.ee\/mineraalid-ja-kivimid\/ametyst1-jpg\" target=\"_blank\" title=\"\" rel=\"noopener\">amet\u00fcst<\/a>,<a data-url=\"https:\/\/sisu.ut.ee\/mineraalid-ja-kivimid\/rubiin\" href=\"https:\/\/sisu.ut.ee\/mineraalid-ja-kivimid\/rubiin\" target=\"_blank\" title=\"\" rel=\"noopener\">\u00a0rubiin<\/a>,\u00a0<a data-url=\"https:\/\/sisu.ut.ee\/mineraalid-ja-kivimid\/kaltsedon\" href=\"https:\/\/sisu.ut.ee\/mineraalid-ja-kivimid\/kaltsedon\" target=\"_blank\" title=\"\" rel=\"noopener\">kaltsedon<\/a>), kus v\u00e4rvus on tingitud mehhaanilistest lisandelementidest, v\u00f5i kristallv\u00f5re defektidest, mis keemilises valemis ei esine;\n\t<\/li>\n<li>\n\t\t<b>pseudokromaatilised<\/b>, v\u00e4rvus on p\u00f5hjustatud erinevate optiliste efektide poolt. Siia kuuluvad\u00a0<a data-url=\"https:\/\/sisu.ut.ee\/mineraalid-ja-kivimid\/irisatsioon\" href=\"https:\/\/sisu.ut.ee\/mineraalid-ja-kivimid\/irisatsioon\" target=\"_blank\" title=\"\" rel=\"noopener\">irisatsioon<\/a>,\u00a0<a data-url=\"https:\/\/sisu.ut.ee\/mineraalid-ja-kivimid\/tiigris1-jpg\" href=\"https:\/\/sisu.ut.ee\/mineraalid-ja-kivimid\/tiigris1-jpg\" target=\"_blank\" title=\"\" rel=\"noopener\">tiigri-<\/a>, kulli- ja\u00a0<a data-url=\"https:\/\/sisu.ut.ee\/mineraalid-ja-kivimid\/kassisilm1-jpg\" href=\"https:\/\/sisu.ut.ee\/mineraalid-ja-kivimid\/kassisilm1-jpg\" target=\"_blank\" title=\"\" rel=\"noopener\">kassisilmaefektid<\/a>\u00a0ja\u00a0<a data-url=\"https:\/\/sisu.ut.ee\/mineraalid-ja-kivimid\/opaal1-jpg\" href=\"https:\/\/sisu.ut.ee\/mineraalid-ja-kivimid\/opaal1-jpg\" target=\"_blank\" title=\"\" rel=\"noopener\">opalestsents<\/a>\u00a0(k\u00fc\u00fctlemine, siramine).\n\t<\/li>\n<\/ul>\n<p>\n\t\u00a0\n<\/p>\n<h4>\n\t<b>Kriipsu v\u00e4rvus<\/b><br>\n<\/h4>\n<p>\n\t<b>Kriipsu v\u00e4rvuseks<\/b>\u00a0nimetatakse mineraali pulbri v\u00e4rvust, mis saadakse mineraali h\u00f5\u00f5rumisel vastu mati pinnaga glasuurita portselantahvlit v\u00f5i selle kriimustamisel k\u00f5va esemega. Kriipsu v\u00e4rvus v\u00f5ib \u00fchtida kivi v\u00e4rvusega, aga v\u00f5ib viimasest t\u00e4ielikult erineda. N\u00e4iteks\u00a0<a data-url=\"https:\/\/sisu.ut.ee\/mineraalid-ja-kivimid\/pyriit\" href=\"https:\/\/sisu.ut.ee\/mineraalid-ja-kivimid\/pyriit\" target=\"_blank\" title=\"\" rel=\"noopener\">p\u00fcriidi<\/a>\u00a0kriips on must,\u00a0<a data-url=\"https:\/\/sisu.ut.ee\/mineraalid-ja-kivimid\/hematiit\" href=\"https:\/\/sisu.ut.ee\/mineraalid-ja-kivimid\/hematiit\" target=\"_blank\" title=\"\" rel=\"noopener\">hematiidil<\/a>\u00a0kirsipunane. V\u00e4rvitute kivide kriipsu v\u00e4rvus on reeglina valge v\u00f5i hele. Kuna portselantahvli k\u00f5vadus on ligikaudu 6, siis j\u00e4tavad sellele kriipsu vaid v\u00e4iksema k\u00f5vadusega mineraalid.<\/p>\n","protected":false},"excerpt":{"rendered":"<p>V\u00e4rvus kuulub oluliste, juba palja silmaga kindlaks tehtavate omaduste hulka, kuid paraku v\u00f5ib \u00fche mineraali v\u00e4rvus varieeruda laiades piirides.\u00a0Mineraali v\u00e4rvus\u00a0on p\u00f5hjustatud mineraali l\u00e4binud v\u00f5i sellelt peegeldunud valgusvoo spektrist. Kuigi paljud mineraalid v\u00f5ivad olla erineva v\u00e4rvusega, mis v\u00f5ib kivi m\u00e4\u00e4ramisel viia &#8230;<\/p>\n","protected":false},"author":226,"featured_media":0,"parent":0,"menu_order":0,"comment_status":"closed","ping_status":"closed","template":"","meta":{"_acf_changed":false,"inline_featured_image":false,"footnotes":""},"class_list":["post-96","page","type-page","status-publish","hentry"],"acf":[],"_links":{"self":[{"href":"https:\/\/sisu.ut.ee\/mineraalid-ja-kivimid\/wp-json\/wp\/v2\/pages\/96","targetHints":{"allow":["GET"]}}],"collection":[{"href":"https:\/\/sisu.ut.ee\/mineraalid-ja-kivimid\/wp-json\/wp\/v2\/pages"}],"about":[{"href":"https:\/\/sisu.ut.ee\/mineraalid-ja-kivimid\/wp-json\/wp\/v2\/types\/page"}],"author":[{"embeddable":true,"href":"https:\/\/sisu.ut.ee\/mineraalid-ja-kivimid\/wp-json\/wp\/v2\/users\/226"}],"replies":[{"embeddable":true,"href":"https:\/\/sisu.ut.ee\/mineraalid-ja-kivimid\/wp-json\/wp\/v2\/comments?post=96"}],"version-history":[{"count":1,"href":"https:\/\/sisu.ut.ee\/mineraalid-ja-kivimid\/wp-json\/wp\/v2\/pages\/96\/revisions"}],"predecessor-version":[{"id":763,"href":"https:\/\/sisu.ut.ee\/mineraalid-ja-kivimid\/wp-json\/wp\/v2\/pages\/96\/revisions\/763"}],"wp:attachment":[{"href":"https:\/\/sisu.ut.ee\/mineraalid-ja-kivimid\/wp-json\/wp\/v2\/media?parent=96"}],"curies":[{"name":"wp","href":"https:\/\/api.w.org\/{rel}","templated":true}]}}